{"id":3134,"date":"2019-05-27T14:14:29","date_gmt":"2019-05-27T14:14:29","guid":{"rendered":"https:\/\/visitantes.auger.org.ar\/?page_id=3134"},"modified":"2022-06-06T19:39:39","modified_gmt":"2022-06-06T19:39:39","slug":"feria-de-ciencias-auger-2019","status":"publish","type":"page","link":"https:\/\/visitantes.auger.org.ar\/index.php\/feria-de-ciencias-auger-2019\/","title":{"rendered":"Feria de Ciencias Auger 2019"},"content":{"rendered":"\n<p><\/p>\n\n\n<p><b><img decoding=\"async\" class=\"alignnone size-medium wp-image-3145\" src=\"https:\/\/visitantes.auger.org.ar\/wp-content\/uploads\/2019\/05\/LOGO-FERIA-DE-CIENCIAS-2019-red2-300x150.jpg\" alt=\"\" width=\"300\" height=\"150\" srcset=\"https:\/\/visitantes.auger.org.ar\/wp-content\/uploads\/2019\/05\/LOGO-FERIA-DE-CIENCIAS-2019-red2-300x150.jpg 300w, https:\/\/visitantes.auger.org.ar\/wp-content\/uploads\/2019\/05\/LOGO-FERIA-DE-CIENCIAS-2019-red2-768x385.jpg 768w, https:\/\/visitantes.auger.org.ar\/wp-content\/uploads\/2019\/05\/LOGO-FERIA-DE-CIENCIAS-2019-red2-1024x513.jpg 1024w, https:\/\/visitantes.auger.org.ar\/wp-content\/uploads\/2019\/05\/LOGO-FERIA-DE-CIENCIAS-2019-red2-260x130.jpg 260w, https:\/\/visitantes.auger.org.ar\/wp-content\/uploads\/2019\/05\/LOGO-FERIA-DE-CIENCIAS-2019-red2-50x25.jpg 50w, https:\/\/visitantes.auger.org.ar\/wp-content\/uploads\/2019\/05\/LOGO-FERIA-DE-CIENCIAS-2019-red2-150x75.jpg 150w, https:\/\/visitantes.auger.org.ar\/wp-content\/uploads\/2019\/05\/LOGO-FERIA-DE-CIENCIAS-2019-red2.jpg 1600w\" sizes=\"(max-width: 300px) 100vw, 300px\" \/><\/b><\/p>\n<h3><b>7\u00b0 FERIA DE CIENCIAS DEL OBSERVATORIO PIERRE AUGER <\/b><\/h3>\n<p><span style=\"color: #0000ff;\"><i>&#8220;La imaginaci\u00f3n frecuentemente nos llevar\u00e1 a mundos que jam\u00e1s fueron.&nbsp; <\/i><i>Pero sin ella, no iremos a ning\u00fan lado&#8221;&nbsp; <\/i><i>Carl Sagan<\/i><\/span><\/p>\n<p><strong>Declarada de Inter\u00e9s por la Honrable C\u00e1mara de Diputados de la Provincia de Mendoza (Resoluci\u00f3n 425)<\/strong><\/p>\n<p>La Feria de Ciencias del Observatorio Pierre Auger tiene por fin brindar un espacio en el que les estudiantes puedan mostrar sus habilidades en investigaci\u00f3n y su comprensi\u00f3n para lograr nuevos conocimientos mediante el&nbsp;m\u00e9todo cient\u00edfico.<\/p>\n<p>Para ello, no s\u00f3lo podr\u00e1n exponer sus trabajos desarrollados junto con sus compa\u00f1eros bajo la gu\u00eda de sus docentes, sino que tambi\u00e9n compartir\u00e1n sus experiencias en un \u00e1mbito donde se los orientar\u00e1 en la manera en que la Ciencia progresa, alentando el intercambio con los expositores &nbsp;y con los investigadores del Observatorio Pierre Auger.<\/p>\n<hr>\n<h3 style=\"text-align: center;\"><span style=\"color: #0000ff;\">19 de Noviembre de 2019<\/span><\/h3>\n<h5 style=\"text-align: center;\">Durante los dias 14 y 15 de noviembre de 2019 se desarroll\u00f3 con todo \u00e9xito la Feria de Ciencias&nbsp; del Observatorio Pierre Auger<\/h5>\n<h5 style=\"text-align: center;\">Agradecemos a los participantes, jurados, staff del Observatorio, colaborradores de CNEA, ITeDA y UTN-FRM quienes fueron los protagonistas de este evento, que marc\u00f3 un punto de inflexi\u00f3n en la comunicaci\u00f3n de la ciencia con el p\u00fablico desde el Observatorio.<\/h5>\n<h6 style=\"text-align: center;\">En el transcurso de los d\u00edas, iremos dando a conocer los proyectos presentados y compartiremos las conclusiones de la Feria.<\/h6>\n<h5 style=\"text-align: center;\">Deseamos dar la GRACIAS a todos, augurarles un futuro promisorio en el camino de comprender el funcionamiento de la naturaleza e invitarlos para la VIII Feria.<\/h5>\n<h4 style=\"text-align: center;\"><span style=\"color: #0000ff;\"><em><strong>Hasta noviembre de 2021!<\/strong><\/em><\/span><\/h4>\n<p><b><img fetchpriority=\"high\" decoding=\"async\" class=\"aligncenter wp-image-3376 size-large\" src=\"https:\/\/visitantes.auger.org.ar\/wp-content\/uploads\/2019\/11\/DSC_7945-1024x683.jpg\" alt=\"\" width=\"1024\" height=\"683\" srcset=\"https:\/\/visitantes.auger.org.ar\/wp-content\/uploads\/2019\/11\/DSC_7945-1024x683.jpg 1024w, https:\/\/visitantes.auger.org.ar\/wp-content\/uploads\/2019\/11\/DSC_7945-300x200.jpg 300w, https:\/\/visitantes.auger.org.ar\/wp-content\/uploads\/2019\/11\/DSC_7945-768x512.jpg 768w, https:\/\/visitantes.auger.org.ar\/wp-content\/uploads\/2019\/11\/DSC_7945-219x146.jpg 219w, https:\/\/visitantes.auger.org.ar\/wp-content\/uploads\/2019\/11\/DSC_7945-50x33.jpg 50w, https:\/\/visitantes.auger.org.ar\/wp-content\/uploads\/2019\/11\/DSC_7945-113x75.jpg 113w, https:\/\/visitantes.auger.org.ar\/wp-content\/uploads\/2019\/11\/DSC_7945.jpg 1600w\" sizes=\"(max-width: 1024px) 100vw, 1024px\" \/><\/b><\/p>\n<p style=\"text-align: center;\">Foto: Mariel Cayl\u00e1, Prensa CNEA<\/p>\n<h3 style=\"text-align: center;\">Galer\u00eda de im\u00e1genes<span style=\"color: #0000ff;\"> <a style=\"color: #0000ff;\" href=\"https:\/\/drive.google.com\/open?id=1DYL_MaQcZXiqOieg_dep9hSqi5k4erXU\">AQU\u00cd<\/a><\/span><\/h3>\n<p>&#8212;&#8212;&#8212;&#8212;&#8212;&#8212;&#8212;&#8212;&#8212;&#8212;&#8212;&#8212;&#8212;&#8212;&#8212;&#8212;&#8212;&#8212;&#8212;&#8212;&#8212;&#8212;&#8212;&#8212;&#8212;&#8212;&#8212;&#8212;&#8212;&#8212;&#8212;&#8212;&#8212;&#8212;<\/p>\n<h4 style=\"text-align: center;\">26 de septiembre de 2019<\/h4>\n<h5 style=\"text-align: center;\">Los organizadores de la Feria agradecen las donaciones recibidas, que ser\u00e1n destinadas a los reconocimientos que se entregar\u00e1n a los participantes. Por ello, a:<\/h5>\n<table dir=\"ltr\" style=\"height: 220px;\" width=\"500\" cellspacing=\"0\" cellpadding=\"0\" border=\"1\">\n<tbody>\n<tr>\n<td style=\"text-align: center;\">\n<h5><span style=\"color: #000080;\">Sijbrand Snow<\/span><\/h5>\n<\/td>\n<\/tr>\n<tr>\n<td style=\"text-align: center;\">\n<h5><span style=\"color: #000080;\">Marcus Niechciol<\/span><\/h5>\n<\/td>\n<\/tr>\n<tr>\n<td style=\"text-align: center;\">\n<h5><span style=\"color: #000080;\">Charles Timmermans<\/span><\/h5>\n<\/td>\n<\/tr>\n<tr>\n<td style=\"text-align: center;\">\n<h5><span style=\"color: #000080;\">Bartol Research Institute, Department of Physics and Astronomy, <\/span><span style=\"color: #000080;\">University of Delaware<\/span><\/h5>\n<\/td>\n<\/tr>\n<\/tbody>\n<\/table>\n<h4 style=\"text-align: center;\"><strong>Muchas Gracias!<\/strong><\/h4>\n<hr>\n<h4 style=\"text-align: center;\">11 de junio de 2019<\/h4>\n<h5 style=\"text-align: center;\">Se realiz\u00f3 la conferencia de prensa anunciando la 7a Feria de Ciencias el Observatorio Auger<\/h5>\n<p style=\"text-align: center;\"><span style=\"font-family: Times New Roman, serif;\"><span style=\"font-size: medium;\"><b><span lang=\"en-US\">&nbsp; <img decoding=\"async\" class=\"alignnone wp-image-3172 size-medium\" src=\"https:\/\/visitantes.auger.org.ar\/wp-content\/uploads\/2019\/06\/IMG_8488-300x200.jpg\" alt=\"\" width=\"300\" height=\"200\" srcset=\"https:\/\/visitantes.auger.org.ar\/wp-content\/uploads\/2019\/06\/IMG_8488-300x200.jpg 300w, https:\/\/visitantes.auger.org.ar\/wp-content\/uploads\/2019\/06\/IMG_8488-768x512.jpg 768w, https:\/\/visitantes.auger.org.ar\/wp-content\/uploads\/2019\/06\/IMG_8488-1024x682.jpg 1024w, https:\/\/visitantes.auger.org.ar\/wp-content\/uploads\/2019\/06\/IMG_8488-219x146.jpg 219w, https:\/\/visitantes.auger.org.ar\/wp-content\/uploads\/2019\/06\/IMG_8488-50x33.jpg 50w, https:\/\/visitantes.auger.org.ar\/wp-content\/uploads\/2019\/06\/IMG_8488-113x75.jpg 113w, https:\/\/visitantes.auger.org.ar\/wp-content\/uploads\/2019\/06\/IMG_8488.jpg 1600w\" sizes=\"(max-width: 300px) 100vw, 300px\" \/>&nbsp;&nbsp;&nbsp; <img loading=\"lazy\" decoding=\"async\" class=\"alignnone size-medium wp-image-3173\" src=\"https:\/\/visitantes.auger.org.ar\/wp-content\/uploads\/2019\/06\/IMG_8502-300x200.jpg\" alt=\"\" width=\"300\" height=\"200\" srcset=\"https:\/\/visitantes.auger.org.ar\/wp-content\/uploads\/2019\/06\/IMG_8502-300x200.jpg 300w, https:\/\/visitantes.auger.org.ar\/wp-content\/uploads\/2019\/06\/IMG_8502-768x512.jpg 768w, https:\/\/visitantes.auger.org.ar\/wp-content\/uploads\/2019\/06\/IMG_8502-1024x682.jpg 1024w, https:\/\/visitantes.auger.org.ar\/wp-content\/uploads\/2019\/06\/IMG_8502-219x146.jpg 219w, https:\/\/visitantes.auger.org.ar\/wp-content\/uploads\/2019\/06\/IMG_8502-50x33.jpg 50w, https:\/\/visitantes.auger.org.ar\/wp-content\/uploads\/2019\/06\/IMG_8502-113x75.jpg 113w, https:\/\/visitantes.auger.org.ar\/wp-content\/uploads\/2019\/06\/IMG_8502.jpg 1600w\" sizes=\"(max-width: 300px) 100vw, 300px\" \/><\/span><\/b><\/span><\/span><\/p>\n<h5 style=\"text-align: center;\">Mas info en: <a href=\"https:\/\/www.malargueadiario.com\/se-abrio-la-convocatoria-para-la-7-edicion-de-la-feria-de-ciencias-del-observatorio-pierre-auger\/\">Malargueadiario<\/a><\/h5>\n<h4>&nbsp;<\/h4>\n<h4><strong>Qui\u00e9nes pueden participar?<\/strong><\/h4>\n<p>Todos les estudiantes de las escuelas de todo el pa\u00eds, tanto del nivel primario y secundario, como tambi\u00e9n las categor\u00edas de educaci\u00f3n de adultos (CENS y CEBJA) y educaci\u00f3n especial.<\/p>\n<p>La inscripci\u00f3n a la Feria de Ciencias es libre y gratuita.<\/p>\n<h4><b>Categor\u00edas y ejes tem\u00e1ticos <\/b><\/h4>\n<p><em><strong>Categor\u00edas:<\/strong><\/em><\/p>\n<ul>\n<li>Ciencias Naturales<\/li>\n<li>Ciencias Exactas<\/li>\n<li>Tecnolog\u00eda<\/li>\n<li>Arte y Ciencia<\/li>\n<\/ul>\n<p><strong><em>Ejes Tem\u00e1ticos<\/em><\/strong><\/p>\n<ol>\n<li>\n<p class=\"western\"><span style=\"color: #000000;\"><span lang=\"es-AR\">El 20<\/span><\/span><span style=\"color: #000000;\"><sup><span lang=\"es-AR\">o <\/span><\/sup><\/span><span style=\"color: #000000;\"><span lang=\"es-AR\">aniversario del Observatorio Pierre Auger.<\/span><\/span><\/p>\n<\/li>\n<li>\n<p class=\"western\"><span style=\"color: #000000;\"><span lang=\"es-AR\">El centenario de la Uni\u00f3n Astron\u00f3mica Internacional (UAI)<\/span><\/span><\/p>\n<\/li>\n<li>\n<p class=\"western\"><span style=\"color: #000000;\"><span lang=\"es-AR\">El 50<\/span><\/span><span style=\"color: #000000;\"><sup><span lang=\"es-AR\">o<\/span><\/sup><\/span><span style=\"color: #000000;\"><span lang=\"es-AR\"> aniversario del primer alunizaje.<\/span><\/span><\/p>\n<\/li>\n<li>\n<p class=\"western\"><span style=\"color: #000000;\"><span lang=\"es-AR\">El A\u00f1o Internacional de la Tabla Peri\u00f3dica de los Elementos.<\/span><\/span><\/p>\n<\/li>\n<li>\n<p class=\"western\"><span style=\"color: #000000;\"><span lang=\"es-AR\">El centenario del hist\u00f3rico eclipse de 1919, a partir del cual se corrobor\u00f3 la primera predicci\u00f3n de la Relatividad General.<\/span><\/span><\/p>\n<\/li>\n<li>\n<p class=\"western\"><a name=\"_GoBack1111\"><\/a> <span style=\"color: #000000;\"><span lang=\"es-AR\">El eclipse total de Sol, del 2 de julio de 2019.<\/span><\/span><\/p>\n<\/li>\n<li>\n<p class=\"western\"><span style=\"color: #000000;\"><span lang=\"es-AR\">La campa\u00f1a global para reducir la contaminaci\u00f3n lum\u00ednica, apoyada por la UAI.<\/span><\/span><\/p>\n<\/li>\n<li>\n<p class=\"western\"><span style=\"color: #000000;\"><span lang=\"es-AR\">El A\u00f1o Internacional de las Lenguas Abor\u00edgenes.<\/span><\/span><\/p>\n<\/li>\n<li>\n<p class=\"western\"><span style=\"color: #000000;\"><span lang=\"es-AR\">Las mujeres cient\u00edficas: astronom\u00eda para la igualdad y la inclusi\u00f3n<\/span><\/span><span style=\"color: #ff0000;\"><span lang=\"es-AR\">.<\/span><\/span><\/p>\n<\/li>\n<\/ol>\n<h4><strong><span lang=\"en-US\">Lugar y Fecha<\/span><\/strong><b><span lang=\"en-US\"><br><\/span><\/b><\/h4>\n<p class=\"western\" align=\"justify\"><span style=\"color: #0000ff; font-size: 13pt;\">La 7\u00b0 edici\u00f3n de la Feria de Ciencias del Observatorio Pierre Auger se llevar\u00e1 a cabo los d\u00edas 14 y 15 de noviembre de 2019, con stands preparados en el Edificio del Observatorio Pierre Auger, en Malarg\u00fce.<\/span><\/p>\n<h4>Ver ubicaci\u00f3n [<a href=\"https:\/\/goo.gl\/maps\/bTagMesC2XJYSxBS9\"><span style=\"color: #0000ff;\">AQU\u00cd<\/span><\/a>]<\/h4>\n<h4>Gacetilla de Prensa 2019 [<a href=\"https:\/\/visitantes.auger.org.ar\/wp-content\/uploads\/2019\/07\/Gacetilla-de-Prensa-FC19-11-Junio-2019.pdf\"><span style=\"color: #0000ff;\">AQU\u00cd<\/span><\/a>]<\/h4>\n<h4>Descargar las bases y condiciones para participar&nbsp; 2019 [<a href=\"https:\/\/visitantes.auger.org.ar\/wp-content\/uploads\/2019\/06\/ObservatorioPierreAuger-PautasFeria-de-Ciencias-2019-FINAL-inc.pdf\"><span style=\"color: #0000ff;\">AQU\u00cd<\/span><\/a>]<\/h4>\n<h4>Descargar Reglamento de la Feria de Ciencias 2019 [<a href=\"https:\/\/visitantes.auger.org.ar\/wp-content\/uploads\/2019\/07\/REGLAMENTO-FERIA-CIENCIAS-2019-PAO-FINAL2-inc.pdf\"><span style=\"color: #0000ff;\">AQU\u00cd<\/span><\/a>]<\/h4>\n<h4><strong>Descargar Afiche [<span style=\"color: #0000ff;\"><a style=\"color: #0000ff;\" href=\"https:\/\/visitantes.auger.org.ar\/wp-content\/uploads\/2019\/08\/afiche-Feria-de-ciencias2019-web.jpg\">AQU\u00cd<\/a><\/span>]<\/strong><\/h4>\n<h5>CONTACTO: feria@auger.org.ar<\/h5>","protected":false},"excerpt":{"rendered":"<p>7\u00b0 FERIA DE CIENCIAS DEL OBSERVATORIO PIERRE AUGER &#8220;La imaginaci\u00f3n frecuentemente nos llevar\u00e1 a mundos que jam\u00e1s fueron.&nbsp; Pero sin ella, no iremos a ning\u00fan lado&#8221;&nbsp; Carl Sagan Declarada de Inter\u00e9s por la Honrable C\u00e1mara de Diputados de la Provincia de Mendoza (Resoluci\u00f3n 425) La Feria de Ciencias del Observatorio Pierre Auger tiene por fin [&hellip;]<\/p>\n","protected":false},"author":6,"featured_media":0,"parent":0,"menu_order":0,"comment_status":"closed","ping_status":"closed","template":"","meta":{"footnotes":""},"class_list":["post-3134","page","type-page","status-publish","hentry"],"jetpack_sharing_enabled":true,"rttpg_featured_image_url":null,"rttpg_author":{"display_name":"Beatriz Garcia","author_link":"https:\/\/visitantes.auger.org.ar\/index.php\/author\/beatriz\/"},"rttpg_comment":0,"rttpg_category":null,"rttpg_excerpt":"7\u00b0 FERIA DE CIENCIAS DEL OBSERVATORIO PIERRE AUGER &#8220;La imaginaci\u00f3n frecuentemente nos llevar\u00e1 a mundos que jam\u00e1s fueron.&nbsp; Pero sin ella, no iremos a ning\u00fan lado&#8221;&nbsp; Carl Sagan Declarada de Inter\u00e9s por la Honrable C\u00e1mara de Diputados de la Provincia de Mendoza (Resoluci\u00f3n 425) La Feria de Ciencias del Observatorio Pierre Auger tiene por fin&hellip;","_links":{"self":[{"href":"https:\/\/visitantes.auger.org.ar\/index.php\/wp-json\/wp\/v2\/pages\/3134","targetHints":{"allow":["GET"]}}],"collection":[{"href":"https:\/\/visitantes.auger.org.ar\/index.php\/wp-json\/wp\/v2\/pages"}],"about":[{"href":"https:\/\/visitantes.auger.org.ar\/index.php\/wp-json\/wp\/v2\/types\/page"}],"author":[{"embeddable":true,"href":"https:\/\/visitantes.auger.org.ar\/index.php\/wp-json\/wp\/v2\/users\/6"}],"replies":[{"embeddable":true,"href":"https:\/\/visitantes.auger.org.ar\/index.php\/wp-json\/wp\/v2\/comments?post=3134"}],"version-history":[{"count":63,"href":"https:\/\/visitantes.auger.org.ar\/index.php\/wp-json\/wp\/v2\/pages\/3134\/revisions"}],"predecessor-version":[{"id":3878,"href":"https:\/\/visitantes.auger.org.ar\/index.php\/wp-json\/wp\/v2\/pages\/3134\/revisions\/3878"}],"wp:attachment":[{"href":"https:\/\/visitantes.auger.org.ar\/index.php\/wp-json\/wp\/v2\/media?parent=3134"}],"curies":[{"name":"wp","href":"https:\/\/api.w.org\/{rel}","templated":true}]}}