{"id":3879,"date":"2022-06-06T16:37:04","date_gmt":"2022-06-06T16:37:04","guid":{"rendered":"https:\/\/visitantes.auger.org.ar\/?page_id=3879"},"modified":"2024-07-17T09:22:52","modified_gmt":"2024-07-17T12:22:52","slug":"feria-de-ciencias-auger-2022","status":"publish","type":"page","link":"https:\/\/visitantes.auger.org.ar\/index.php\/feria-de-ciencias-auger-2022\/","title":{"rendered":"Feria de Ciencias Auger 2022"},"content":{"rendered":"\t\t<div data-elementor-type=\"wp-page\" data-elementor-id=\"3879\" class=\"elementor elementor-3879\">\n\t\t\t\t\t\t<section class=\"elementor-section elementor-top-section elementor-element elementor-element-5291f40e elementor-section-full_width elementor-section-height-min-height elementor-section-height-default elementor-section-items-middle\" data-id=\"5291f40e\" data-element_type=\"section\" data-e-type=\"section\" data-settings=\"{&quot;background_background&quot;:&quot;classic&quot;}\">\n\t\t\t\t\t\t\t<div class=\"elementor-background-overlay\"><\/div>\n\t\t\t\t\t\t\t<div class=\"elementor-container elementor-column-gap-default\">\n\t\t\t\t\t<div class=\"elementor-column elementor-col-100 elementor-top-column elementor-element elementor-element-7cfda286\" data-id=\"7cfda286\" data-element_type=\"column\" data-e-type=\"column\">\n\t\t\t<div class=\"elementor-widget-wrap elementor-element-populated\">\n\t\t\t\t\t\t<div class=\"elementor-element elementor-element-59c661cd elementor-widget elementor-widget-heading\" data-id=\"59c661cd\" data-element_type=\"widget\" data-e-type=\"widget\" data-widget_type=\"heading.default\">\n\t\t\t\t<div class=\"elementor-widget-container\">\n\t\t\t\t\t<h2 class=\"elementor-heading-title elementor-size-default\">FERIA DE CIENCIAS AUGER 2022<\/h2>\t\t\t\t<\/div>\n\t\t\t\t<\/div>\n\t\t\t\t\t<\/div>\n\t\t<\/div>\n\t\t\t\t\t<\/div>\n\t\t<\/section>\n\t\t\t\t<section class=\"elementor-section elementor-top-section elementor-element elementor-element-9289423 elementor-section-boxed elementor-section-height-default elementor-section-height-default\" data-id=\"9289423\" data-element_type=\"section\" data-e-type=\"section\">\n\t\t\t\t\t\t<div class=\"elementor-container elementor-column-gap-default\">\n\t\t\t\t\t<div class=\"elementor-column elementor-col-100 elementor-top-column elementor-element elementor-element-f33264b\" data-id=\"f33264b\" data-element_type=\"column\" data-e-type=\"column\">\n\t\t\t<div class=\"elementor-widget-wrap elementor-element-populated\">\n\t\t\t\t\t\t<div class=\"elementor-element elementor-element-5a9e931 elementor-widget elementor-widget-text-editor\" data-id=\"5a9e931\" data-element_type=\"widget\" data-e-type=\"widget\" data-widget_type=\"text-editor.default\">\n\t\t\t\t<div class=\"elementor-widget-container\">\n\t\t\t\t\t\t\t\t\t<h4 style=\"text-align: center;\"><span style=\"color: #993366;\"><span style=\"text-decoration: underline;\"><strong>Entre los d\u00edas 15 y 17 de noviembre de 2022 se desarroll\u00f3 la <\/strong><\/span>8<sup><span style=\"font-size: large;\"><strong>a <\/strong><\/span><\/sup><span style=\"text-decoration: underline;\"><strong>exhibici\u00f3n de ciencias en el Observatorio Pierre Auger<\/strong><\/span><\/span><\/h4>\t\t\t\t\t\t\t\t<\/div>\n\t\t\t\t<\/div>\n\t\t\t\t\t<\/div>\n\t\t<\/div>\n\t\t\t\t\t<\/div>\n\t\t<\/section>\n\t\t\t\t<section class=\"elementor-section elementor-top-section elementor-element elementor-element-6b0af9d elementor-section-boxed elementor-section-height-default elementor-section-height-default\" data-id=\"6b0af9d\" data-element_type=\"section\" data-e-type=\"section\">\n\t\t\t\t\t\t<div class=\"elementor-container elementor-column-gap-default\">\n\t\t\t\t\t<div class=\"elementor-column elementor-col-50 elementor-top-column elementor-element elementor-element-e39460c\" data-id=\"e39460c\" data-element_type=\"column\" data-e-type=\"column\">\n\t\t\t<div class=\"elementor-widget-wrap elementor-element-populated\">\n\t\t\t\t\t\t<div class=\"elementor-element elementor-element-b57b9dc elementor-widget elementor-widget-text-editor\" data-id=\"b57b9dc\" data-element_type=\"widget\" data-e-type=\"widget\" data-widget_type=\"text-editor.default\">\n\t\t\t\t<div class=\"elementor-widget-container\">\n\t\t\t\t\t\t\t\t\t<p><span lang=\"es\" style=\"color: #000000;\">La Feria de las Ciencias 2022 fue todo un \u00e9xito. Se presentaron 21 proyectos, de Mendoza, BsAs, Santa Fe, San Juan, Rio Negro y de todos los niveles de la educaci\u00f3n: primaria, secundaria, t\u00e9cnica y educaci\u00f3n de adultos. Como la Feria estuvo dedicada a los Objetivos de la ONU para el Desarrollo Sostenible, los temas cubrieron un amplio espectro y los asistentes disfrutaron de un enfoque diferente en la propuesta de Auger para la exposici\u00f3n.<\/span><\/p>\n<p>M\u00e1s de 600 personas visitaron la muestra que asegur\u00f3 lazos perdurables entre los asistentes.<\/p>\n<p>\u00a0<\/p>\t\t\t\t\t\t\t\t<\/div>\n\t\t\t\t<\/div>\n\t\t\t\t\t<\/div>\n\t\t<\/div>\n\t\t\t\t<div class=\"elementor-column elementor-col-50 elementor-top-column elementor-element elementor-element-deb319d\" data-id=\"deb319d\" data-element_type=\"column\" data-e-type=\"column\">\n\t\t\t<div class=\"elementor-widget-wrap elementor-element-populated\">\n\t\t\t\t\t\t<div class=\"elementor-element elementor-element-3553ec3 elementor-widget elementor-widget-image\" data-id=\"3553ec3\" data-element_type=\"widget\" data-e-type=\"widget\" data-widget_type=\"image.default\">\n\t\t\t\t<div class=\"elementor-widget-container\">\n\t\t\t\t\t\t\t\t\t\t\t\t\t\t\t<img fetchpriority=\"high\" decoding=\"async\" width=\"768\" height=\"461\" src=\"https:\/\/visitantes.auger.org.ar\/wp-content\/uploads\/2023\/01\/17-768x461.jpg\" class=\"attachment-medium_large size-medium_large wp-image-4546\" alt=\"\" srcset=\"https:\/\/visitantes.auger.org.ar\/wp-content\/uploads\/2023\/01\/17-768x461.jpg 768w, https:\/\/visitantes.auger.org.ar\/wp-content\/uploads\/2023\/01\/17-300x180.jpg 300w, https:\/\/visitantes.auger.org.ar\/wp-content\/uploads\/2023\/01\/17-1024x614.jpg 1024w, https:\/\/visitantes.auger.org.ar\/wp-content\/uploads\/2023\/01\/17-1536x922.jpg 1536w, https:\/\/visitantes.auger.org.ar\/wp-content\/uploads\/2023\/01\/17-2048x1229.jpg 2048w, https:\/\/visitantes.auger.org.ar\/wp-content\/uploads\/2023\/01\/17-243x146.jpg 243w, https:\/\/visitantes.auger.org.ar\/wp-content\/uploads\/2023\/01\/17-50x30.jpg 50w, https:\/\/visitantes.auger.org.ar\/wp-content\/uploads\/2023\/01\/17-125x75.jpg 125w, https:\/\/visitantes.auger.org.ar\/wp-content\/uploads\/2023\/01\/17-scaled.jpg 1600w\" sizes=\"(max-width: 768px) 100vw, 768px\" \/>\t\t\t\t\t\t\t\t\t\t\t\t\t\t\t<\/div>\n\t\t\t\t<\/div>\n\t\t\t\t\t<\/div>\n\t\t<\/div>\n\t\t\t\t\t<\/div>\n\t\t<\/section>\n\t\t\t\t<section class=\"elementor-section elementor-top-section elementor-element elementor-element-914b26f elementor-section-boxed elementor-section-height-default elementor-section-height-default\" data-id=\"914b26f\" data-element_type=\"section\" data-e-type=\"section\">\n\t\t\t\t\t\t<div class=\"elementor-container elementor-column-gap-default\">\n\t\t\t\t\t<div class=\"elementor-column elementor-col-50 elementor-top-column elementor-element elementor-element-b356ff3\" data-id=\"b356ff3\" data-element_type=\"column\" data-e-type=\"column\">\n\t\t\t<div class=\"elementor-widget-wrap elementor-element-populated\">\n\t\t\t\t\t\t<div class=\"elementor-element elementor-element-101a3d5 elementor-widget elementor-widget-image\" data-id=\"101a3d5\" data-element_type=\"widget\" data-e-type=\"widget\" data-widget_type=\"image.default\">\n\t\t\t\t<div class=\"elementor-widget-container\">\n\t\t\t\t\t\t\t\t\t\t\t\t\t\t\t<img decoding=\"async\" width=\"800\" height=\"389\" src=\"https:\/\/visitantes.auger.org.ar\/wp-content\/uploads\/2023\/01\/20221117_101136-1024x498.jpg\" class=\"attachment-large size-large wp-image-4555\" alt=\"\" srcset=\"https:\/\/visitantes.auger.org.ar\/wp-content\/uploads\/2023\/01\/20221117_101136-1024x498.jpg 1024w, https:\/\/visitantes.auger.org.ar\/wp-content\/uploads\/2023\/01\/20221117_101136-300x146.jpg 300w, https:\/\/visitantes.auger.org.ar\/wp-content\/uploads\/2023\/01\/20221117_101136-768x373.jpg 768w, https:\/\/visitantes.auger.org.ar\/wp-content\/uploads\/2023\/01\/20221117_101136-1536x747.jpg 1536w, https:\/\/visitantes.auger.org.ar\/wp-content\/uploads\/2023\/01\/20221117_101136-2048x996.jpg 2048w, https:\/\/visitantes.auger.org.ar\/wp-content\/uploads\/2023\/01\/20221117_101136-260x126.jpg 260w, https:\/\/visitantes.auger.org.ar\/wp-content\/uploads\/2023\/01\/20221117_101136-50x24.jpg 50w, https:\/\/visitantes.auger.org.ar\/wp-content\/uploads\/2023\/01\/20221117_101136-150x73.jpg 150w, https:\/\/visitantes.auger.org.ar\/wp-content\/uploads\/2023\/01\/20221117_101136-scaled.jpg 1600w\" sizes=\"(max-width: 800px) 100vw, 800px\" \/>\t\t\t\t\t\t\t\t\t\t\t\t\t\t\t<\/div>\n\t\t\t\t<\/div>\n\t\t\t\t\t<\/div>\n\t\t<\/div>\n\t\t\t\t<div class=\"elementor-column elementor-col-50 elementor-top-column elementor-element elementor-element-8d702c6\" data-id=\"8d702c6\" data-element_type=\"column\" data-e-type=\"column\">\n\t\t\t<div class=\"elementor-widget-wrap elementor-element-populated\">\n\t\t\t\t\t\t<div class=\"elementor-element elementor-element-14819e7 elementor-widget elementor-widget-text-editor\" data-id=\"14819e7\" data-element_type=\"widget\" data-e-type=\"widget\" data-widget_type=\"text-editor.default\">\n\t\t\t\t<div class=\"elementor-widget-container\">\n\t\t\t\t\t\t\t\t\t<h4>\u00a0<\/h4>\n<h4><strong>GALER\u00cdAS DE FOTOS<\/strong><\/h4>\n<ol>\n<li>\n<h4><a href=\"https:\/\/photos.app.goo.gl\/dXzYjBAhW7vyp5uy9\"><span style=\"color: #0000ff;\">Pierre Auger<\/span><\/a><\/h4>\n<\/li>\n<li>\n<h4><span style=\"color: #0000ff;\"><a style=\"color: #0000ff;\" href=\"https:\/\/drive.google.com\/drive\/folders\/11ufZITpVdrkzu8AUUBxE2_YEp8MKn9XS?usp=share_link\">Silvina P\u00e9rez<\/a><span style=\"color: #000000;\"> (ITeDA)<\/span><br \/><\/span><\/h4>\n<\/li>\n<li>\n<h4><a href=\"https:\/\/drive.google.com\/drive\/folders\/1VEgmM3drSeejc8Zo2wJbbey6UZwBxe78?usp=share_link\"><span style=\"color: #0000ff;\">Natalia M\u00f3naco<\/span><\/a><span style=\"color: #0000ff;\"> (<\/span>CONICET)<\/h4>\n<\/li>\n<li>\n<h4><a href=\"https:\/\/drive.google.com\/drive\/folders\/1xsiHD90-H5MfdWPtF3h0st7mOKgbcKFG?usp=sharing\"><span style=\"color: #0000ff;\">Roberto Bandiera<\/span><\/a> (Auger)<\/h4>\n<\/li>\n<\/ol>\t\t\t\t\t\t\t\t<\/div>\n\t\t\t\t<\/div>\n\t\t\t\t\t<\/div>\n\t\t<\/div>\n\t\t\t\t\t<\/div>\n\t\t<\/section>\n\t\t\t\t<section class=\"elementor-section elementor-top-section elementor-element elementor-element-6f8b0861 elementor-section-boxed elementor-section-height-default elementor-section-height-default\" data-id=\"6f8b0861\" data-element_type=\"section\" data-e-type=\"section\">\n\t\t\t\t\t\t<div class=\"elementor-container elementor-column-gap-default\">\n\t\t\t\t\t<div class=\"elementor-column elementor-col-100 elementor-top-column elementor-element elementor-element-453010e5\" data-id=\"453010e5\" data-element_type=\"column\" data-e-type=\"column\">\n\t\t\t<div class=\"elementor-widget-wrap elementor-element-populated\">\n\t\t\t\t\t\t<div class=\"elementor-element elementor-element-6714ec31 elementor-widget elementor-widget-text-editor\" data-id=\"6714ec31\" data-element_type=\"widget\" data-e-type=\"widget\" data-widget_type=\"text-editor.default\">\n\t\t\t\t<div class=\"elementor-widget-container\">\n\t\t\t\t\t\t\t\t\t<p><\/p>\n<figure class=\"wp-block-image aligncenter size-large is-resized\"><img decoding=\"async\" class=\"wp-image-3939\" src=\"https:\/\/visitantes.auger.org.ar\/wp-content\/uploads\/2022\/06\/LOGO-FERIACIENCIAS-2022-horizontal-3-1024x513.jpg\" alt=\"\" width=\"768\" height=\"385\" \/><\/figure>\n<p><\/p>\n<p><\/p>\n<p class=\"has-text-align-center has-medium-font-size\"><mark class=\"has-inline-color has-vivid-cyan-blue-color\" style=\"background-color: rgba(0, 0, 0, 0);\">\u00a0<\/mark><mark class=\"has-inline-color has-vivid-cyan-blue-color\" style=\"background-color: rgba(0, 0, 0, 0);\"><\/mark><\/p>\n<p><\/p>\n<p><\/p>\n<p class=\"has-text-align-center has-medium-font-size\"><em>Destinada a estudiantes de todo el pa\u00eds, la Feria de Ciencias 2022 del <span style=\"color: #0000ff;\"><a style=\"color: #0000ff;\" href=\"http:\/\/visitantes.auger.org.ar\">Observatorio Pierre Auger<\/a> <\/span>de rayos c\u00f3smicos de ultra elevada energ\u00eda,\u00a0 ubicado en Malarg\u00fce \u2013 Mendoza, se realizar\u00e1 los d\u00edas 16 y 17 de noviembre de 2022, en una edici\u00f3n especial con ejes tem\u00e1ticos relacionados con el<\/em><br \/><em> <a href=\"https:\/\/www.iybssd2022.org\/es\/inicio\/\"><span class=\"has-inline-color\" style=\"color: #023e58;\">A\u00f1o Internacional de las Ciencias B\u00e1sicas para el Desarrollo Sostenible. <\/span><\/a><\/em><\/p>\n<p><\/p>\n<p><\/p>\n<figure class=\"wp-block-image alignleft size-large is-resized\"><a href=\"https:\/\/visitantes.auger.org.ar\/wp-content\/uploads\/2022\/06\/afiche-Feria-de-ciencias2022-Vfinal_para-difundir2-scaled.jpg\"><img loading=\"lazy\" decoding=\"async\" class=\"wp-image-3943\" src=\"https:\/\/visitantes.auger.org.ar\/wp-content\/uploads\/2022\/06\/afiche-Feria-de-ciencias2022-Vfinal_para-difundir2-1-724x1024.jpg\" alt=\"\" width=\"181\" height=\"256\" srcset=\"https:\/\/visitantes.auger.org.ar\/wp-content\/uploads\/2022\/06\/afiche-Feria-de-ciencias2022-Vfinal_para-difundir2-1-724x1024.jpg 724w, https:\/\/visitantes.auger.org.ar\/wp-content\/uploads\/2022\/06\/afiche-Feria-de-ciencias2022-Vfinal_para-difundir2-1-212x300.jpg 212w, https:\/\/visitantes.auger.org.ar\/wp-content\/uploads\/2022\/06\/afiche-Feria-de-ciencias2022-Vfinal_para-difundir2-1-768x1086.jpg 768w, https:\/\/visitantes.auger.org.ar\/wp-content\/uploads\/2022\/06\/afiche-Feria-de-ciencias2022-Vfinal_para-difundir2-1-1086x1536.jpg 1086w, https:\/\/visitantes.auger.org.ar\/wp-content\/uploads\/2022\/06\/afiche-Feria-de-ciencias2022-Vfinal_para-difundir2-1-1448x2048.jpg 1448w, https:\/\/visitantes.auger.org.ar\/wp-content\/uploads\/2022\/06\/afiche-Feria-de-ciencias2022-Vfinal_para-difundir2-1-103x146.jpg 103w, https:\/\/visitantes.auger.org.ar\/wp-content\/uploads\/2022\/06\/afiche-Feria-de-ciencias2022-Vfinal_para-difundir2-1-35x50.jpg 35w, https:\/\/visitantes.auger.org.ar\/wp-content\/uploads\/2022\/06\/afiche-Feria-de-ciencias2022-Vfinal_para-difundir2-1-53x75.jpg 53w, https:\/\/visitantes.auger.org.ar\/wp-content\/uploads\/2022\/06\/afiche-Feria-de-ciencias2022-Vfinal_para-difundir2-1-scaled.jpg 1131w\" sizes=\"(max-width: 181px) 100vw, 181px\" \/><\/a><\/figure>\n<p><\/p>\n<p><\/p>\n<p class=\"has-text-align-center has-medium-font-size\">La Feria de Ciencias del Observatorio Pierre Auger tiene por fin brindar un espacio en el que los y las estudiantes puedan mostrar sus habilidades en investigaci\u00f3n y su comprensi\u00f3n para lograr nuevos conocimientos cient\u00edficos.\u00a0<\/p>\n<p><\/p>\n<p><\/p>\n<p class=\"has-text-align-center has-medium-font-size\">No s\u00f3lo podr\u00e1n exponer sus trabajos desarrollados junto con sus compa\u00f1eros bajo la gu\u00eda de sus docentes, sino que tambi\u00e9n compartir\u00e1n en un \u00e1mbito donde ser\u00e1n orientados y orientadas sobre el m\u00e9todo cient\u00edfico, alentando el intercambio entres expositores\u00a0e investigadores del Observatorio.<\/p>\n<p><\/p>\n<p><\/p>\n<p class=\"has-text-align-center\">Si Ud. tiene consultas, por favor escribir a feria@auger.org.ar<\/p>\n<p class=\"has-text-align-center\">\u00a0<\/p>\n<p class=\"has-text-align-center\">\u00a0<\/p>\n<p><\/p>\n<p><\/p>\n<p>M\u00e1s informaci\u00f3n:<\/p>\n<p><\/p>\n<p><\/p>\n<ul class=\"wp-block-list\">\n<li style=\"list-style-type: none;\">\n<ul><\/ul>\n<\/li>\n<\/ul>\n<ul>\n<li style=\"list-style-type: none;\">\n<ul>\n<li><span style=\"color: #0000ff;\"><a style=\"color: #0000ff;\" href=\"https:\/\/drive.google.com\/file\/d\/1NrUd3XFtrtjoIxtprwn_Y0b5wAZBmEq5\/view?usp=sharing\"><mark class=\"has-inline-color has-vivid-cyan-blue-color\" style=\"background-color: rgba(0, 0, 0, 0);\">DESCARGAR BASES y CONDICIONES<\/mark> <\/a><\/span><\/li>\n<\/ul>\n<\/li>\n<\/ul>\n<p><\/p>\n<p><\/p>\n<ul>\n<li style=\"list-style-type: none;\">\n<ul>\n<li><span style=\"color: #0000ff;\"><a style=\"color: #0000ff;\" href=\"https:\/\/forms.gle\/2cQEpNeJ29RE2WZs7\"><mark class=\"has-inline-color has-vivid-cyan-blue-color\" style=\"background-color: rgba(0, 0, 0, 0);\">ACCEDER AL FORMULARIO DE INSCRIPCI\u00d3N<\/mark> <\/a><\/span><\/li>\n<\/ul>\n<\/li>\n<\/ul>\n<p><\/p>\n<p><\/p>\n<ul>\n<li style=\"list-style-type: none;\">\n<ul>\n<li><span style=\"color: #0000ff;\"><mark class=\"has-inline-color has-vivid-cyan-blue-color\" style=\"background-color: rgba(0, 0, 0, 0);\"><a style=\"color: #0000ff;\" href=\"https:\/\/drive.google.com\/file\/d\/1pwrYzFNCR0ltE9eoU7V_Wq-ld_ne77Xe\/view?usp=sharing\">DESCARGAR GACETILLA DE PRENSA<\/a><\/mark><\/span><\/li>\n<\/ul>\n<\/li>\n<\/ul>\n<p><\/p>\n<p><\/p>\n<ul>\n<li style=\"list-style-type: none;\">\n<ul>\n<li><span style=\"color: #0000ff;\"><a style=\"color: #0000ff;\" href=\"https:\/\/drive.google.com\/file\/d\/1TpNv2UGZ1UxFVXhyK6PspzOkWdPDtF7k\/view?usp=sharing\"><span style=\"color: #0000ff;\">DESCARGAR POSTER PARA IMPRIMIR<\/span><\/a><\/span><\/li>\n<\/ul>\n<\/li>\n<\/ul>\n<p><\/p>\n<p><\/p>\n<p><\/p>\n<p><\/p>\n<p><\/p>\n<p><\/p>\t\t\t\t\t\t\t\t<\/div>\n\t\t\t\t<\/div>\n\t\t\t\t\t<\/div>\n\t\t<\/div>\n\t\t\t\t\t<\/div>\n\t\t<\/section>\n\t\t\t\t<\/div>\n\t\t","protected":false},"excerpt":{"rendered":"<p>FERIA DE CIENCIAS AUGER 2022 Entre los d\u00edas 15 y 17 de noviembre de 2022 se desarroll\u00f3 la 8a exhibici\u00f3n de ciencias en el Observatorio Pierre Auger La Feria de las Ciencias 2022 fue todo un \u00e9xito. Se presentaron 21 proyectos, de Mendoza, BsAs, Santa Fe, San Juan, Rio Negro y de todos los niveles [&hellip;]<\/p>\n","protected":false},"author":6,"featured_media":0,"parent":0,"menu_order":0,"comment_status":"closed","ping_status":"closed","template":"","meta":{"footnotes":""},"class_list":["post-3879","page","type-page","status-publish","hentry"],"jetpack_sharing_enabled":true,"rttpg_featured_image_url":null,"rttpg_author":{"display_name":"Beatriz Garcia","author_link":"https:\/\/visitantes.auger.org.ar\/index.php\/author\/beatriz\/"},"rttpg_comment":0,"rttpg_category":null,"rttpg_excerpt":"FERIA DE CIENCIAS AUGER 2022 Entre los d\u00edas 15 y 17 de noviembre de 2022 se desarroll\u00f3 la 8a exhibici\u00f3n de ciencias en el Observatorio Pierre Auger La Feria de las Ciencias 2022 fue todo un \u00e9xito. Se presentaron 21 proyectos, de Mendoza, BsAs, Santa Fe, San Juan, Rio Negro y de todos los niveles&hellip;","_links":{"self":[{"href":"https:\/\/visitantes.auger.org.ar\/index.php\/wp-json\/wp\/v2\/pages\/3879","targetHints":{"allow":["GET"]}}],"collection":[{"href":"https:\/\/visitantes.auger.org.ar\/index.php\/wp-json\/wp\/v2\/pages"}],"about":[{"href":"https:\/\/visitantes.auger.org.ar\/index.php\/wp-json\/wp\/v2\/types\/page"}],"author":[{"embeddable":true,"href":"https:\/\/visitantes.auger.org.ar\/index.php\/wp-json\/wp\/v2\/users\/6"}],"replies":[{"embeddable":true,"href":"https:\/\/visitantes.auger.org.ar\/index.php\/wp-json\/wp\/v2\/comments?post=3879"}],"version-history":[{"count":73,"href":"https:\/\/visitantes.auger.org.ar\/index.php\/wp-json\/wp\/v2\/pages\/3879\/revisions"}],"predecessor-version":[{"id":7694,"href":"https:\/\/visitantes.auger.org.ar\/index.php\/wp-json\/wp\/v2\/pages\/3879\/revisions\/7694"}],"wp:attachment":[{"href":"https:\/\/visitantes.auger.org.ar\/index.php\/wp-json\/wp\/v2\/media?parent=3879"}],"curies":[{"name":"wp","href":"https:\/\/api.w.org\/{rel}","templated":true}]}}