{"id":4744,"date":"2023-07-17T20:58:21","date_gmt":"2023-07-17T20:58:21","guid":{"rendered":"https:\/\/visitantes.auger.org.ar\/?page_id=4744"},"modified":"2024-08-14T11:36:26","modified_gmt":"2024-08-14T14:36:26","slug":"el-comienzo-del-pierre-auger","status":"publish","type":"page","link":"https:\/\/visitantes.auger.org.ar\/index.php\/el-comienzo-del-pierre-auger\/","title":{"rendered":"EL COMIENZO DEL PIERRE AUGER"},"content":{"rendered":"\t\t<div data-elementor-type=\"wp-page\" data-elementor-id=\"4744\" class=\"elementor elementor-4744\">\n\t\t\t\t\t\t<section class=\"elementor-section elementor-top-section elementor-element elementor-element-299e017f elementor-section-full_width elementor-section-height-min-height elementor-section-height-default elementor-section-items-middle\" data-id=\"299e017f\" data-element_type=\"section\" data-e-type=\"section\" data-settings=\"{&quot;background_background&quot;:&quot;classic&quot;}\">\n\t\t\t\t\t\t\t<div class=\"elementor-background-overlay\"><\/div>\n\t\t\t\t\t\t\t<div class=\"elementor-container elementor-column-gap-default\">\n\t\t\t\t\t<div class=\"elementor-column elementor-col-100 elementor-top-column elementor-element elementor-element-494c6ba1\" data-id=\"494c6ba1\" data-element_type=\"column\" data-e-type=\"column\">\n\t\t\t<div class=\"elementor-widget-wrap elementor-element-populated\">\n\t\t\t\t\t\t<div class=\"elementor-element elementor-element-38bfd1d0 elementor-widget elementor-widget-heading\" data-id=\"38bfd1d0\" data-element_type=\"widget\" data-e-type=\"widget\" data-widget_type=\"heading.default\">\n\t\t\t\t<div class=\"elementor-widget-container\">\n\t\t\t\t\t<h2 class=\"elementor-heading-title elementor-size-default\">EL COMIENZO DEL PIERRE AUGER<\/h2>\t\t\t\t<\/div>\n\t\t\t\t<\/div>\n\t\t\t\t\t<\/div>\n\t\t<\/div>\n\t\t\t\t\t<\/div>\n\t\t<\/section>\n\t\t\t\t<section class=\"elementor-section elementor-top-section elementor-element elementor-element-9a6a966 elementor-section-boxed elementor-section-height-default elementor-section-height-default\" data-id=\"9a6a966\" data-element_type=\"section\" data-e-type=\"section\">\n\t\t\t\t\t\t<div class=\"elementor-container elementor-column-gap-default\">\n\t\t\t\t\t<div class=\"elementor-column elementor-col-33 elementor-top-column elementor-element elementor-element-ac4d055\" data-id=\"ac4d055\" data-element_type=\"column\" data-e-type=\"column\">\n\t\t\t<div class=\"elementor-widget-wrap elementor-element-populated\">\n\t\t\t\t\t\t<div class=\"elementor-element elementor-element-7de0a7c elementor-widget elementor-widget-image\" data-id=\"7de0a7c\" data-element_type=\"widget\" data-e-type=\"widget\" data-widget_type=\"image.default\">\n\t\t\t\t<div class=\"elementor-widget-container\">\n\t\t\t\t\t\t\t\t\t\t\t\t\t\t\t<img fetchpriority=\"high\" decoding=\"async\" width=\"413\" height=\"282\" src=\"https:\/\/visitantes.auger.org.ar\/wp-content\/uploads\/2018\/02\/historia_15.jpg\" class=\"attachment-large size-large wp-image-2462\" alt=\"\" srcset=\"https:\/\/visitantes.auger.org.ar\/wp-content\/uploads\/2018\/02\/historia_15.jpg 413w, https:\/\/visitantes.auger.org.ar\/wp-content\/uploads\/2018\/02\/historia_15-300x205.jpg 300w, https:\/\/visitantes.auger.org.ar\/wp-content\/uploads\/2018\/02\/historia_15-214x146.jpg 214w, https:\/\/visitantes.auger.org.ar\/wp-content\/uploads\/2018\/02\/historia_15-50x34.jpg 50w, https:\/\/visitantes.auger.org.ar\/wp-content\/uploads\/2018\/02\/historia_15-110x75.jpg 110w\" sizes=\"(max-width: 413px) 100vw, 413px\" \/>\t\t\t\t\t\t\t\t\t\t\t\t\t\t\t<\/div>\n\t\t\t\t<\/div>\n\t\t\t\t\t<\/div>\n\t\t<\/div>\n\t\t\t\t<div class=\"elementor-column elementor-col-66 elementor-top-column elementor-element elementor-element-d3fbe1a\" data-id=\"d3fbe1a\" data-element_type=\"column\" data-e-type=\"column\">\n\t\t\t<div class=\"elementor-widget-wrap elementor-element-populated\">\n\t\t\t\t\t\t<div class=\"elementor-element elementor-element-211a504 elementor-widget elementor-widget-text-editor\" data-id=\"211a504\" data-element_type=\"widget\" data-e-type=\"widget\" data-widget_type=\"text-editor.default\">\n\t\t\t\t<div class=\"elementor-widget-container\">\n\t\t\t\t\t\t\t\t\t<div class=\"section mcb-section \"><div class=\"section_wrapper mcb-section-inner\"><div class=\"wrap mcb-wrap one valign-top clearfix\"><div class=\"mcb-wrap-inner\"><div class=\"column mcb-column one column_column column-margin-\"><div class=\"column_attr clearfix\"><p><strong><u>Un estudio de seis meses en el a\u00f1o 1995 llevado adelante por 140 cient\u00edficos de 15 pa\u00edses, permiti\u00f3 dise\u00f1ar una facilidad para estudiar los rayos c\u00f3smicos de alta energ\u00eda, cuyo origen es a\u00fan motivo de debate<\/u>.<\/strong><\/p><\/div><\/div><\/div><\/div><\/div><\/div><div class=\"section mcb-section \"><div class=\"section_wrapper mcb-section-inner\"><div class=\"wrap mcb-wrap one-second valign-top clearfix\"><div class=\"mcb-wrap-inner\"><div class=\"column mcb-column one column_image \"><div class=\"image_frame image_item no_link scale-with-grid aligncenter no_border\"><div class=\"image_wrapper\">\u00a0<\/div><\/div><\/div><\/div><\/div><\/div><\/div>\t\t\t\t\t\t\t\t<\/div>\n\t\t\t\t<\/div>\n\t\t\t\t\t<\/div>\n\t\t<\/div>\n\t\t\t\t\t<\/div>\n\t\t<\/section>\n\t\t\t\t<section class=\"elementor-section elementor-top-section elementor-element elementor-element-57b9e9a elementor-section-boxed elementor-section-height-default elementor-section-height-default\" data-id=\"57b9e9a\" data-element_type=\"section\" data-e-type=\"section\">\n\t\t\t\t\t\t<div class=\"elementor-container elementor-column-gap-default\">\n\t\t\t\t\t<div class=\"elementor-column elementor-col-100 elementor-top-column elementor-element elementor-element-fd05333\" data-id=\"fd05333\" data-element_type=\"column\" data-e-type=\"column\">\n\t\t\t<div class=\"elementor-widget-wrap elementor-element-populated\">\n\t\t\t\t\t\t<div class=\"elementor-element elementor-element-c7b715e elementor-widget elementor-widget-text-editor\" data-id=\"c7b715e\" data-element_type=\"widget\" data-e-type=\"widget\" data-widget_type=\"text-editor.default\">\n\t\t\t\t<div class=\"elementor-widget-container\">\n\t\t\t\t\t\t\t\t\t<div id=\"Content\">\n<div class=\"content_wrapper clearfix\">\n<div class=\"sections_group\">\n<div class=\"entry-content\">\n<div class=\"section mcb-section \">\n<div class=\"section_wrapper mcb-section-inner\">\n<div class=\"wrap mcb-wrap one valign-top clearfix\">\n<div class=\"mcb-wrap-inner\">\n<div class=\"column mcb-column one column_column column-margin-\">\n<div class=\"column_attr clearfix\">&nbsp;<\/div>\n<\/div>\n<\/div>\n<\/div>\n<\/div>\n<\/div>\n<div class=\"section mcb-section \">\n<div class=\"section_wrapper mcb-section-inner\">\n<div class=\"wrap mcb-wrap one-second valign-top clearfix\">\n<div class=\"mcb-wrap-inner\">\n<div class=\"column mcb-column one column_fancy_heading \">\n<div class=\"fancy_heading fancy_heading_line\">\n<div class=\"inside\">\n<h4><strong>Dr. James W. Cronin, Premio Nobel De F\u00edsica A\u00f1o 1980 Y Dr. Alan Watson<\/strong><\/h4>\n<p>Fundadores Observatorio Pierre Auger<\/p>\n<\/div>\n<\/div>\n<\/div>\n<\/div>\n<\/div>\n<div class=\"wrap mcb-wrap one-second valign-top clearfix\">\n<div class=\"mcb-wrap-inner\">\n<div class=\"column mcb-column one column_column column-margin-\">\n<div class=\"column_attr clearfix\">\n<p class=\"big\">Un grupo internacional de 140 f\u00edsicos e ingenieros centralizado en el laboratorio del Acelerador Nacional Fermi (Fermilab) a 50 kil\u00f3metros al oeste de Chicago, hab\u00eda completado el dise\u00f1o del detector para el observatorio de rayos c\u00f3smicos denominado Pierre Auger, en honor al f\u00edsico franc\u00e9s, para estudiar los rayos c\u00f3smicos de la m\u00e1s alta energ\u00eda observados sobre la Tierra.<\/p>\n<p>Los cient\u00edficos se propon\u00ed\u00e1n identificar la fuente desconocida de los rayos c\u00f3smicos de m\u00e1s alta energ\u00eda que llegan a la atm\u00f3sfera. El grupo de dise\u00f1o recibi\u00f3 apoyo del Fermilab, la Asociaci\u00f3n para la Investigaci\u00f3n en las Universidades y la Fundaci\u00f3n Nacional de Ciencia de Estados Unidos, UNESCO y la Fundaci\u00f3n Grainger.<\/p>\n<p>El Proyecto Pierre Auger comenz\u00f3 como un taller de seis meses el 30 de enero de 1995. Durante el taller, un grupo central de alrededor 10 cient\u00edficos trabajaron en el Fermilab. El resto de los participantes fue al Fermilab para diferentes reuniones, pero trabaj\u00f3 fundamentalmente en sus propias instituciones, comunic\u00e1ndose electr\u00f3nicamente en un &#8220;taller sin paredes&#8221;. En octubre de 1995 el grupo de dise\u00f1o public\u00f3, en forma de libro, una descripci\u00f3n del detector de rayos c\u00f3smicos del Proyecto Pierre Auger.<\/p>\n<p>El informe explic\u00f3 la motivaci\u00f3n cient\u00edfica del proyecto y present\u00f3 un dise\u00f1o t\u00e9cnico, una visi\u00f3n de los posibles sitios para instalaci\u00f3n del Observatorio y una estimaci\u00f3n de costos. El informe de dise\u00f1o sirvi\u00f3 como base para una propuesta de solicitud de fondos de los pa\u00edses participantes. En ese momento los miembros del Proyecto Pierre Auger ven\u00edan de Alemania, Argentina, Armenia, Australia, Brasil, China, Egipto, Estados Unidos, Francia, Italia, Jap\u00f3n, Reino Unido, Rusia, Sud\u00e1frica, Suecia y Vietnam. Una vez que se aseguraron el financiamiento, el Proyecto Auger form\u00f3 una colaboraci\u00f3n para construir y operar los detectores, dos arreglos de 3.000 kil\u00f3metros cuadrados, uno en el hemisferio sur y otro en el norte.<\/p>\n<\/div>\n<\/div>\n<div class=\"column mcb-column one column_divider \">\n<hr class=\"no_line\">\n<\/div>\n<\/div>\n<\/div>\n<\/div>\n<\/div>\n<div class=\"section mcb-section \">\n<div class=\"section_wrapper mcb-section-inner\">\n<div class=\"wrap mcb-wrap one valign-top clearfix\">\n<div class=\"mcb-wrap-inner\">\n<div class=\"column mcb-column one column_column column-margin-\">\n<div class=\"column_attr clearfix\">\n<h4><strong>En La Actualidad Un Grupo De Alrededor De 400 Cient\u00edficos, De M\u00e1s De 90 Instituciones En 17 Pa\u00edses Observan Las Lluvias De Rayos C\u00f3smicos De La M\u00e1s Alta Energ\u00eda Para Tratar De Responder Interrogantes Tales Como: De D\u00f3nde Provienen, Qu\u00e9 T\u00edpo De Part\u00edculas Son Y C\u00f3mo Llegan A La Tierra Con Tan Elevada Energ\u00eda.<\/strong><\/h4><\/div><\/div><\/div><\/div><\/div><\/div><\/div><\/div><\/div><\/div>\t\t\t\t\t\t\t\t<\/div>\n\t\t\t\t<\/div>\n\t\t\t\t\t<\/div>\n\t\t<\/div>\n\t\t\t\t\t<\/div>\n\t\t<\/section>\n\t\t\t\t<\/div>\n\t\t","protected":false},"excerpt":{"rendered":"<p>EL COMIENZO DEL PIERRE AUGER Un estudio de seis meses en el a\u00f1o 1995 llevado adelante por 140 cient\u00edficos de 15 pa\u00edses, permiti\u00f3 dise\u00f1ar una facilidad para estudiar los rayos c\u00f3smicos de alta energ\u00eda, cuyo origen es a\u00fan motivo de debate. \u00a0 &nbsp; Dr. James W. Cronin, Premio Nobel De F\u00edsica A\u00f1o 1980 Y Dr. [&hellip;]<\/p>\n","protected":false},"author":6,"featured_media":0,"parent":0,"menu_order":0,"comment_status":"closed","ping_status":"closed","template":"","meta":{"footnotes":""},"class_list":["post-4744","page","type-page","status-publish","hentry"],"jetpack_sharing_enabled":true,"rttpg_featured_image_url":null,"rttpg_author":{"display_name":"Beatriz Garcia","author_link":"https:\/\/visitantes.auger.org.ar\/index.php\/author\/beatriz\/"},"rttpg_comment":0,"rttpg_category":null,"rttpg_excerpt":"EL COMIENZO DEL PIERRE AUGER Un estudio de seis meses en el a\u00f1o 1995 llevado adelante por 140 cient\u00edficos de 15 pa\u00edses, permiti\u00f3 dise\u00f1ar una facilidad para estudiar los rayos c\u00f3smicos de alta energ\u00eda, cuyo origen es a\u00fan motivo de debate. \u00a0 &nbsp; Dr. James W. Cronin, Premio Nobel De F\u00edsica A\u00f1o 1980 Y Dr.&hellip;","_links":{"self":[{"href":"https:\/\/visitantes.auger.org.ar\/index.php\/wp-json\/wp\/v2\/pages\/4744","targetHints":{"allow":["GET"]}}],"collection":[{"href":"https:\/\/visitantes.auger.org.ar\/index.php\/wp-json\/wp\/v2\/pages"}],"about":[{"href":"https:\/\/visitantes.auger.org.ar\/index.php\/wp-json\/wp\/v2\/types\/page"}],"author":[{"embeddable":true,"href":"https:\/\/visitantes.auger.org.ar\/index.php\/wp-json\/wp\/v2\/users\/6"}],"replies":[{"embeddable":true,"href":"https:\/\/visitantes.auger.org.ar\/index.php\/wp-json\/wp\/v2\/comments?post=4744"}],"version-history":[{"count":16,"href":"https:\/\/visitantes.auger.org.ar\/index.php\/wp-json\/wp\/v2\/pages\/4744\/revisions"}],"predecessor-version":[{"id":8123,"href":"https:\/\/visitantes.auger.org.ar\/index.php\/wp-json\/wp\/v2\/pages\/4744\/revisions\/8123"}],"wp:attachment":[{"href":"https:\/\/visitantes.auger.org.ar\/index.php\/wp-json\/wp\/v2\/media?parent=4744"}],"curies":[{"name":"wp","href":"https:\/\/api.w.org\/{rel}","templated":true}]}}

<div data-elementor-type="wp-page" data-elementor-id="4744" class="elementor elementor-4744">
						<section class="elementor-section elementor-top-section elementor-element elementor-element-299e017f elementor-section-full_width elementor-section-height-min-height elementor-section-height-default elementor-section-items-middle" data-id="299e017f" data-element_type="section" data-e-type="section" data-settings="{&quot;background_background&quot;:&quot;classic&quot;}">
							<div class="elementor-background-overlay"></div>
							<div class="elementor-container elementor-column-gap-default">
					<div class="elementor-column elementor-col-100 elementor-top-column elementor-element elementor-element-494c6ba1" data-id="494c6ba1" data-element_type="column" data-e-type="column">
			<div class="elementor-widget-wrap elementor-element-populated">
						<div class="elementor-element elementor-element-38bfd1d0 elementor-widget elementor-widget-heading" data-id="38bfd1d0" data-element_type="widget" data-e-type="widget" data-widget_type="heading.default">
				<div class="elementor-widget-container">
					<h2 class="elementor-heading-title elementor-size-default">EL COMIENZO DEL PIERRE AUGER</h2>				</div>
				</div>
					</div>
		</div>
					</div>
		</section>
				<section class="elementor-section elementor-top-section elementor-element elementor-element-9a6a966 elementor-section-boxed elementor-section-height-default elementor-section-height-default" data-id="9a6a966" data-element_type="section" data-e-type="section">
						<div class="elementor-container elementor-column-gap-default">
					<div class="elementor-column elementor-col-33 elementor-top-column elementor-element elementor-element-ac4d055" data-id="ac4d055" data-element_type="column" data-e-type="column">
			<div class="elementor-widget-wrap elementor-element-populated">
						<div class="elementor-element elementor-element-7de0a7c elementor-widget elementor-widget-image" data-id="7de0a7c" data-element_type="widget" data-e-type="widget" data-widget_type="image.default">
				<div class="elementor-widget-container">
															<img fetchpriority="high" decoding="async" width="413" height="282" src="https://visitantes.auger.org.ar/wp-content/uploads/2018/02/historia_15.jpg" class="attachment-large size-large wp-image-2462" alt="" srcset="https://visitantes.auger.org.ar/wp-content/uploads/2018/02/historia_15.jpg 413w, https://visitantes.auger.org.ar/wp-content/uploads/2018/02/historia_15-300x205.jpg 300w, https://visitantes.auger.org.ar/wp-content/uploads/2018/02/historia_15-214x146.jpg 214w, https://visitantes.auger.org.ar/wp-content/uploads/2018/02/historia_15-50x34.jpg 50w, https://visitantes.auger.org.ar/wp-content/uploads/2018/02/historia_15-110x75.jpg 110w" sizes="(max-width: 413px) 100vw, 413px" />															</div>
				</div>
					</div>
		</div>
				<div class="elementor-column elementor-col-66 elementor-top-column elementor-element elementor-element-d3fbe1a" data-id="d3fbe1a" data-element_type="column" data-e-type="column">
			<div class="elementor-widget-wrap elementor-element-populated">
						<div class="elementor-element elementor-element-211a504 elementor-widget elementor-widget-text-editor" data-id="211a504" data-element_type="widget" data-e-type="widget" data-widget_type="text-editor.default">
				<div class="elementor-widget-container">
									<div class="section mcb-section "><div class="section_wrapper mcb-section-inner"><div class="wrap mcb-wrap one valign-top clearfix"><div class="mcb-wrap-inner"><div class="column mcb-column one column_column column-margin-"><div class="column_attr clearfix"><p><strong><u>Un estudio de seis meses en el año 1995 llevado adelante por 140 científicos de 15 países, permitió diseñar una facilidad para estudiar los rayos cósmicos de alta energía, cuyo origen es aún motivo de debate</u>.</strong></p></div></div></div></div></div></div><div class="section mcb-section "><div class="section_wrapper mcb-section-inner"><div class="wrap mcb-wrap one-second valign-top clearfix"><div class="mcb-wrap-inner"><div class="column mcb-column one column_image "><div class="image_frame image_item no_link scale-with-grid aligncenter no_border"><div class="image_wrapper"> </div></div></div></div></div></div></div>								</div>
				</div>
					</div>
		</div>
					</div>
		</section>
				<section class="elementor-section elementor-top-section elementor-element elementor-element-57b9e9a elementor-section-boxed elementor-section-height-default elementor-section-height-default" data-id="57b9e9a" data-element_type="section" data-e-type="section">
						<div class="elementor-container elementor-column-gap-default">
					<div class="elementor-column elementor-col-100 elementor-top-column elementor-element elementor-element-fd05333" data-id="fd05333" data-element_type="column" data-e-type="column">
			<div class="elementor-widget-wrap elementor-element-populated">
						<div class="elementor-element elementor-element-c7b715e elementor-widget elementor-widget-text-editor" data-id="c7b715e" data-element_type="widget" data-e-type="widget" data-widget_type="text-editor.default">
				<div class="elementor-widget-container">
									<div id="Content">
<div class="content_wrapper clearfix">
<div class="sections_group">
<div class="entry-content">
<div class="section mcb-section ">
<div class="section_wrapper mcb-section-inner">
<div class="wrap mcb-wrap one valign-top clearfix">
<div class="mcb-wrap-inner">
<div class="column mcb-column one column_column column-margin-">
<div class="column_attr clearfix">&nbsp;</div>
</div>
</div>
</div>
</div>
</div>
<div class="section mcb-section ">
<div class="section_wrapper mcb-section-inner">
<div class="wrap mcb-wrap one-second valign-top clearfix">
<div class="mcb-wrap-inner">
<div class="column mcb-column one column_fancy_heading ">
<div class="fancy_heading fancy_heading_line">
<div class="inside">
<h4><strong>Dr. James W. Cronin, Premio Nobel De Física Año 1980 Y Dr. Alan Watson</strong></h4>
<p>Fundadores Observatorio Pierre Auger</p>
</div>
</div>
</div>
</div>
</div>
<div class="wrap mcb-wrap one-second valign-top clearfix">
<div class="mcb-wrap-inner">
<div class="column mcb-column one column_column column-margin-">
<div class="column_attr clearfix">
<p class="big">Un grupo internacional de 140 físicos e ingenieros centralizado en el laboratorio del Acelerador Nacional Fermi (Fermilab) a 50 kilómetros al oeste de Chicago, había completado el diseño del detector para el observatorio de rayos cósmicos denominado Pierre Auger, en honor al físico francés, para estudiar los rayos cósmicos de la más alta energía observados sobre la Tierra.</p>
<p>Los científicos se proponíán identificar la fuente desconocida de los rayos cósmicos de más alta energía que llegan a la atmósfera. El grupo de diseño recibió apoyo del Fermilab, la Asociación para la Investigación en las Universidades y la Fundación Nacional de Ciencia de Estados Unidos, UNESCO y la Fundación Grainger.</p>
<p>El Proyecto Pierre Auger comenzó como un taller de seis meses el 30 de enero de 1995. Durante el taller, un grupo central de alrededor 10 científicos trabajaron en el Fermilab. El resto de los participantes fue al Fermilab para diferentes reuniones, pero trabajó fundamentalmente en sus propias instituciones, comunicándose electrónicamente en un &#8220;taller sin paredes&#8221;. En octubre de 1995 el grupo de diseño publicó, en forma de libro, una descripción del detector de rayos cósmicos del Proyecto Pierre Auger.</p>
<p>El informe explicó la motivación científica del proyecto y presentó un diseño técnico, una visión de los posibles sitios para instalación del Observatorio y una estimación de costos. El informe de diseño sirvió como base para una propuesta de solicitud de fondos de los países participantes. En ese momento los miembros del Proyecto Pierre Auger venían de Alemania, Argentina, Armenia, Australia, Brasil, China, Egipto, Estados Unidos, Francia, Italia, Japón, Reino Unido, Rusia, Sudáfrica, Suecia y Vietnam. Una vez que se aseguraron el financiamiento, el Proyecto Auger formó una colaboración para construir y operar los detectores, dos arreglos de 3.000 kilómetros cuadrados, uno en el hemisferio sur y otro en el norte.</p>
</div>
</div>
<div class="column mcb-column one column_divider ">
<hr class="no_line">
</div>
</div>
</div>
</div>
</div>
<div class="section mcb-section ">
<div class="section_wrapper mcb-section-inner">
<div class="wrap mcb-wrap one valign-top clearfix">
<div class="mcb-wrap-inner">
<div class="column mcb-column one column_column column-margin-">
<div class="column_attr clearfix">
<h4><strong>En La Actualidad Un Grupo De Alrededor De 400 Científicos, De Más De 90 Instituciones En 17 Países Observan Las Lluvias De Rayos Cósmicos De La Más Alta Energía Para Tratar De Responder Interrogantes Tales Como: De Dónde Provienen, Qué Típo De Partículas Son Y Cómo Llegan A La Tierra Con Tan Elevada Energía.</strong></h4></div></div></div></div></div></div></div></div></div></div>								</div>
				</div>
					</div>
		</div>
					</div>
		</section>
				</div>

<p>EL COMIENZO DEL PIERRE AUGER Un estudio de seis meses en el año 1995 llevado adelante por 140 científicos de 15 países, permitió diseñar una facilidad para estudiar los rayos cósmicos de alta energía, cuyo origen es aún motivo de debate.   &nbsp; Dr. James W. Cronin, Premio Nobel De Física Año 1980 Y Dr. [&hellip;]</p>

EL COMIENZO DEL PIERRE AUGER Un estudio de seis meses en el año 1995 llevado adelante por 140 científicos de 15 países, permitió diseñar una facilidad para estudiar los rayos cósmicos de alta energía, cuyo origen es aún motivo de debate.   &nbsp; Dr. James W. Cronin, Premio Nobel De Física Año 1980 Y Dr.&hellip;
