{"id":4762,"date":"2023-07-17T21:03:55","date_gmt":"2023-07-17T21:03:55","guid":{"rendered":"https:\/\/visitantes.auger.org.ar\/?page_id=4762"},"modified":"2024-07-17T08:55:50","modified_gmt":"2024-07-17T11:55:50","slug":"rayos-cosmicos-en-la-argentina","status":"publish","type":"page","link":"https:\/\/visitantes.auger.org.ar\/index.php\/rayos-cosmicos-en-la-argentina\/","title":{"rendered":"RAYOS C\u00d3SMICOS EN LA ARGENTINA"},"content":{"rendered":"\t\t<div data-elementor-type=\"wp-page\" data-elementor-id=\"4762\" class=\"elementor elementor-4762\">\n\t\t\t\t\t\t<section class=\"elementor-section elementor-top-section elementor-element elementor-element-1fb0c41 elementor-section-full_width elementor-section-height-min-height elementor-section-height-default elementor-section-items-middle\" data-id=\"1fb0c41\" data-element_type=\"section\" data-e-type=\"section\" data-settings=\"{&quot;background_background&quot;:&quot;classic&quot;}\">\n\t\t\t\t\t\t\t<div class=\"elementor-background-overlay\"><\/div>\n\t\t\t\t\t\t\t<div class=\"elementor-container elementor-column-gap-default\">\n\t\t\t\t\t<div class=\"elementor-column elementor-col-100 elementor-top-column elementor-element elementor-element-56e0944e\" data-id=\"56e0944e\" data-element_type=\"column\" data-e-type=\"column\">\n\t\t\t<div class=\"elementor-widget-wrap elementor-element-populated\">\n\t\t\t\t\t\t<div class=\"elementor-element elementor-element-1b79322c elementor-widget elementor-widget-heading\" data-id=\"1b79322c\" data-element_type=\"widget\" data-e-type=\"widget\" data-widget_type=\"heading.default\">\n\t\t\t\t<div class=\"elementor-widget-container\">\n\t\t\t\t\t<h2 class=\"elementor-heading-title elementor-size-default\">RAYOS C\u00d3SMICOS EN LA ARGENTINA\n<\/h2>\t\t\t\t<\/div>\n\t\t\t\t<\/div>\n\t\t\t\t\t<\/div>\n\t\t<\/div>\n\t\t\t\t\t<\/div>\n\t\t<\/section>\n\t\t\t\t<section class=\"elementor-section elementor-top-section elementor-element elementor-element-c980406 elementor-section-boxed elementor-section-height-default elementor-section-height-default\" data-id=\"c980406\" data-element_type=\"section\" data-e-type=\"section\">\n\t\t\t\t\t\t<div class=\"elementor-container elementor-column-gap-default\">\n\t\t\t\t\t<div class=\"elementor-column elementor-col-100 elementor-top-column elementor-element elementor-element-542d73b\" data-id=\"542d73b\" data-element_type=\"column\" data-e-type=\"column\">\n\t\t\t<div class=\"elementor-widget-wrap elementor-element-populated\">\n\t\t\t\t\t\t<div class=\"elementor-element elementor-element-127a3e1 elementor-widget elementor-widget-text-editor\" data-id=\"127a3e1\" data-element_type=\"widget\" data-e-type=\"widget\" data-widget_type=\"text-editor.default\">\n\t\t\t\t<div class=\"elementor-widget-container\">\n\t\t\t\t\t\t\t\t\t<div id=\"Content\"><div class=\"content_wrapper clearfix\"><div class=\"sections_group\"><div class=\"entry-content\"><div class=\"section mcb-section \"><div class=\"section_wrapper mcb-section-inner\"><div class=\"wrap mcb-wrap one valign-top clearfix\"><div class=\"mcb-wrap-inner\"><div class=\"column mcb-column one column_column column-margin-\"><div class=\"column_attr clearfix\"><h4 style=\"text-align: center;\"><strong>Podr\u00eda Decirse Que El Estudio De Los Rayos C\u00f3smicos Comenz\u00f3, En La Argentina, Hace Medio Siglo. Efectivamente, Tenemos Constancia De La Construcci\u00f3n De Un Refugio En La Cordillera De Los Andes En Las Laderas Del Cerro Laguna, Vecino Del Volc\u00e1n Maipo, A Cuyos Pies Se Encuentra La Muy Bella Laguna Del Diamante.<\/strong><\/h4><\/div><\/div><\/div><\/div><\/div><\/div><div class=\"section mcb-section equal-height-wrap \" style=\"text-align: center;\"><div class=\"section_wrapper mcb-section-inner\"><div class=\"wrap mcb-wrap one-second valign-middle clearfix\"><div class=\"mcb-wrap-inner\"><div class=\"column mcb-column one column_image \"><div class=\"image_frame image_item no_link scale-with-grid aligncenter no_border\"><div class=\"image_wrapper\"><img fetchpriority=\"high\" decoding=\"async\" class=\"scale-with-grid\" src=\"https:\/\/visitantes.auger.org.ar\/wp-content\/uploads\/2018\/02\/historia_16.jpg\" alt=\"historia_16\" width=\"510\" height=\"655\" \/><\/div><\/div><\/div><\/div><\/div><div class=\"wrap mcb-wrap one-second valign-middle clearfix\"><div class=\"mcb-wrap-inner\"><div class=\"column mcb-column one column_column column-margin-\"><div class=\"column_attr clearfix\"><p>Desgraciadamente el plan original de construcci\u00f3n de un observatorio, consistente en 30.000 detectores Geiger emplazados a lo largo de 2 km<sup>2<\/sup>\u00a0fue fallido pues nunca fue realizado. El refugio sirvi\u00f3 sin embargo para estudios de avanzada con placas nucleares que se expusieron a la radiaci\u00f3n por grupos no ligados al emprendimiento original. En estas experiencias particip\u00f3, entre otros, el Dr. Juan G. Roederer durante el verano 1950\/51, cuando este maestro de muchos f\u00edsicos argentinos era a\u00fan alumno de la Facultad de Ciencias Exactas y Naturales (FCEyN) de la UBA.<\/p><p>Aparte de estos estudios con placas nucleares, hay otros numerosos antecedentes de valiosas inquietudes cient\u00edficas de investigadores argentinos sobre radiaci\u00f3n c\u00f3smica en la d\u00e9cada del 50. Quisieramos descatar como pioneros en este campo a los Dres. Juana M. Cardoso, Adulio Cichini, Beatriz Cougnet, Horacio Ghielmetti, Emma V. P\u00e9rez Ferreira, Juan G. Roederer y Pedro Waloschek quienes realizaron tareas en el Laboratorio de Placas Nucleares de la Comisi\u00f3n Nacional de Energ\u00eda At\u00f3mica (CNEA). Con posterioridad fue creado el Centro Nacional de Radiaci\u00f3n C\u00f3smica (actualmente el Instituto de Astrom\u00eda y F\u00edsica del Espacio, IAFE) establecido en la FCEyN de la UBA por convenio con la CNEA y en 1960 fue nombrado como su Director su fundador, el Dr. Roederer.<\/p><\/div><\/div><\/div><\/div><\/div><\/div><div class=\"section mcb-section equal-height-wrap \" style=\"text-align: center;\"><div class=\"section_wrapper mcb-section-inner\"><div class=\"wrap mcb-wrap one-second valign-middle clearfix\"><div class=\"mcb-wrap-inner\"><div class=\"column mcb-column one column_image \"><div class=\"image_frame image_item no_link scale-with-grid aligncenter no_border\"><div class=\"image_wrapper\"><img decoding=\"async\" class=\"scale-with-grid\" src=\"https:\/\/visitantes.auger.org.ar\/wp-content\/uploads\/2018\/02\/historia_17.jpg\" alt=\"historia_17\" width=\"675\" height=\"598\" \/><\/div><\/div><\/div><\/div><\/div><div class=\"wrap mcb-wrap one-second valign-middle clearfix\"><div class=\"mcb-wrap-inner\"><div class=\"column mcb-column one column_column column-margin-\"><div class=\"column_attr clearfix\"><p>Durante estas primeras \u00e9pocas brillantes de estudios sobre rayos c\u00f3smicos en Argentina se realizaron expediciones cient\u00edficas a Puente del Inca, el Aconcagua, los Nevados del Aconquija, Cueva de Indios y el Lanin. Tambi\u00e9n hay constancia de otros experimentos en la Provincia de Mendoza en: Villa Eva Per\u00f3n, a 3.150 m sobre el nivel del mar, en Uspallata, a 1.800 m y en la ciudad de Mendoza a 747 m, publicados en 1954 en la revista Mundo At\u00f3mico por Juana Mar\u00eda Cardoso, de la CNEA. Las investigaciones fueron hechas a distintas latitudes y alturas para estudiar el efecto de ambas en la radiaci\u00f3n c\u00f3smica.<\/p><p>El Profesor James Cronin, Director General del Observatorio Pampa Amarilla y premio Nobel de F\u00edsica 1980, conoce estos antecedentes argentinos, pero tal vez m\u00e1s importante a\u00fan es que sean conocidos por los cient\u00edficos y t\u00e9cnicos de este pa\u00eds y por sus habitantes en general por ser parte de sus ra\u00edces. La tradici\u00f3n y el protagonismo cient\u00edfico en \u00e9ste y otros temas relacionados han sido las razones fundamentales para que se eligiera a nuestro pa\u00eds en lugar de otros del Hemisferio Sur para instalar el nuevo Observatorio.<\/p><\/div><\/div><\/div><\/div><\/div><\/div><div class=\"section mcb-section \" style=\"text-align: center;\"><div class=\"section_wrapper mcb-section-inner\"><div class=\"wrap mcb-wrap one valign-top clearfix\"><div class=\"mcb-wrap-inner\"><div class=\"column mcb-column one column_column column-margin-10px\"><div class=\"column_attr clearfix align_center\"><h4><strong>Primer Trabajo De Investigadores Argentinos<\/strong><br \/><strong>Sobre Los Rayos C\u00f3smicos<\/strong><\/h4><\/div><\/div><div class=\"column mcb-column one-second column_column column-margin-10px\"><div class=\"column_attr clearfix align_right\"><a class=\"button button_right button_size_2 button_theme button_js kill_the_icon fancybox image\" href=\"https:\/\/visitantes.auger.org.ar\/wp-content\/uploads\/2023\/01\/pagina1.png\" target=\"_blank\" rel=\"gallery noopener\" aria-controls=\"fancybox-wrap\" aria-haspopup=\"dialog\"><i class=\"icon-layout\"><\/i><span class=\"button_label\">P\u00e1gina 1<\/span><\/a><\/div><\/div><div class=\"column mcb-column one-second column_column column-margin-10px\"><div class=\"column_attr clearfix align_left\"><a class=\"button button_right button_size_2 button_theme button_js kill_the_icon fancybox image\" href=\"https:\/\/visitantes.auger.org.ar\/wp-content\/uploads\/2023\/01\/pagina1.png\" target=\"_blank\" rel=\"gallery noopener\" aria-controls=\"fancybox-wrap\" aria-haspopup=\"dialog\"><i class=\"icon-layout\"><\/i><span class=\"button_label\">P\u00e1gina 2<\/span><\/a><\/div><\/div><div class=\"column mcb-column one column_column column-margin-\"><div class=\"column_attr clearfix align_center\"><p>B. Cougnet, J. Roederer, P. Waloschek, Zeitschrift F\u00fcr Naturforschung A, volume 7, page 201, 1952<\/p><\/div><\/div><\/div><\/div><\/div><\/div><div class=\"section the_content no_content\" style=\"text-align: center;\">\u00a0<\/div><div class=\"section section-page-footer\" style=\"text-align: center;\"><div class=\"section_wrapper clearfix\"><div class=\"column one page-pager\">\u00a0<\/div><\/div><\/div><\/div><\/div><\/div><\/div><div class=\"elementor elementor-4146 elementor-location-footer\" data-elementor-type=\"footer\" data-elementor-id=\"4146\"><section class=\"elementor-section elementor-top-section elementor-element elementor-element-f6e0299 elementor-section-boxed elementor-section-height-default elementor-section-height-default\" data-id=\"f6e0299\" data-element_type=\"section\"><div class=\"elementor-container elementor-column-gap-default\"><div class=\"elementor-column elementor-col-100 elementor-top-column elementor-element elementor-element-b77ab23\" data-id=\"b77ab23\" data-element_type=\"column\"><div class=\"elementor-widget-wrap\">\u00a0<\/div><\/div><\/div><\/section><section class=\"elementor-section elementor-top-section elementor-element elementor-element-437a6c7 elementor-section-boxed elementor-section-height-default elementor-section-height-default\" data-id=\"437a6c7\" data-element_type=\"section\"><div class=\"elementor-container elementor-column-gap-default\"><div class=\"elementor-column elementor-col-100 elementor-top-column elementor-element elementor-element-9e479c4\" style=\"text-align: center;\" data-id=\"9e479c4\" data-element_type=\"column\">\u00a0<\/div><\/div><\/section><\/div>\t\t\t\t\t\t\t\t<\/div>\n\t\t\t\t<\/div>\n\t\t\t\t\t<\/div>\n\t\t<\/div>\n\t\t\t\t\t<\/div>\n\t\t<\/section>\n\t\t\t\t<\/div>\n\t\t","protected":false},"excerpt":{"rendered":"<p>RAYOS C\u00d3SMICOS EN LA ARGENTINA Podr\u00eda Decirse Que El Estudio De Los Rayos C\u00f3smicos Comenz\u00f3, En La Argentina, Hace Medio Siglo. Efectivamente, Tenemos Constancia De La Construcci\u00f3n De Un Refugio En La Cordillera De Los Andes En Las Laderas Del Cerro Laguna, Vecino Del Volc\u00e1n Maipo, A Cuyos Pies Se Encuentra La Muy Bella Laguna [&hellip;]<\/p>\n","protected":false},"author":6,"featured_media":0,"parent":0,"menu_order":0,"comment_status":"closed","ping_status":"closed","template":"","meta":{"footnotes":""},"class_list":["post-4762","page","type-page","status-publish","hentry"],"jetpack_sharing_enabled":true,"rttpg_featured_image_url":null,"rttpg_author":{"display_name":"Beatriz Garcia","author_link":"https:\/\/visitantes.auger.org.ar\/index.php\/author\/beatriz\/"},"rttpg_comment":0,"rttpg_category":null,"rttpg_excerpt":"RAYOS C\u00d3SMICOS EN LA ARGENTINA Podr\u00eda Decirse Que El Estudio De Los Rayos C\u00f3smicos Comenz\u00f3, En La Argentina, Hace Medio Siglo. Efectivamente, Tenemos Constancia De La Construcci\u00f3n De Un Refugio En La Cordillera De Los Andes En Las Laderas Del Cerro Laguna, Vecino Del Volc\u00e1n Maipo, A Cuyos Pies Se Encuentra La Muy Bella Laguna&hellip;","_links":{"self":[{"href":"https:\/\/visitantes.auger.org.ar\/index.php\/wp-json\/wp\/v2\/pages\/4762","targetHints":{"allow":["GET"]}}],"collection":[{"href":"https:\/\/visitantes.auger.org.ar\/index.php\/wp-json\/wp\/v2\/pages"}],"about":[{"href":"https:\/\/visitantes.auger.org.ar\/index.php\/wp-json\/wp\/v2\/types\/page"}],"author":[{"embeddable":true,"href":"https:\/\/visitantes.auger.org.ar\/index.php\/wp-json\/wp\/v2\/users\/6"}],"replies":[{"embeddable":true,"href":"https:\/\/visitantes.auger.org.ar\/index.php\/wp-json\/wp\/v2\/comments?post=4762"}],"version-history":[{"count":11,"href":"https:\/\/visitantes.auger.org.ar\/index.php\/wp-json\/wp\/v2\/pages\/4762\/revisions"}],"predecessor-version":[{"id":7424,"href":"https:\/\/visitantes.auger.org.ar\/index.php\/wp-json\/wp\/v2\/pages\/4762\/revisions\/7424"}],"wp:attachment":[{"href":"https:\/\/visitantes.auger.org.ar\/index.php\/wp-json\/wp\/v2\/media?parent=4762"}],"curies":[{"name":"wp","href":"https:\/\/api.w.org\/{rel}","templated":true}]}}

RAYOS CÓSMICOS EN LA ARGENTINA

<div data-elementor-type="wp-page" data-elementor-id="4762" class="elementor elementor-4762">
						<section class="elementor-section elementor-top-section elementor-element elementor-element-1fb0c41 elementor-section-full_width elementor-section-height-min-height elementor-section-height-default elementor-section-items-middle" data-id="1fb0c41" data-element_type="section" data-e-type="section" data-settings="{&quot;background_background&quot;:&quot;classic&quot;}">
							<div class="elementor-background-overlay"></div>
							<div class="elementor-container elementor-column-gap-default">
					<div class="elementor-column elementor-col-100 elementor-top-column elementor-element elementor-element-56e0944e" data-id="56e0944e" data-element_type="column" data-e-type="column">
			<div class="elementor-widget-wrap elementor-element-populated">
						<div class="elementor-element elementor-element-1b79322c elementor-widget elementor-widget-heading" data-id="1b79322c" data-element_type="widget" data-e-type="widget" data-widget_type="heading.default">
				<div class="elementor-widget-container">
					<h2 class="elementor-heading-title elementor-size-default">RAYOS CÓSMICOS EN LA ARGENTINA
</h2>				</div>
				</div>
					</div>
		</div>
					</div>
		</section>
				<section class="elementor-section elementor-top-section elementor-element elementor-element-c980406 elementor-section-boxed elementor-section-height-default elementor-section-height-default" data-id="c980406" data-element_type="section" data-e-type="section">
						<div class="elementor-container elementor-column-gap-default">
					<div class="elementor-column elementor-col-100 elementor-top-column elementor-element elementor-element-542d73b" data-id="542d73b" data-element_type="column" data-e-type="column">
			<div class="elementor-widget-wrap elementor-element-populated">
						<div class="elementor-element elementor-element-127a3e1 elementor-widget elementor-widget-text-editor" data-id="127a3e1" data-element_type="widget" data-e-type="widget" data-widget_type="text-editor.default">
				<div class="elementor-widget-container">
									<div id="Content"><div class="content_wrapper clearfix"><div class="sections_group"><div class="entry-content"><div class="section mcb-section "><div class="section_wrapper mcb-section-inner"><div class="wrap mcb-wrap one valign-top clearfix"><div class="mcb-wrap-inner"><div class="column mcb-column one column_column column-margin-"><div class="column_attr clearfix"><h4 style="text-align: center;"><strong>Podría Decirse Que El Estudio De Los Rayos Cósmicos Comenzó, En La Argentina, Hace Medio Siglo. Efectivamente, Tenemos Constancia De La Construcción De Un Refugio En La Cordillera De Los Andes En Las Laderas Del Cerro Laguna, Vecino Del Volcán Maipo, A Cuyos Pies Se Encuentra La Muy Bella Laguna Del Diamante.</strong></h4></div></div></div></div></div></div><div class="section mcb-section equal-height-wrap " style="text-align: center;"><div class="section_wrapper mcb-section-inner"><div class="wrap mcb-wrap one-second valign-middle clearfix"><div class="mcb-wrap-inner"><div class="column mcb-column one column_image "><div class="image_frame image_item no_link scale-with-grid aligncenter no_border"><div class="image_wrapper"><img fetchpriority="high" decoding="async" class="scale-with-grid" src="https://visitantes.auger.org.ar/wp-content/uploads/2018/02/historia_16.jpg" alt="historia_16" width="510" height="655" /></div></div></div></div></div><div class="wrap mcb-wrap one-second valign-middle clearfix"><div class="mcb-wrap-inner"><div class="column mcb-column one column_column column-margin-"><div class="column_attr clearfix"><p>Desgraciadamente el plan original de construcción de un observatorio, consistente en 30.000 detectores Geiger emplazados a lo largo de 2 km<sup>2</sup> fue fallido pues nunca fue realizado. El refugio sirvió sin embargo para estudios de avanzada con placas nucleares que se expusieron a la radiación por grupos no ligados al emprendimiento original. En estas experiencias participó, entre otros, el Dr. Juan G. Roederer durante el verano 1950/51, cuando este maestro de muchos físicos argentinos era aún alumno de la Facultad de Ciencias Exactas y Naturales (FCEyN) de la UBA.</p><p>Aparte de estos estudios con placas nucleares, hay otros numerosos antecedentes de valiosas inquietudes científicas de investigadores argentinos sobre radiación cósmica en la década del 50. Quisieramos descatar como pioneros en este campo a los Dres. Juana M. Cardoso, Adulio Cichini, Beatriz Cougnet, Horacio Ghielmetti, Emma V. Pérez Ferreira, Juan G. Roederer y Pedro Waloschek quienes realizaron tareas en el Laboratorio de Placas Nucleares de la Comisión Nacional de Energía Atómica (CNEA). Con posterioridad fue creado el Centro Nacional de Radiación Cósmica (actualmente el Instituto de Astromía y Física del Espacio, IAFE) establecido en la FCEyN de la UBA por convenio con la CNEA y en 1960 fue nombrado como su Director su fundador, el Dr. Roederer.</p></div></div></div></div></div></div><div class="section mcb-section equal-height-wrap " style="text-align: center;"><div class="section_wrapper mcb-section-inner"><div class="wrap mcb-wrap one-second valign-middle clearfix"><div class="mcb-wrap-inner"><div class="column mcb-column one column_image "><div class="image_frame image_item no_link scale-with-grid aligncenter no_border"><div class="image_wrapper"><img decoding="async" class="scale-with-grid" src="https://visitantes.auger.org.ar/wp-content/uploads/2018/02/historia_17.jpg" alt="historia_17" width="675" height="598" /></div></div></div></div></div><div class="wrap mcb-wrap one-second valign-middle clearfix"><div class="mcb-wrap-inner"><div class="column mcb-column one column_column column-margin-"><div class="column_attr clearfix"><p>Durante estas primeras épocas brillantes de estudios sobre rayos cósmicos en Argentina se realizaron expediciones científicas a Puente del Inca, el Aconcagua, los Nevados del Aconquija, Cueva de Indios y el Lanin. También hay constancia de otros experimentos en la Provincia de Mendoza en: Villa Eva Perón, a 3.150 m sobre el nivel del mar, en Uspallata, a 1.800 m y en la ciudad de Mendoza a 747 m, publicados en 1954 en la revista Mundo Atómico por Juana María Cardoso, de la CNEA. Las investigaciones fueron hechas a distintas latitudes y alturas para estudiar el efecto de ambas en la radiación cósmica.</p><p>El Profesor James Cronin, Director General del Observatorio Pampa Amarilla y premio Nobel de Física 1980, conoce estos antecedentes argentinos, pero tal vez más importante aún es que sean conocidos por los científicos y técnicos de este país y por sus habitantes en general por ser parte de sus raíces. La tradición y el protagonismo científico en éste y otros temas relacionados han sido las razones fundamentales para que se eligiera a nuestro país en lugar de otros del Hemisferio Sur para instalar el nuevo Observatorio.</p></div></div></div></div></div></div><div class="section mcb-section " style="text-align: center;"><div class="section_wrapper mcb-section-inner"><div class="wrap mcb-wrap one valign-top clearfix"><div class="mcb-wrap-inner"><div class="column mcb-column one column_column column-margin-10px"><div class="column_attr clearfix align_center"><h4><strong>Primer Trabajo De Investigadores Argentinos</strong><br /><strong>Sobre Los Rayos Cósmicos</strong></h4></div></div><div class="column mcb-column one-second column_column column-margin-10px"><div class="column_attr clearfix align_right"><a class="button button_right button_size_2 button_theme button_js kill_the_icon fancybox image" href="https://visitantes.auger.org.ar/wp-content/uploads/2023/01/pagina1.png" target="_blank" rel="gallery noopener" aria-controls="fancybox-wrap" aria-haspopup="dialog"><i class="icon-layout"></i><span class="button_label">Página 1</span></a></div></div><div class="column mcb-column one-second column_column column-margin-10px"><div class="column_attr clearfix align_left"><a class="button button_right button_size_2 button_theme button_js kill_the_icon fancybox image" href="https://visitantes.auger.org.ar/wp-content/uploads/2023/01/pagina1.png" target="_blank" rel="gallery noopener" aria-controls="fancybox-wrap" aria-haspopup="dialog"><i class="icon-layout"></i><span class="button_label">Página 2</span></a></div></div><div class="column mcb-column one column_column column-margin-"><div class="column_attr clearfix align_center"><p>B. Cougnet, J. Roederer, P. Waloschek, Zeitschrift Für Naturforschung A, volume 7, page 201, 1952</p></div></div></div></div></div></div><div class="section the_content no_content" style="text-align: center;"> </div><div class="section section-page-footer" style="text-align: center;"><div class="section_wrapper clearfix"><div class="column one page-pager"> </div></div></div></div></div></div></div><div class="elementor elementor-4146 elementor-location-footer" data-elementor-type="footer" data-elementor-id="4146"><section class="elementor-section elementor-top-section elementor-element elementor-element-f6e0299 elementor-section-boxed elementor-section-height-default elementor-section-height-default" data-id="f6e0299" data-element_type="section"><div class="elementor-container elementor-column-gap-default"><div class="elementor-column elementor-col-100 elementor-top-column elementor-element elementor-element-b77ab23" data-id="b77ab23" data-element_type="column"><div class="elementor-widget-wrap"> </div></div></div></section><section class="elementor-section elementor-top-section elementor-element elementor-element-437a6c7 elementor-section-boxed elementor-section-height-default elementor-section-height-default" data-id="437a6c7" data-element_type="section"><div class="elementor-container elementor-column-gap-default"><div class="elementor-column elementor-col-100 elementor-top-column elementor-element elementor-element-9e479c4" style="text-align: center;" data-id="9e479c4" data-element_type="column"> </div></div></section></div>								</div>
				</div>
					</div>
		</div>
					</div>
		</section>
				</div>

<p>RAYOS CÓSMICOS EN LA ARGENTINA Podría Decirse Que El Estudio De Los Rayos Cósmicos Comenzó, En La Argentina, Hace Medio Siglo. Efectivamente, Tenemos Constancia De La Construcción De Un Refugio En La Cordillera De Los Andes En Las Laderas Del Cerro Laguna, Vecino Del Volcán Maipo, A Cuyos Pies Se Encuentra La Muy Bella Laguna [&hellip;]</p>

RAYOS CÓSMICOS EN LA ARGENTINA Podría Decirse Que El Estudio De Los Rayos Cósmicos Comenzó, En La Argentina, Hace Medio Siglo. Efectivamente, Tenemos Constancia De La Construcción De Un Refugio En La Cordillera De Los Andes En Las Laderas Del Cerro Laguna, Vecino Del Volcán Maipo, A Cuyos Pies Se Encuentra La Muy Bella Laguna&hellip;
