{"id":4837,"date":"2023-07-17T21:49:52","date_gmt":"2023-07-17T21:49:52","guid":{"rendered":"https:\/\/visitantes.auger.org.ar\/?page_id=4837"},"modified":"2024-07-17T08:58:30","modified_gmt":"2024-07-17T11:58:30","slug":"quien-fue-pierre-auger","status":"publish","type":"page","link":"https:\/\/visitantes.auger.org.ar\/index.php\/quien-fue-pierre-auger\/","title":{"rendered":"\u00bfQUI\u00c9N FUE PIERRE AUGER?"},"content":{"rendered":"\t\t<div data-elementor-type=\"wp-page\" data-elementor-id=\"4837\" class=\"elementor elementor-4837\">\n\t\t\t\t\t\t<section class=\"elementor-section elementor-top-section elementor-element elementor-element-6569ba27 elementor-section-full_width elementor-section-height-min-height elementor-section-height-default elementor-section-items-middle\" data-id=\"6569ba27\" data-element_type=\"section\" data-e-type=\"section\" data-settings=\"{&quot;background_background&quot;:&quot;classic&quot;}\">\n\t\t\t\t\t\t\t<div class=\"elementor-background-overlay\"><\/div>\n\t\t\t\t\t\t\t<div class=\"elementor-container elementor-column-gap-default\">\n\t\t\t\t\t<div class=\"elementor-column elementor-col-100 elementor-top-column elementor-element elementor-element-22bf3c8a\" data-id=\"22bf3c8a\" data-element_type=\"column\" data-e-type=\"column\">\n\t\t\t<div class=\"elementor-widget-wrap elementor-element-populated\">\n\t\t\t\t\t\t<div class=\"elementor-element elementor-element-98fe587 elementor-widget elementor-widget-heading\" data-id=\"98fe587\" data-element_type=\"widget\" data-e-type=\"widget\" data-widget_type=\"heading.default\">\n\t\t\t\t<div class=\"elementor-widget-container\">\n\t\t\t\t\t<h2 class=\"elementor-heading-title elementor-size-default\">\u00bfQUI\u00c9N FUE PIERRE AUGER?<\/h2>\t\t\t\t<\/div>\n\t\t\t\t<\/div>\n\t\t\t\t\t<\/div>\n\t\t<\/div>\n\t\t\t\t\t<\/div>\n\t\t<\/section>\n\t\t\t\t<section class=\"elementor-section elementor-top-section elementor-element elementor-element-79e3c9d elementor-section-boxed elementor-section-height-default elementor-section-height-default\" data-id=\"79e3c9d\" data-element_type=\"section\" data-e-type=\"section\">\n\t\t\t\t\t\t<div class=\"elementor-container elementor-column-gap-default\">\n\t\t\t\t\t<div class=\"elementor-column elementor-col-100 elementor-top-column elementor-element elementor-element-a5dc272\" data-id=\"a5dc272\" data-element_type=\"column\" data-e-type=\"column\">\n\t\t\t<div class=\"elementor-widget-wrap elementor-element-populated\">\n\t\t\t\t\t\t<div class=\"elementor-element elementor-element-8235689 elementor-widget elementor-widget-text-editor\" data-id=\"8235689\" data-element_type=\"widget\" data-e-type=\"widget\" data-widget_type=\"text-editor.default\">\n\t\t\t\t<div class=\"elementor-widget-container\">\n\t\t\t\t\t\t\t\t\t<div class=\"section mcb-section \"><div class=\"section_wrapper mcb-section-inner\"><div class=\"wrap mcb-wrap one valign-top clearfix\"><div class=\"mcb-wrap-inner\"><div class=\"column mcb-column one column_column column-margin-\"><div class=\"column_attr clearfix\"><h3 style=\"text-align: center;\"><strong>Par\u00eds, 14-Mayo-1899 \/ 25-Diciembre-1993.<\/strong><\/h3><p style=\"text-align: center;\"><strong>F\u00edsico de origen Franc\u00e9s. Se lo puede considerar como descubridor de las gigantescas lluvias de part\u00edculas generadas por la interacci\u00f3n de los rayos c\u00f3smicos de ultra-alta-energ\u00eda con la atm\u00f3sfera de la Tierra.<\/strong><\/p><p style=\"text-align: center;\"><br \/><strong>En esta secci\u00f3n presentamos algunas fechas y hechos relevantes en su vida y su trabajo (tomados de una nota biogr\u00e1fica escrita por el mismo en 1971).<\/strong><b><\/b><i><\/i><\/p><\/div><\/div><\/div><\/div><\/div><\/div><div class=\"section mcb-section \" style=\"text-align: center;\"><div class=\"section_wrapper mcb-section-inner\"><div class=\"wrap mcb-wrap one-third valign-top clearfix\"><div class=\"mcb-wrap-inner\"><div class=\"column mcb-column one column_image \"><div class=\"image_frame image_item no_link scale-with-grid aligncenter no_border\"><div class=\"image_wrapper\"><img fetchpriority=\"high\" decoding=\"async\" class=\"scale-with-grid\" src=\"https:\/\/visitantes.auger.org.ar\/wp-content\/uploads\/2011\/08\/historia_9.jpg\" alt=\"Pierre Auger\" width=\"400\" height=\"574\" \/><\/div><\/div><\/div><\/div><\/div><div class=\"wrap mcb-wrap two-third valign-top clearfix\"><div class=\"mcb-wrap-inner\"><div class=\"column mcb-column one column_column column-margin-\"><div class=\"column_attr clearfix\"><p><b>1919:\u00a0<\/b>Ingresa en la &#8220;Ecole Normale Sup\u00e9rieure de Paris&#8221; en el grupo de biolog\u00eda pero con inter\u00e9s en la F\u00edsica At\u00f3mica.<\/p><p><b>1922-1942:\u00a0<\/b>Dedica su vida profesional a la F\u00edsica Experimental en los siguientes campos:<br \/>F\u00edsica At\u00f3mica (efecto fotoel\u00e9ctrico)<br \/>F\u00edsica Nuclear (neutrones lentos)<br \/>F\u00edsica de los Rayos C\u00f3smicos (lluvias atmosf\u00e9ricas)<\/p><p><b>1939-1941:\u00a0<\/b>Trabaja en el \u00e1rea de Defensa, a cargo de la organizaci\u00f3n de un servicio de documentaci\u00f3n del laboratorio.<\/p><p><b>1941:\u00a0<\/b>Deja Francia y entra en las &#8220;Forces Fran\u00e7aises Libres&#8221; (Fuerzas Francesas Libres). Participa en la creaci\u00f3n de un grupo Franco-Brit\u00e1nico-Canadiense para investigaci\u00f3n sobre energ\u00eda at\u00f3mica (se convierte en la cabeza de este departamento en Montreal).<\/p><p><b>1944:<\/b>\u00a0Se re\u00fane con el grupo operacional en Londres.<\/p><p><b>1945:<\/b>\u00a0Se convierte en el Representante del Departamento de Universidades para el gobierno franc\u00e9s. Muchas de las reformas que impuls\u00f3 siguen estando vigentes en el sistema franc\u00e9s actual. En particular, particip\u00f3 en la creaci\u00f3n de la Comisi\u00f3n Francesa de Energ\u00eda At\u00f3mica &#8220;French Atomic Energy Commission (CEA)&#8221;.<\/p><p><b>1948-1959:<\/b>\u00a0Se desempe\u00f1a como Director del Departamento de Ciencias para la UNESCO. Contribuye para la creaci\u00f3n de varios organismos de investigaci\u00f3n internacionales. Es uno de los creadores del CERN cuya construcci\u00f3n comenz\u00f3 en 1953.<\/p><p><b>1959-1964:<\/b>\u00a0Retoma sus actividades en la F\u00edsica de Rayos C\u00f3smicos con un cambio de la F\u00edsica Nuclear a la Astrof\u00edsica. Crea y dirige el CNES (National Center for Space Physics) (Centro Nacional para la F\u00edsica del Espacio) que a\u00fan existe y otros organismos similares (COPERS, CERS-ESRO).<\/p><p><b>1964-1967:<\/b>\u00a0Dirige el ESRO, un organismo internacional de cooperaci\u00f3n entre 10 paises europeos para proyectos satelitales.<\/p><p><b>1967-1970 (fecha en que se retira):\u00a0<\/b>Dirige el &#8220;Centre des Faibles Radioactivit\u00e9s&#8221; (radiaciones d\u00e9biles usados en particular para t\u00e9cnicas de dataci\u00f3n).<\/p><\/div><\/div><div class=\"column mcb-column one column_divider \"><hr class=\"no_line\" \/><\/div><\/div><\/div><\/div><\/div><div class=\"section mcb-section equal-height-wrap \" style=\"text-align: center;\"><div class=\"section_wrapper mcb-section-inner\"><div class=\"wrap mcb-wrap one-third valign-middle clearfix\"><div class=\"mcb-wrap-inner\"><div class=\"column mcb-column one column_image \"><div class=\"image_frame image_item no_link scale-with-grid aligncenter no_border\"><div class=\"image_wrapper\"><img decoding=\"async\" class=\"scale-with-grid\" src=\"https:\/\/visitantes.auger.org.ar\/wp-content\/uploads\/2010\/03\/historia_18.jpg\" alt=\"Dr. James W. Cronin, premio Nobel de F\u00edsica a\u00f1o 1980 y Dr. Alan Watson Fundadores Observatorio Pierre Auger\" width=\"198\" height=\"284\" \/><\/div><\/div><\/div><\/div><\/div><div class=\"wrap mcb-wrap two-third valign-middle clearfix\"><div class=\"mcb-wrap-inner\"><div class=\"column mcb-column one column_column column-margin-\"><div class=\"column_attr clearfix\"><h4><strong>\u201cLouis Leprince-Ringuet Y Pierre Auger Visitar\u00f3n La Argentina En 1933\u201d<\/strong><\/h4><p class=\"big\">\u201c\u201cLouis Leprince-Ringuet fue un experto en rayos c\u00f3smicos y gran cient\u00edfico franc\u00e9s. Muri\u00f3 el 23 de diciembre de 2000, pocos meses antes de cumplir los 100 a\u00f1os.<\/p><p class=\"big\">En 1933, Leprince-Ringuet junto con Pierre Auger se embarc\u00f3 en Hamburgo, Alemania, con rumbo a Buenos Aires, Argentina, con 100 detectores de part\u00edculas a bordo. En esos tiempos, la naturaleza de los rayos c\u00f3smicos era desconocida. Part\u00edculas cargadas, de naturaleza diferente a los rayos gama, son desviadas por el campo magn\u00e9tico de la Tierra, el cual var\u00eda con la latitud. Auger y Leprince-Ringuet confiaban, sin embargo, en que estudiando la variaci\u00f3n de la intensidad de los rayos c\u00f3smicos con la latitud pudiera revelarse cu\u00e1l era su naturaleza.<\/p><p>Despu\u00e9s de varios experimentos junto a Auger en picos monta\u00f1osos y con vuelos en globo, Leprince-Ringuet desarroll\u00f3 su propio laboratorio de investigaci\u00f3n en rayos c\u00f3smicos en 1936\u2026<\/p><\/div><\/div><div class=\"column mcb-column one column_divider \"><hr class=\"no_line\" \/><\/div><\/div><\/div><\/div><\/div><div class=\"section mcb-section \"><div class=\"section_wrapper mcb-section-inner\"><div class=\"wrap mcb-wrap one valign-top clearfix\"><div class=\"mcb-wrap-inner\"><div class=\"column mcb-column one-sixth column_placeholder\" style=\"text-align: center;\"><div class=\"placeholder\">\u00a0<\/div><\/div><div class=\"column mcb-column two-third column_fancy_heading \"><div class=\"fancy_heading fancy_heading_icon\"><div class=\"inside\"><h4 style=\"text-align: center;\"><strong>\u201cNuestro Trabajo Es Parte Del Estudio Permanente De Los Fen\u00f3menos Naturales, De La Comprensi\u00f3n De Los Mismos Y Del Descubrimiento De Sus Relaciones A Trav\u00e9s De Un Formalismo Que Tuvimos Que Inventar Para Tal Prop\u00f3sito. A Pesar De Que Nuestro Trabajo Conf\u00eda En La Imaginaci\u00f3n, El Pensamiento Cr\u00edtico, La Tenacidad Y El Esp\u00edritu Creativo, \u00c9ste Revela Poco, Y De Manera Muy Azarosa, La Profundidad Y La M\u00e1s \u00cdntima Realidad De Nosotros Mismos. En Este Sentido, No Somos Poetas, Pero Cantamos En Populosos Coros La Grandeza De La Naturaleza Y El Poder\u00edo De La Humanidad.\u201d<\/strong><\/h4><p style=\"text-align: center;\">Palabras de Louis Leprince-Ringuet, durante la celebraci\u00f3n de su cumplea\u00f1os n\u00famero 96.<\/p><\/div><\/div><\/div><\/div><\/div><\/div><\/div>\t\t\t\t\t\t\t\t<\/div>\n\t\t\t\t<\/div>\n\t\t\t\t\t<\/div>\n\t\t<\/div>\n\t\t\t\t\t<\/div>\n\t\t<\/section>\n\t\t\t\t<\/div>\n\t\t","protected":false},"excerpt":{"rendered":"<p>\u00bfQUI\u00c9N FUE PIERRE AUGER? Par\u00eds, 14-Mayo-1899 \/ 25-Diciembre-1993. F\u00edsico de origen Franc\u00e9s. Se lo puede considerar como descubridor de las gigantescas lluvias de part\u00edculas generadas por la interacci\u00f3n de los rayos c\u00f3smicos de ultra-alta-energ\u00eda con la atm\u00f3sfera de la Tierra. En esta secci\u00f3n presentamos algunas fechas y hechos relevantes en su vida y su trabajo [&hellip;]<\/p>\n","protected":false},"author":6,"featured_media":0,"parent":0,"menu_order":0,"comment_status":"closed","ping_status":"closed","template":"","meta":{"footnotes":""},"class_list":["post-4837","page","type-page","status-publish","hentry"],"jetpack_sharing_enabled":true,"rttpg_featured_image_url":null,"rttpg_author":{"display_name":"Beatriz Garcia","author_link":"https:\/\/visitantes.auger.org.ar\/index.php\/author\/beatriz\/"},"rttpg_comment":0,"rttpg_category":null,"rttpg_excerpt":"\u00bfQUI\u00c9N FUE PIERRE AUGER? Par\u00eds, 14-Mayo-1899 \/ 25-Diciembre-1993. F\u00edsico de origen Franc\u00e9s. Se lo puede considerar como descubridor de las gigantescas lluvias de part\u00edculas generadas por la interacci\u00f3n de los rayos c\u00f3smicos de ultra-alta-energ\u00eda con la atm\u00f3sfera de la Tierra. En esta secci\u00f3n presentamos algunas fechas y hechos relevantes en su vida y su trabajo&hellip;","_links":{"self":[{"href":"https:\/\/visitantes.auger.org.ar\/index.php\/wp-json\/wp\/v2\/pages\/4837","targetHints":{"allow":["GET"]}}],"collection":[{"href":"https:\/\/visitantes.auger.org.ar\/index.php\/wp-json\/wp\/v2\/pages"}],"about":[{"href":"https:\/\/visitantes.auger.org.ar\/index.php\/wp-json\/wp\/v2\/types\/page"}],"author":[{"embeddable":true,"href":"https:\/\/visitantes.auger.org.ar\/index.php\/wp-json\/wp\/v2\/users\/6"}],"replies":[{"embeddable":true,"href":"https:\/\/visitantes.auger.org.ar\/index.php\/wp-json\/wp\/v2\/comments?post=4837"}],"version-history":[{"count":10,"href":"https:\/\/visitantes.auger.org.ar\/index.php\/wp-json\/wp\/v2\/pages\/4837\/revisions"}],"predecessor-version":[{"id":7460,"href":"https:\/\/visitantes.auger.org.ar\/index.php\/wp-json\/wp\/v2\/pages\/4837\/revisions\/7460"}],"wp:attachment":[{"href":"https:\/\/visitantes.auger.org.ar\/index.php\/wp-json\/wp\/v2\/media?parent=4837"}],"curies":[{"name":"wp","href":"https:\/\/api.w.org\/{rel}","templated":true}]}}

¿QUIÉN FUE PIERRE AUGER?

<div data-elementor-type="wp-page" data-elementor-id="4837" class="elementor elementor-4837">
						<section class="elementor-section elementor-top-section elementor-element elementor-element-6569ba27 elementor-section-full_width elementor-section-height-min-height elementor-section-height-default elementor-section-items-middle" data-id="6569ba27" data-element_type="section" data-e-type="section" data-settings="{&quot;background_background&quot;:&quot;classic&quot;}">
							<div class="elementor-background-overlay"></div>
							<div class="elementor-container elementor-column-gap-default">
					<div class="elementor-column elementor-col-100 elementor-top-column elementor-element elementor-element-22bf3c8a" data-id="22bf3c8a" data-element_type="column" data-e-type="column">
			<div class="elementor-widget-wrap elementor-element-populated">
						<div class="elementor-element elementor-element-98fe587 elementor-widget elementor-widget-heading" data-id="98fe587" data-element_type="widget" data-e-type="widget" data-widget_type="heading.default">
				<div class="elementor-widget-container">
					<h2 class="elementor-heading-title elementor-size-default">¿QUIÉN FUE PIERRE AUGER?</h2>				</div>
				</div>
					</div>
		</div>
					</div>
		</section>
				<section class="elementor-section elementor-top-section elementor-element elementor-element-79e3c9d elementor-section-boxed elementor-section-height-default elementor-section-height-default" data-id="79e3c9d" data-element_type="section" data-e-type="section">
						<div class="elementor-container elementor-column-gap-default">
					<div class="elementor-column elementor-col-100 elementor-top-column elementor-element elementor-element-a5dc272" data-id="a5dc272" data-element_type="column" data-e-type="column">
			<div class="elementor-widget-wrap elementor-element-populated">
						<div class="elementor-element elementor-element-8235689 elementor-widget elementor-widget-text-editor" data-id="8235689" data-element_type="widget" data-e-type="widget" data-widget_type="text-editor.default">
				<div class="elementor-widget-container">
									<div class="section mcb-section "><div class="section_wrapper mcb-section-inner"><div class="wrap mcb-wrap one valign-top clearfix"><div class="mcb-wrap-inner"><div class="column mcb-column one column_column column-margin-"><div class="column_attr clearfix"><h3 style="text-align: center;"><strong>París, 14-Mayo-1899 / 25-Diciembre-1993.</strong></h3><p style="text-align: center;"><strong>Físico de origen Francés. Se lo puede considerar como descubridor de las gigantescas lluvias de partículas generadas por la interacción de los rayos cósmicos de ultra-alta-energía con la atmósfera de la Tierra.</strong></p><p style="text-align: center;"><br /><strong>En esta sección presentamos algunas fechas y hechos relevantes en su vida y su trabajo (tomados de una nota biográfica escrita por el mismo en 1971).</strong><b></b><i></i></p></div></div></div></div></div></div><div class="section mcb-section " style="text-align: center;"><div class="section_wrapper mcb-section-inner"><div class="wrap mcb-wrap one-third valign-top clearfix"><div class="mcb-wrap-inner"><div class="column mcb-column one column_image "><div class="image_frame image_item no_link scale-with-grid aligncenter no_border"><div class="image_wrapper"><img fetchpriority="high" decoding="async" class="scale-with-grid" src="https://visitantes.auger.org.ar/wp-content/uploads/2011/08/historia_9.jpg" alt="Pierre Auger" width="400" height="574" /></div></div></div></div></div><div class="wrap mcb-wrap two-third valign-top clearfix"><div class="mcb-wrap-inner"><div class="column mcb-column one column_column column-margin-"><div class="column_attr clearfix"><p><b>1919: </b>Ingresa en la &#8220;Ecole Normale Supérieure de Paris&#8221; en el grupo de biología pero con interés en la Física Atómica.</p><p><b>1922-1942: </b>Dedica su vida profesional a la Física Experimental en los siguientes campos:<br />Física Atómica (efecto fotoeléctrico)<br />Física Nuclear (neutrones lentos)<br />Física de los Rayos Cósmicos (lluvias atmosféricas)</p><p><b>1939-1941: </b>Trabaja en el área de Defensa, a cargo de la organización de un servicio de documentación del laboratorio.</p><p><b>1941: </b>Deja Francia y entra en las &#8220;Forces Françaises Libres&#8221; (Fuerzas Francesas Libres). Participa en la creación de un grupo Franco-Británico-Canadiense para investigación sobre energía atómica (se convierte en la cabeza de este departamento en Montreal).</p><p><b>1944:</b> Se reúne con el grupo operacional en Londres.</p><p><b>1945:</b> Se convierte en el Representante del Departamento de Universidades para el gobierno francés. Muchas de las reformas que impulsó siguen estando vigentes en el sistema francés actual. En particular, participó en la creación de la Comisión Francesa de Energía Atómica &#8220;French Atomic Energy Commission (CEA)&#8221;.</p><p><b>1948-1959:</b> Se desempeña como Director del Departamento de Ciencias para la UNESCO. Contribuye para la creación de varios organismos de investigación internacionales. Es uno de los creadores del CERN cuya construcción comenzó en 1953.</p><p><b>1959-1964:</b> Retoma sus actividades en la Física de Rayos Cósmicos con un cambio de la Física Nuclear a la Astrofísica. Crea y dirige el CNES (National Center for Space Physics) (Centro Nacional para la Física del Espacio) que aún existe y otros organismos similares (COPERS, CERS-ESRO).</p><p><b>1964-1967:</b> Dirige el ESRO, un organismo internacional de cooperación entre 10 paises europeos para proyectos satelitales.</p><p><b>1967-1970 (fecha en que se retira): </b>Dirige el &#8220;Centre des Faibles Radioactivités&#8221; (radiaciones débiles usados en particular para técnicas de datación).</p></div></div><div class="column mcb-column one column_divider "><hr class="no_line" /></div></div></div></div></div><div class="section mcb-section equal-height-wrap " style="text-align: center;"><div class="section_wrapper mcb-section-inner"><div class="wrap mcb-wrap one-third valign-middle clearfix"><div class="mcb-wrap-inner"><div class="column mcb-column one column_image "><div class="image_frame image_item no_link scale-with-grid aligncenter no_border"><div class="image_wrapper"><img decoding="async" class="scale-with-grid" src="https://visitantes.auger.org.ar/wp-content/uploads/2010/03/historia_18.jpg" alt="Dr. James W. Cronin, premio Nobel de Física año 1980 y Dr. Alan Watson Fundadores Observatorio Pierre Auger" width="198" height="284" /></div></div></div></div></div><div class="wrap mcb-wrap two-third valign-middle clearfix"><div class="mcb-wrap-inner"><div class="column mcb-column one column_column column-margin-"><div class="column_attr clearfix"><h4><strong>“Louis Leprince-Ringuet Y Pierre Auger Visitarón La Argentina En 1933”</strong></h4><p class="big">““Louis Leprince-Ringuet fue un experto en rayos cósmicos y gran científico francés. Murió el 23 de diciembre de 2000, pocos meses antes de cumplir los 100 años.</p><p class="big">En 1933, Leprince-Ringuet junto con Pierre Auger se embarcó en Hamburgo, Alemania, con rumbo a Buenos Aires, Argentina, con 100 detectores de partículas a bordo. En esos tiempos, la naturaleza de los rayos cósmicos era desconocida. Partículas cargadas, de naturaleza diferente a los rayos gama, son desviadas por el campo magnético de la Tierra, el cual varía con la latitud. Auger y Leprince-Ringuet confiaban, sin embargo, en que estudiando la variación de la intensidad de los rayos cósmicos con la latitud pudiera revelarse cuál era su naturaleza.</p><p>Después de varios experimentos junto a Auger en picos montañosos y con vuelos en globo, Leprince-Ringuet desarrolló su propio laboratorio de investigación en rayos cósmicos en 1936…</p></div></div><div class="column mcb-column one column_divider "><hr class="no_line" /></div></div></div></div></div><div class="section mcb-section "><div class="section_wrapper mcb-section-inner"><div class="wrap mcb-wrap one valign-top clearfix"><div class="mcb-wrap-inner"><div class="column mcb-column one-sixth column_placeholder" style="text-align: center;"><div class="placeholder"> </div></div><div class="column mcb-column two-third column_fancy_heading "><div class="fancy_heading fancy_heading_icon"><div class="inside"><h4 style="text-align: center;"><strong>“Nuestro Trabajo Es Parte Del Estudio Permanente De Los Fenómenos Naturales, De La Comprensión De Los Mismos Y Del Descubrimiento De Sus Relaciones A Través De Un Formalismo Que Tuvimos Que Inventar Para Tal Propósito. A Pesar De Que Nuestro Trabajo Confía En La Imaginación, El Pensamiento Crítico, La Tenacidad Y El Espíritu Creativo, Éste Revela Poco, Y De Manera Muy Azarosa, La Profundidad Y La Más Íntima Realidad De Nosotros Mismos. En Este Sentido, No Somos Poetas, Pero Cantamos En Populosos Coros La Grandeza De La Naturaleza Y El Poderío De La Humanidad.”</strong></h4><p style="text-align: center;">Palabras de Louis Leprince-Ringuet, durante la celebración de su cumpleaños número 96.</p></div></div></div></div></div></div></div>								</div>
				</div>
					</div>
		</div>
					</div>
		</section>
				</div>

<p>¿QUIÉN FUE PIERRE AUGER? París, 14-Mayo-1899 / 25-Diciembre-1993. Físico de origen Francés. Se lo puede considerar como descubridor de las gigantescas lluvias de partículas generadas por la interacción de los rayos cósmicos de ultra-alta-energía con la atmósfera de la Tierra. En esta sección presentamos algunas fechas y hechos relevantes en su vida y su trabajo [&hellip;]</p>

¿QUIÉN FUE PIERRE AUGER? París, 14-Mayo-1899 / 25-Diciembre-1993. Físico de origen Francés. Se lo puede considerar como descubridor de las gigantescas lluvias de partículas generadas por la interacción de los rayos cósmicos de ultra-alta-energía con la atmósfera de la Tierra. En esta sección presentamos algunas fechas y hechos relevantes en su vida y su trabajo&hellip;
