{"id":4861,"date":"2023-07-17T21:54:31","date_gmt":"2023-07-17T21:54:31","guid":{"rendered":"https:\/\/visitantes.auger.org.ar\/?page_id=4861"},"modified":"2024-07-17T08:59:06","modified_gmt":"2024-07-17T11:59:06","slug":"que-es-la-radiacion-cherenkov","status":"publish","type":"page","link":"https:\/\/visitantes.auger.org.ar\/index.php\/que-es-la-radiacion-cherenkov\/","title":{"rendered":"\u00bfQU\u00c9 ES LA RADIACI\u00d3N CHERENKOV?"},"content":{"rendered":"\t\t<div data-elementor-type=\"wp-page\" data-elementor-id=\"4861\" class=\"elementor elementor-4861\">\n\t\t\t\t\t\t<section class=\"elementor-section elementor-top-section elementor-element elementor-element-b196393 elementor-section-full_width elementor-section-height-min-height elementor-section-height-default elementor-section-items-middle\" data-id=\"b196393\" data-element_type=\"section\" data-e-type=\"section\" data-settings=\"{&quot;background_background&quot;:&quot;classic&quot;}\">\n\t\t\t\t\t\t\t<div class=\"elementor-background-overlay\"><\/div>\n\t\t\t\t\t\t\t<div class=\"elementor-container elementor-column-gap-default\">\n\t\t\t\t\t<div class=\"elementor-column elementor-col-100 elementor-top-column elementor-element elementor-element-4a149f6d\" data-id=\"4a149f6d\" data-element_type=\"column\" data-e-type=\"column\">\n\t\t\t<div class=\"elementor-widget-wrap elementor-element-populated\">\n\t\t\t\t\t\t<div class=\"elementor-element elementor-element-3f901cfb elementor-widget elementor-widget-heading\" data-id=\"3f901cfb\" data-element_type=\"widget\" data-e-type=\"widget\" data-widget_type=\"heading.default\">\n\t\t\t\t<div class=\"elementor-widget-container\">\n\t\t\t\t\t<h2 class=\"elementor-heading-title elementor-size-default\">\u00bfQU\u00c9 ES LA RADIACI\u00d3N CHERENKOV?\n<\/h2>\t\t\t\t<\/div>\n\t\t\t\t<\/div>\n\t\t\t\t\t<\/div>\n\t\t<\/div>\n\t\t\t\t\t<\/div>\n\t\t<\/section>\n\t\t\t\t<section class=\"elementor-section elementor-top-section elementor-element elementor-element-e845f2b elementor-section-boxed elementor-section-height-default elementor-section-height-default\" data-id=\"e845f2b\" data-element_type=\"section\" data-e-type=\"section\">\n\t\t\t\t\t\t<div class=\"elementor-container elementor-column-gap-default\">\n\t\t\t\t\t<div class=\"elementor-column elementor-col-100 elementor-top-column elementor-element elementor-element-22c2509\" data-id=\"22c2509\" data-element_type=\"column\" data-e-type=\"column\">\n\t\t\t<div class=\"elementor-widget-wrap elementor-element-populated\">\n\t\t\t\t\t\t<div class=\"elementor-element elementor-element-a5f339c elementor-widget elementor-widget-text-editor\" data-id=\"a5f339c\" data-element_type=\"widget\" data-e-type=\"widget\" data-widget_type=\"text-editor.default\">\n\t\t\t\t<div class=\"elementor-widget-container\">\n\t\t\t\t\t\t\t\t\t<div id=\"Content\"><div class=\"content_wrapper clearfix\"><div class=\"sections_group\"><div class=\"entry-content\"><div class=\"section mcb-section \"><div class=\"section_wrapper mcb-section-inner\"><div class=\"wrap mcb-wrap one valign-top clearfix\"><div class=\"mcb-wrap-inner\"><div class=\"column mcb-column one column_column column-margin-\"><div class=\"column_attr clearfix\"><p><b>La &#8220;<i>Radiaci\u00f3n Cherenkov<\/i>&#8220;es la luz emitida por un medio transparente cuando part\u00edculas cargadas lo cruzan a una velocidad mayor a la de la luz en ese medio. El efecto, descubierto por Pavel Cherenkov en 1934, mientras estudiaba el efecto de los rayos gamma en los l\u00edquidos, y explicado en 1937 por I. E. Tamm y I. M. Frank, es an\u00e1logo a la creaci\u00f3n de una explosi\u00f3n de sonido cuando un objeto excede la velocidad del sonido en ese medio. La luz se emite solamente en direcciones con inclinaciones en ciertos \u00e1ngulos respecto de la direcci\u00f3n del movimiento de la part\u00edcula y de su momento (energ\u00eda). Entonces, simplemente midiendo el \u00e1ngulo entre la radiaci\u00f3n (luz) y la trayectoria de la part\u00edcula, se puede determinar la velocidad de la misma. El efecto se utiliza en el contador Cherenkov, un dispositivo para detectar part\u00edculas muy r\u00e1pidas y determinar su velocidad o para distinguir entre part\u00edculas con diferentes velocidades.<\/b><\/p><\/div><\/div><\/div><\/div><\/div><\/div><div class=\"section mcb-section \"><div class=\"section_wrapper mcb-section-inner\"><div class=\"wrap mcb-wrap one-third valign-top clearfix\"><div class=\"mcb-wrap-inner\"><div class=\"column mcb-column one column_image \"><div class=\"image_frame image_item no_link scale-with-grid aligncenter no_border\"><div class=\"image_wrapper\"><img decoding=\"async\" class=\"scale-with-grid\" src=\"https:\/\/visitantes.auger.org.ar\/wp-content\/uploads\/2010\/01\/pavel.jpg\" alt=\"pavel\" width=\"161\" height=\"227\" \/><\/div><\/div><\/div><\/div><\/div><div class=\"wrap mcb-wrap two-third valign-top clearfix\"><div class=\"mcb-wrap-inner\"><div class=\"column mcb-column one column_column column-margin-\"><div class=\"column_attr clearfix\"><h3><strong>Pavel Alekseyevich Cherenkov<\/strong><\/h3><p>1904-1990. F\u00edsico de origen Sovi\u00e9tico. Comparti\u00f3 el Premio Nobel de F\u00edsica con los f\u00edsicos sovi\u00e9ticos I. M. Frank y I. Y. Tamm en 1958 por su descubrimiento (en 1934) de la radiaci\u00f3n Cherenkov. Su investigaci\u00f3n abri\u00f3 el camino a nuevos estudios sobre las part\u00edculas y rayos c\u00f3smicos de alta energ\u00eda.<\/p><\/div><\/div><div class=\"column mcb-column one column_divider \"><hr class=\"no_line\" \/><\/div><\/div><\/div><\/div><\/div><div class=\"section the_content no_content\">\u00a0<\/div><div class=\"section section-page-footer\"><div class=\"section_wrapper clearfix\"><div class=\"column one page-pager\">\u00a0<\/div><\/div><\/div><\/div><\/div><\/div><\/div>\t\t\t\t\t\t\t\t<\/div>\n\t\t\t\t<\/div>\n\t\t\t\t\t<\/div>\n\t\t<\/div>\n\t\t\t\t\t<\/div>\n\t\t<\/section>\n\t\t\t\t<\/div>\n\t\t","protected":false},"excerpt":{"rendered":"<p>\u00bfQU\u00c9 ES LA RADIACI\u00d3N CHERENKOV? La &#8220;Radiaci\u00f3n Cherenkov&#8220;es la luz emitida por un medio transparente cuando part\u00edculas cargadas lo cruzan a una velocidad mayor a la de la luz en ese medio. El efecto, descubierto por Pavel Cherenkov en 1934, mientras estudiaba el efecto de los rayos gamma en los l\u00edquidos, y explicado en 1937 [&hellip;]<\/p>\n","protected":false},"author":6,"featured_media":0,"parent":0,"menu_order":0,"comment_status":"closed","ping_status":"closed","template":"","meta":{"footnotes":""},"class_list":["post-4861","page","type-page","status-publish","hentry"],"jetpack_sharing_enabled":true,"rttpg_featured_image_url":null,"rttpg_author":{"display_name":"Beatriz Garcia","author_link":"https:\/\/visitantes.auger.org.ar\/index.php\/author\/beatriz\/"},"rttpg_comment":0,"rttpg_category":null,"rttpg_excerpt":"\u00bfQU\u00c9 ES LA RADIACI\u00d3N CHERENKOV? La &#8220;Radiaci\u00f3n Cherenkov&#8220;es la luz emitida por un medio transparente cuando part\u00edculas cargadas lo cruzan a una velocidad mayor a la de la luz en ese medio. El efecto, descubierto por Pavel Cherenkov en 1934, mientras estudiaba el efecto de los rayos gamma en los l\u00edquidos, y explicado en 1937&hellip;","_links":{"self":[{"href":"https:\/\/visitantes.auger.org.ar\/index.php\/wp-json\/wp\/v2\/pages\/4861","targetHints":{"allow":["GET"]}}],"collection":[{"href":"https:\/\/visitantes.auger.org.ar\/index.php\/wp-json\/wp\/v2\/pages"}],"about":[{"href":"https:\/\/visitantes.auger.org.ar\/index.php\/wp-json\/wp\/v2\/types\/page"}],"author":[{"embeddable":true,"href":"https:\/\/visitantes.auger.org.ar\/index.php\/wp-json\/wp\/v2\/users\/6"}],"replies":[{"embeddable":true,"href":"https:\/\/visitantes.auger.org.ar\/index.php\/wp-json\/wp\/v2\/comments?post=4861"}],"version-history":[{"count":10,"href":"https:\/\/visitantes.auger.org.ar\/index.php\/wp-json\/wp\/v2\/pages\/4861\/revisions"}],"predecessor-version":[{"id":7472,"href":"https:\/\/visitantes.auger.org.ar\/index.php\/wp-json\/wp\/v2\/pages\/4861\/revisions\/7472"}],"wp:attachment":[{"href":"https:\/\/visitantes.auger.org.ar\/index.php\/wp-json\/wp\/v2\/media?parent=4861"}],"curies":[{"name":"wp","href":"https:\/\/api.w.org\/{rel}","templated":true}]}}

¿QUÉ ES LA RADIACIÓN CHERENKOV?

<div data-elementor-type="wp-page" data-elementor-id="4861" class="elementor elementor-4861">
						<section class="elementor-section elementor-top-section elementor-element elementor-element-b196393 elementor-section-full_width elementor-section-height-min-height elementor-section-height-default elementor-section-items-middle" data-id="b196393" data-element_type="section" data-e-type="section" data-settings="{&quot;background_background&quot;:&quot;classic&quot;}">
							<div class="elementor-background-overlay"></div>
							<div class="elementor-container elementor-column-gap-default">
					<div class="elementor-column elementor-col-100 elementor-top-column elementor-element elementor-element-4a149f6d" data-id="4a149f6d" data-element_type="column" data-e-type="column">
			<div class="elementor-widget-wrap elementor-element-populated">
						<div class="elementor-element elementor-element-3f901cfb elementor-widget elementor-widget-heading" data-id="3f901cfb" data-element_type="widget" data-e-type="widget" data-widget_type="heading.default">
				<div class="elementor-widget-container">
					<h2 class="elementor-heading-title elementor-size-default">¿QUÉ ES LA RADIACIÓN CHERENKOV?
</h2>				</div>
				</div>
					</div>
		</div>
					</div>
		</section>
				<section class="elementor-section elementor-top-section elementor-element elementor-element-e845f2b elementor-section-boxed elementor-section-height-default elementor-section-height-default" data-id="e845f2b" data-element_type="section" data-e-type="section">
						<div class="elementor-container elementor-column-gap-default">
					<div class="elementor-column elementor-col-100 elementor-top-column elementor-element elementor-element-22c2509" data-id="22c2509" data-element_type="column" data-e-type="column">
			<div class="elementor-widget-wrap elementor-element-populated">
						<div class="elementor-element elementor-element-a5f339c elementor-widget elementor-widget-text-editor" data-id="a5f339c" data-element_type="widget" data-e-type="widget" data-widget_type="text-editor.default">
				<div class="elementor-widget-container">
									<div id="Content"><div class="content_wrapper clearfix"><div class="sections_group"><div class="entry-content"><div class="section mcb-section "><div class="section_wrapper mcb-section-inner"><div class="wrap mcb-wrap one valign-top clearfix"><div class="mcb-wrap-inner"><div class="column mcb-column one column_column column-margin-"><div class="column_attr clearfix"><p><b>La &#8220;<i>Radiación Cherenkov</i>&#8220;es la luz emitida por un medio transparente cuando partículas cargadas lo cruzan a una velocidad mayor a la de la luz en ese medio. El efecto, descubierto por Pavel Cherenkov en 1934, mientras estudiaba el efecto de los rayos gamma en los líquidos, y explicado en 1937 por I. E. Tamm y I. M. Frank, es análogo a la creación de una explosión de sonido cuando un objeto excede la velocidad del sonido en ese medio. La luz se emite solamente en direcciones con inclinaciones en ciertos ángulos respecto de la dirección del movimiento de la partícula y de su momento (energía). Entonces, simplemente midiendo el ángulo entre la radiación (luz) y la trayectoria de la partícula, se puede determinar la velocidad de la misma. El efecto se utiliza en el contador Cherenkov, un dispositivo para detectar partículas muy rápidas y determinar su velocidad o para distinguir entre partículas con diferentes velocidades.</b></p></div></div></div></div></div></div><div class="section mcb-section "><div class="section_wrapper mcb-section-inner"><div class="wrap mcb-wrap one-third valign-top clearfix"><div class="mcb-wrap-inner"><div class="column mcb-column one column_image "><div class="image_frame image_item no_link scale-with-grid aligncenter no_border"><div class="image_wrapper"><img decoding="async" class="scale-with-grid" src="https://visitantes.auger.org.ar/wp-content/uploads/2010/01/pavel.jpg" alt="pavel" width="161" height="227" /></div></div></div></div></div><div class="wrap mcb-wrap two-third valign-top clearfix"><div class="mcb-wrap-inner"><div class="column mcb-column one column_column column-margin-"><div class="column_attr clearfix"><h3><strong>Pavel Alekseyevich Cherenkov</strong></h3><p>1904-1990. Físico de origen Soviético. Compartió el Premio Nobel de Física con los físicos soviéticos I. M. Frank y I. Y. Tamm en 1958 por su descubrimiento (en 1934) de la radiación Cherenkov. Su investigación abrió el camino a nuevos estudios sobre las partículas y rayos cósmicos de alta energía.</p></div></div><div class="column mcb-column one column_divider "><hr class="no_line" /></div></div></div></div></div><div class="section the_content no_content"> </div><div class="section section-page-footer"><div class="section_wrapper clearfix"><div class="column one page-pager"> </div></div></div></div></div></div></div>								</div>
				</div>
					</div>
		</div>
					</div>
		</section>
				</div>

<p>¿QUÉ ES LA RADIACIÓN CHERENKOV? La &#8220;Radiación Cherenkov&#8220;es la luz emitida por un medio transparente cuando partículas cargadas lo cruzan a una velocidad mayor a la de la luz en ese medio. El efecto, descubierto por Pavel Cherenkov en 1934, mientras estudiaba el efecto de los rayos gamma en los líquidos, y explicado en 1937 [&hellip;]</p>

¿QUÉ ES LA RADIACIÓN CHERENKOV? La &#8220;Radiación Cherenkov&#8220;es la luz emitida por un medio transparente cuando partículas cargadas lo cruzan a una velocidad mayor a la de la luz en ese medio. El efecto, descubierto por Pavel Cherenkov en 1934, mientras estudiaba el efecto de los rayos gamma en los líquidos, y explicado en 1937&hellip;
