{"id":4876,"date":"2023-07-17T21:58:22","date_gmt":"2023-07-17T21:58:22","guid":{"rendered":"https:\/\/visitantes.auger.org.ar\/?page_id=4876"},"modified":"2024-07-17T08:59:48","modified_gmt":"2024-07-17T11:59:48","slug":"que-es-un-tubo-fotomultiplicador-2","status":"publish","type":"page","link":"https:\/\/visitantes.auger.org.ar\/index.php\/que-es-un-tubo-fotomultiplicador-2\/","title":{"rendered":"\u00bfQU\u00c9 ES UN TUBO FOTOMULTIPLICADOR?"},"content":{"rendered":"\t\t<div data-elementor-type=\"wp-page\" data-elementor-id=\"4876\" class=\"elementor elementor-4876\">\n\t\t\t\t\t\t<section class=\"elementor-section elementor-top-section elementor-element elementor-element-39679f77 elementor-section-full_width elementor-section-height-min-height elementor-section-height-default elementor-section-items-middle\" data-id=\"39679f77\" data-element_type=\"section\" data-e-type=\"section\" data-settings=\"{&quot;background_background&quot;:&quot;classic&quot;}\">\n\t\t\t\t\t\t\t<div class=\"elementor-background-overlay\"><\/div>\n\t\t\t\t\t\t\t<div class=\"elementor-container elementor-column-gap-default\">\n\t\t\t\t\t<div class=\"elementor-column elementor-col-100 elementor-top-column elementor-element elementor-element-348d2c40\" data-id=\"348d2c40\" data-element_type=\"column\" data-e-type=\"column\">\n\t\t\t<div class=\"elementor-widget-wrap elementor-element-populated\">\n\t\t\t\t\t\t<div class=\"elementor-element elementor-element-3dcc199f elementor-widget elementor-widget-heading\" data-id=\"3dcc199f\" data-element_type=\"widget\" data-e-type=\"widget\" data-widget_type=\"heading.default\">\n\t\t\t\t<div class=\"elementor-widget-container\">\n\t\t\t\t\t<h2 class=\"elementor-heading-title elementor-size-default\">\u00bfQU\u00c9 ES UN TUBO FOTOMULTIPLICADOR?<\/h2>\t\t\t\t<\/div>\n\t\t\t\t<\/div>\n\t\t\t\t\t<\/div>\n\t\t<\/div>\n\t\t\t\t\t<\/div>\n\t\t<\/section>\n\t\t\t\t<section class=\"elementor-section elementor-top-section elementor-element elementor-element-f4b4279 elementor-section-boxed elementor-section-height-default elementor-section-height-default\" data-id=\"f4b4279\" data-element_type=\"section\" data-e-type=\"section\">\n\t\t\t\t\t\t<div class=\"elementor-container elementor-column-gap-default\">\n\t\t\t\t\t<div class=\"elementor-column elementor-col-100 elementor-top-column elementor-element elementor-element-fa75f21\" data-id=\"fa75f21\" data-element_type=\"column\" data-e-type=\"column\">\n\t\t\t<div class=\"elementor-widget-wrap elementor-element-populated\">\n\t\t\t\t\t\t<div class=\"elementor-element elementor-element-b161638 elementor-widget elementor-widget-text-editor\" data-id=\"b161638\" data-element_type=\"widget\" data-e-type=\"widget\" data-widget_type=\"text-editor.default\">\n\t\t\t\t<div class=\"elementor-widget-container\">\n\t\t\t\t\t\t\t\t\t<div class=\"wrap mcb-wrap one valign-top clearfix\"><div class=\"mcb-wrap-inner\"><div class=\"column mcb-column one column_fancy_heading \"><div class=\"fancy_heading fancy_heading_line\"><h2 class=\"title\"><strong>\u00bfQu\u00e9 Es Un Tubo Fotomultiplicador?<\/strong><\/h2><div class=\"inside\">La luz ultravioleta generada por el efecto Cherenkov en el agua por los detectores de superficie o la fluorescencia en el aire que detectan los telescopios de fluorescencia, es muy d\u00e9bil para ser medida por los circuitos electr\u00f3nicos. Por ello, se utiliza un tubo fotomultiplicador (PMT) que adem\u00e1s de funcionar como transductor, funciona como amplificador. Es decir, que a partir de una d\u00e9bil luz, se genera una corriente el\u00e9ctrica f\u00e1cilmente medible.<\/div><\/div><\/div><\/div><\/div><div class=\"wrap mcb-wrap one-second valign-top clearfix\"><div class=\"mcb-wrap-inner\"><div class=\"column mcb-column one column_image \"><div class=\"image_frame image_item no_link scale-with-grid aligncenter no_border\"><div class=\"image_wrapper\"><img fetchpriority=\"high\" decoding=\"async\" class=\"scale-with-grid\" src=\"https:\/\/visitantes.auger.org.ar\/wp-content\/uploads\/2018\/05\/tubo-foto0.jpg\" alt=\"tubo-foto0\" width=\"900\" height=\"584\" \/><\/div><\/div><\/div><div class=\"column mcb-column one column_column column-margin-\"><div class=\"column_attr clearfix\"><p class=\"big\">Se llama fotomultiplicador a un tipo de detector \u00f3ptico de vac\u00edo que aprovecha el efecto fotoel\u00e9ctrico (descubierto por Albert Einstein) de emisi\u00f3n secundaria de electrones para responder a niveles muy bajos de iluminaci\u00f3n, manteniendo un nivel de ruido aceptable. Las aplicaciones y usos de los fotomultiplicadores se han visto reducidas notablemente; en nuestros d\u00edas se los usa casi exclusivamente en detectores de part\u00edculas, basados en la radiaci\u00f3n de Cherenkov.<\/p><\/div><\/div><\/div><\/div><div class=\"wrap mcb-wrap one-second valign-top clearfix\"><div class=\"mcb-wrap-inner\"><div class=\"column mcb-column one column_image \"><div class=\"image_frame image_item no_link scale-with-grid aligncenter no_border\"><div class=\"image_wrapper\"><img decoding=\"async\" class=\"scale-with-grid\" src=\"https:\/\/visitantes.auger.org.ar\/wp-content\/uploads\/2018\/05\/tubo-foto01.jpg\" alt=\"tubo-foto01\" width=\"900\" height=\"584\" \/><\/div><\/div><\/div><div class=\"column mcb-column one column_column column-margin-\"><div class=\"column_attr clearfix\"><p>Un fotomultiplicador est\u00e1 compuesto de un fotoc\u00e1todo, que emite electrones cuando sobre \u00e9l inciden fotones de energ\u00eda adecuada. Un campo el\u00e9ctrico acelera estos electrones y los dirige hacia un \u00e1nodo, que en estos tubos recibe el nombre de d\u00ednodo. La energ\u00eda de los electrones incidentes provoca la emisi\u00f3n un n\u00famero mayor de electrones secundarios que son dirigidos hacia un segundo d\u00ednodo. El n\u00famero de d\u00ednodos y su disposici\u00f3n var\u00eda con el modelo de fotomultiplicador.<\/p><p>La se\u00f1al el\u00e9ctrica contiene informaci\u00f3n valiosa sobre los efectos de los rayos c\u00f3smicos en la materia.<\/p><\/div><\/div><\/div><\/div>\t\t\t\t\t\t\t\t<\/div>\n\t\t\t\t<\/div>\n\t\t\t\t\t<\/div>\n\t\t<\/div>\n\t\t\t\t\t<\/div>\n\t\t<\/section>\n\t\t\t\t<\/div>\n\t\t","protected":false},"excerpt":{"rendered":"<p>\u00bfQU\u00c9 ES UN TUBO FOTOMULTIPLICADOR? \u00bfQu\u00e9 Es Un Tubo Fotomultiplicador? La luz ultravioleta generada por el efecto Cherenkov en el agua por los detectores de superficie o la fluorescencia en el aire que detectan los telescopios de fluorescencia, es muy d\u00e9bil para ser medida por los circuitos electr\u00f3nicos. Por ello, se utiliza un tubo fotomultiplicador [&hellip;]<\/p>\n","protected":false},"author":6,"featured_media":0,"parent":0,"menu_order":0,"comment_status":"closed","ping_status":"closed","template":"","meta":{"footnotes":""},"class_list":["post-4876","page","type-page","status-publish","hentry"],"jetpack_sharing_enabled":true,"rttpg_featured_image_url":null,"rttpg_author":{"display_name":"Beatriz Garcia","author_link":"https:\/\/visitantes.auger.org.ar\/index.php\/author\/beatriz\/"},"rttpg_comment":0,"rttpg_category":null,"rttpg_excerpt":"\u00bfQU\u00c9 ES UN TUBO FOTOMULTIPLICADOR? \u00bfQu\u00e9 Es Un Tubo Fotomultiplicador? La luz ultravioleta generada por el efecto Cherenkov en el agua por los detectores de superficie o la fluorescencia en el aire que detectan los telescopios de fluorescencia, es muy d\u00e9bil para ser medida por los circuitos electr\u00f3nicos. Por ello, se utiliza un tubo fotomultiplicador&hellip;","_links":{"self":[{"href":"https:\/\/visitantes.auger.org.ar\/index.php\/wp-json\/wp\/v2\/pages\/4876","targetHints":{"allow":["GET"]}}],"collection":[{"href":"https:\/\/visitantes.auger.org.ar\/index.php\/wp-json\/wp\/v2\/pages"}],"about":[{"href":"https:\/\/visitantes.auger.org.ar\/index.php\/wp-json\/wp\/v2\/types\/page"}],"author":[{"embeddable":true,"href":"https:\/\/visitantes.auger.org.ar\/index.php\/wp-json\/wp\/v2\/users\/6"}],"replies":[{"embeddable":true,"href":"https:\/\/visitantes.auger.org.ar\/index.php\/wp-json\/wp\/v2\/comments?post=4876"}],"version-history":[{"count":10,"href":"https:\/\/visitantes.auger.org.ar\/index.php\/wp-json\/wp\/v2\/pages\/4876\/revisions"}],"predecessor-version":[{"id":7481,"href":"https:\/\/visitantes.auger.org.ar\/index.php\/wp-json\/wp\/v2\/pages\/4876\/revisions\/7481"}],"wp:attachment":[{"href":"https:\/\/visitantes.auger.org.ar\/index.php\/wp-json\/wp\/v2\/media?parent=4876"}],"curies":[{"name":"wp","href":"https:\/\/api.w.org\/{rel}","templated":true}]}}