{"id":4894,"date":"2023-07-17T22:02:17","date_gmt":"2023-07-17T22:02:17","guid":{"rendered":"https:\/\/visitantes.auger.org.ar\/?page_id=4894"},"modified":"2024-08-22T16:09:29","modified_gmt":"2024-08-22T19:09:29","slug":"material-de-consulta","status":"publish","type":"page","link":"https:\/\/visitantes.auger.org.ar\/index.php\/material-de-consulta\/","title":{"rendered":"MATERIAL DE CONSULTA"},"content":{"rendered":"\t\t<div data-elementor-type=\"wp-page\" data-elementor-id=\"4894\" class=\"elementor elementor-4894\">\n\t\t\t\t\t\t<section class=\"elementor-section elementor-top-section elementor-element elementor-element-4ec1fca5 elementor-section-full_width elementor-section-height-min-height elementor-section-height-default elementor-section-items-middle\" data-id=\"4ec1fca5\" data-element_type=\"section\" data-e-type=\"section\" data-settings=\"{&quot;background_background&quot;:&quot;classic&quot;}\">\n\t\t\t\t\t\t\t<div class=\"elementor-background-overlay\"><\/div>\n\t\t\t\t\t\t\t<div class=\"elementor-container elementor-column-gap-default\">\n\t\t\t\t\t<div class=\"elementor-column elementor-col-100 elementor-top-column elementor-element elementor-element-599bedea\" data-id=\"599bedea\" data-element_type=\"column\" data-e-type=\"column\">\n\t\t\t<div class=\"elementor-widget-wrap elementor-element-populated\">\n\t\t\t\t\t\t<div class=\"elementor-element elementor-element-298bd1ec elementor-widget elementor-widget-heading\" data-id=\"298bd1ec\" data-element_type=\"widget\" data-e-type=\"widget\" data-widget_type=\"heading.default\">\n\t\t\t\t<div class=\"elementor-widget-container\">\n\t\t\t\t\t<h2 class=\"elementor-heading-title elementor-size-default\">MATERIAL DE DIFUSI\u00d3N<\/h2>\t\t\t\t<\/div>\n\t\t\t\t<\/div>\n\t\t\t\t\t<\/div>\n\t\t<\/div>\n\t\t\t\t\t<\/div>\n\t\t<\/section>\n\t\t\t\t<section class=\"elementor-section elementor-top-section elementor-element elementor-element-f10a52d elementor-section-boxed elementor-section-height-default elementor-section-height-default\" data-id=\"f10a52d\" data-element_type=\"section\" data-e-type=\"section\">\n\t\t\t\t\t\t<div class=\"elementor-container elementor-column-gap-default\">\n\t\t\t\t\t<div class=\"elementor-column elementor-col-33 elementor-top-column elementor-element elementor-element-cad3bac\" data-id=\"cad3bac\" data-element_type=\"column\" data-e-type=\"column\">\n\t\t\t<div class=\"elementor-widget-wrap elementor-element-populated\">\n\t\t\t\t\t\t<div class=\"elementor-element elementor-element-13a3fa3 elementor-widget elementor-widget-text-editor\" data-id=\"13a3fa3\" data-element_type=\"widget\" data-e-type=\"widget\" data-widget_type=\"text-editor.default\">\n\t\t\t\t<div class=\"elementor-widget-container\">\n\t\t\t\t\t\t\t\t\t<div class=\"wrap mcb-wrap one-third valign-top clearfix\"><div class=\"mcb-wrap-inner\"><div class=\"column mcb-column one column_image \"><div class=\"image_frame image_item no_link scale-with-grid aligncenter no_border\"><div class=\"image_wrapper\"><img fetchpriority=\"high\" decoding=\"async\" class=\"scale-with-grid\" src=\"https:\/\/visitantes.auger.org.ar\/wp-content\/uploads\/2018\/02\/auguer-serie-04.jpg\" alt=\"auguer-serie-04\" width=\"700\" height=\"1100\" \/><\/div><\/div><\/div><\/div><\/div><div class=\"wrap mcb-wrap two-third valign-top clearfix\"><div class=\"mcb-wrap-inner\"><div class=\"column mcb-column one column_column column-margin-\"><div class=\"column_attr clearfix\"><p>\u00a0<\/p><\/div><\/div><\/div><\/div>\t\t\t\t\t\t\t\t<\/div>\n\t\t\t\t<\/div>\n\t\t\t\t\t<\/div>\n\t\t<\/div>\n\t\t\t\t<div class=\"elementor-column elementor-col-66 elementor-top-column elementor-element elementor-element-b113127\" data-id=\"b113127\" data-element_type=\"column\" data-e-type=\"column\">\n\t\t\t<div class=\"elementor-widget-wrap elementor-element-populated\">\n\t\t\t\t\t\t<div class=\"elementor-element elementor-element-1d85221 elementor-widget elementor-widget-text-editor\" data-id=\"1d85221\" data-element_type=\"widget\" data-e-type=\"widget\" data-widget_type=\"text-editor.default\">\n\t\t\t\t<div class=\"elementor-widget-container\">\n\t\t\t\t\t\t\t\t\t<h4>Art\u00edculos en Ciencia Hoy<\/h4><p><strong>Juan Roedeler (2002) Las Primeras investigaciones de radiaci\u00f3n c\u00f3smica en la Argentina (1949-1959)<\/strong><br \/>CH, Volumen 12 n\u00ba71, p\u00e1g 38.<\/p><p><strong>Ingomar Allekotte, Diego Harari (2002) Un desaf\u00edo c\u00f3smico para el Observatorio Auger<\/strong><br \/>CH, Volumen 12,\u00a0 n\u00ba71, p\u00e1g. 49<\/p><p><strong>James Cronin: al acecho de rayos c\u00f3smicos de ultraaltaenerg\u00eda (Entrevista) (2002)<\/strong><br \/>CH, Volumen 12, n\u00ba71, p\u00e1g. 61<\/p><p><strong>\u00a0Alberto Etchegoyen &#8211; Alberto FilevichLas Mayores Energ\u00edas en la Naturaleza: \u00cdndole y prop\u00f3sitos de una ambiciosa experiencia de Cooperaci\u00f3n Internacional en el campo de la f\u00edsica experimental. (1996)<\/strong><br \/>CH, Volumen 6, n\u00ba35, p\u00e1g. 21<\/p><p>\u00a0<\/p><p><a href=\"https:\/\/visitantes.auger.org.ar\/wp-content\/uploads\/2024\/08\/CIENCIAHOY-Vol-17-N-102.pdf\"><span style=\"color: #0000ff;\">CH, Volumen 17, Num. 102, 2008<\/span><\/a><\/p><p><span style=\"color: #0000ff;\"><a style=\"color: #0000ff;\" href=\"https:\/\/drive.google.com\/file\/d\/1beU26BeY7qfL6HuQxPZnxnhzbtVlBXWl\/view?usp=sharing\">CH Volumen 12 , Num. 71, 2002<\/a><\/span><\/p><p><span style=\"color: #0000ff;\"><a style=\"color: #0000ff;\" href=\"https:\/\/drive.google.com\/file\/d\/1SG6sEejm05yenLE76sgxsqoXo3xEpqOH\/view?usp=sharing\">CH, Volumen 6, Num 35, 1996<\/a><\/span><\/p>\t\t\t\t\t\t\t\t<\/div>\n\t\t\t\t<\/div>\n\t\t\t\t\t<\/div>\n\t\t<\/div>\n\t\t\t\t\t<\/div>\n\t\t<\/section>\n\t\t\t\t<\/div>\n\t\t","protected":false},"excerpt":{"rendered":"<p>MATERIAL DE DIFUSI\u00d3N \u00a0 Art\u00edculos en Ciencia Hoy Juan Roedeler (2002) Las Primeras investigaciones de radiaci\u00f3n c\u00f3smica en la Argentina (1949-1959)CH, Volumen 12 n\u00ba71, p\u00e1g 38. Ingomar Allekotte, Diego Harari (2002) Un desaf\u00edo c\u00f3smico para el Observatorio AugerCH, Volumen 12,\u00a0 n\u00ba71, p\u00e1g. 49 James Cronin: al acecho de rayos c\u00f3smicos de ultraaltaenerg\u00eda (Entrevista) (2002)CH, Volumen [&hellip;]<\/p>\n","protected":false},"author":6,"featured_media":0,"parent":0,"menu_order":0,"comment_status":"closed","ping_status":"closed","template":"","meta":{"footnotes":""},"class_list":["post-4894","page","type-page","status-publish","hentry"],"jetpack_sharing_enabled":true,"rttpg_featured_image_url":null,"rttpg_author":{"display_name":"Beatriz Garcia","author_link":"https:\/\/visitantes.auger.org.ar\/index.php\/author\/beatriz\/"},"rttpg_comment":0,"rttpg_category":null,"rttpg_excerpt":"MATERIAL DE DIFUSI\u00d3N \u00a0 Art\u00edculos en Ciencia Hoy Juan Roedeler (2002) Las Primeras investigaciones de radiaci\u00f3n c\u00f3smica en la Argentina (1949-1959)CH, Volumen 12 n\u00ba71, p\u00e1g 38. Ingomar Allekotte, Diego Harari (2002) Un desaf\u00edo c\u00f3smico para el Observatorio AugerCH, Volumen 12,\u00a0 n\u00ba71, p\u00e1g. 49 James Cronin: al acecho de rayos c\u00f3smicos de ultraaltaenerg\u00eda (Entrevista) (2002)CH, Volumen&hellip;","_links":{"self":[{"href":"https:\/\/visitantes.auger.org.ar\/index.php\/wp-json\/wp\/v2\/pages\/4894","targetHints":{"allow":["GET"]}}],"collection":[{"href":"https:\/\/visitantes.auger.org.ar\/index.php\/wp-json\/wp\/v2\/pages"}],"about":[{"href":"https:\/\/visitantes.auger.org.ar\/index.php\/wp-json\/wp\/v2\/types\/page"}],"author":[{"embeddable":true,"href":"https:\/\/visitantes.auger.org.ar\/index.php\/wp-json\/wp\/v2\/users\/6"}],"replies":[{"embeddable":true,"href":"https:\/\/visitantes.auger.org.ar\/index.php\/wp-json\/wp\/v2\/comments?post=4894"}],"version-history":[{"count":13,"href":"https:\/\/visitantes.auger.org.ar\/index.php\/wp-json\/wp\/v2\/pages\/4894\/revisions"}],"predecessor-version":[{"id":8267,"href":"https:\/\/visitantes.auger.org.ar\/index.php\/wp-json\/wp\/v2\/pages\/4894\/revisions\/8267"}],"wp:attachment":[{"href":"https:\/\/visitantes.auger.org.ar\/index.php\/wp-json\/wp\/v2\/media?parent=4894"}],"curies":[{"name":"wp","href":"https:\/\/api.w.org\/{rel}","templated":true}]}}