{"id":4927,"date":"2023-07-17T22:13:49","date_gmt":"2023-07-17T22:13:49","guid":{"rendered":"https:\/\/visitantes.auger.org.ar\/?page_id=4927"},"modified":"2024-07-17T09:02:08","modified_gmt":"2024-07-17T12:02:08","slug":"ubicacion-del-observatorio","status":"publish","type":"page","link":"https:\/\/visitantes.auger.org.ar\/index.php\/ubicacion-del-observatorio\/","title":{"rendered":"Ubicaci\u00f3n del Observatorio"},"content":{"rendered":"\t\t<div data-elementor-type=\"wp-page\" data-elementor-id=\"4927\" class=\"elementor elementor-4927\">\n\t\t\t\t\t\t<section class=\"elementor-section elementor-top-section elementor-element elementor-element-4b034c65 elementor-section-full_width elementor-section-height-min-height elementor-section-height-default elementor-section-items-middle\" data-id=\"4b034c65\" data-element_type=\"section\" data-e-type=\"section\" data-settings=\"{&quot;background_background&quot;:&quot;classic&quot;}\">\n\t\t\t\t\t\t\t<div class=\"elementor-background-overlay\"><\/div>\n\t\t\t\t\t\t\t<div class=\"elementor-container elementor-column-gap-default\">\n\t\t\t\t\t<div class=\"elementor-column elementor-col-100 elementor-top-column elementor-element elementor-element-6d76f652\" data-id=\"6d76f652\" data-element_type=\"column\" data-e-type=\"column\">\n\t\t\t<div class=\"elementor-widget-wrap elementor-element-populated\">\n\t\t\t\t\t\t<div class=\"elementor-element elementor-element-f92f66d elementor-widget elementor-widget-heading\" data-id=\"f92f66d\" data-element_type=\"widget\" data-e-type=\"widget\" data-widget_type=\"heading.default\">\n\t\t\t\t<div class=\"elementor-widget-container\">\n\t\t\t\t\t<h2 class=\"elementor-heading-title elementor-size-default\">Ubicaci\u00f3n del Observatorio\n<\/h2>\t\t\t\t<\/div>\n\t\t\t\t<\/div>\n\t\t\t\t\t<\/div>\n\t\t<\/div>\n\t\t\t\t\t<\/div>\n\t\t<\/section>\n\t\t\t\t<section class=\"elementor-section elementor-top-section elementor-element elementor-element-0285672 elementor-section-boxed elementor-section-height-default elementor-section-height-default\" data-id=\"0285672\" data-element_type=\"section\" data-e-type=\"section\">\n\t\t\t\t\t\t<div class=\"elementor-container elementor-column-gap-default\">\n\t\t\t\t\t<div class=\"elementor-column elementor-col-100 elementor-top-column elementor-element elementor-element-4347637\" data-id=\"4347637\" data-element_type=\"column\" data-e-type=\"column\">\n\t\t\t<div class=\"elementor-widget-wrap elementor-element-populated\">\n\t\t\t\t\t\t<div class=\"elementor-element elementor-element-9bf18dc elementor-widget elementor-widget-text-editor\" data-id=\"9bf18dc\" data-element_type=\"widget\" data-e-type=\"widget\" data-widget_type=\"text-editor.default\">\n\t\t\t\t<div class=\"elementor-widget-container\">\n\t\t\t\t\t\t\t\t\t<div id=\"Content\"><div class=\"content_wrapper clearfix\"><div class=\"sections_group\"><div class=\"entry-content\"><div class=\"section mcb-section \"><div class=\"section_wrapper mcb-section-inner\"><div class=\"wrap mcb-wrap two-third valign-top clearfix\"><div class=\"mcb-wrap-inner\"><div class=\"column mcb-column one column_image \"><div class=\"image_frame image_item no_link scale-with-grid stretch no_border\"><div class=\"image_wrapper\"><img fetchpriority=\"high\" decoding=\"async\" class=\"scale-with-grid\" src=\"https:\/\/visitantes.auger.org.ar\/wp-content\/uploads\/2018\/02\/observatorio_1.jpg\" alt=\"observatorio_1\" width=\"717\" height=\"448\" \/><\/div><\/div><\/div><div class=\"column mcb-column one column_fancy_heading \"><div class=\"fancy_heading fancy_heading_line\"><div class=\"inside\">&#8220;En la ciudad de Malarg\u00fce se encuentra la Estaci\u00f3n Central. Cada punto rojo indica un detector de superficie. Se indican adem\u00e1s los cuatro Edificios de Fluorescencia (Los Leones, Coihueco, Los Morados y Loma Amarilla), cada uno albergando seis telescopios.&#8221;<\/div><\/div><\/div><div class=\"column mcb-column one column_column column-margin-\"><div class=\"column_attr clearfix\"><p class=\"big\">El Observatorio Pierre Auger est\u00e1 emplazado en el hemisferio sur, en los departamentos de Malarg\u00fce y San Rafael, provincia de Mendoza, Rep\u00fablica Argentina.<\/p><p>El Observatorio consiste en un arreglo de 1660 detectores de superficie, distanciados a 1,5 km entre s\u00ed y cubriendo una superficie total de 3000 km<sup>2<\/sup>. \u00c9stos se complementan con un conjunto de 27 telescopios de fluorescencia de alta sensibilidad, que en las noches despejadas y en torno de Luna nueva observan la atm\u00f3sfera para detectar la tenue luz ultravioleta que producen las cascadas de rayos c\u00f3smicos al atravesar el aire.<\/p><p>Alrededor de 400 cient\u00edficos de 90 instituciones de 18 pa\u00edses participan en este desaf\u00edo cient\u00edfico.<\/p><p>Los pa\u00edses participantes son: Alemania, Argentina, Australia, B\u00e9lgica, Brasil, Colombia, Eslovenia, Espa\u00f1a, Estados Unidos, Francia, Italia, M\u00e9xico, Pa\u00edses Bajos, Per\u00fa, Polonia, Portugal, Rep\u00fablica Checa y Rumania.<\/p><\/div><\/div><\/div><\/div><div class=\"wrap mcb-wrap one-third valign-top clearfix\"><div class=\"mcb-wrap-inner\"><div class=\"column mcb-column one column_column column-margin-\"><div class=\"column_attr clearfix\"><h4><strong>Datos T\u00e9cnicos<\/strong><\/h4><p><b>Objetivo:\u00a0<\/b>determinar la naturaleza, energ\u00eda y lugar de origen de los rayos c\u00f3smicos con energ\u00edas superiores a los 10<sup>18<\/sup>\u00a0eV, para comprender mejor el universo que nos rodea.<\/p><p><b>Tipo de observatorio:\u00a0<\/b>\u201ch\u00edbrido\u201d, consiste en un arreglo de detectores de superficie y un sistema de telescopios de fluorescencia atmosf\u00e9rica para la observaci\u00f3n de cascadas de part\u00edculas secundarias.<\/p><p><b>Estad\u00edstica:<\/b>\u00a0Unos 30 eventos por a\u00f1o con energ\u00edas a 10<sup>20<\/sup>\u00a0eV; determinar su valor es uno de los principales objetivos de este observatorio.<\/p><p><b>Sitio de emplazamiento:\u00a0<\/b>Malarg\u00fce y San Rafael, Mendoza, Argentina.<\/p><p><b>Detectores de superficie:<\/b><br \/>\u00c1rea cubierta: 3000 km<sup>2<\/sup>.<br \/>Cantidad de detectores: 1660.<br \/>Distancia entre detectores: 1,5 km.<br \/>Tipo de detectores: Cherenkov, con 12.000 litros de agua purificada y 3 tubos fotomultiplicadores cada uno.<\/p><p><b>Telescopios de fluorescencia:<\/b><br \/>Cantidad de telescopios: 27, distribuidos en 4 edificios.<br \/>Alcance: mayor a 30 km para lluvias de 10<sup>20<\/sup>\u00a0eV.<br \/>Espejos: superficie esf\u00e9rica de 3,6 m x 3,6 m con 30\u00ba x 30\u00ba de apertura<br \/>C\u00e1maras: cada una con 440 fotomultiplicadores.<\/p><\/div><\/div><\/div><\/div><\/div><\/div><div class=\"section the_content no_content\">\u00a0<\/div><div class=\"section section-page-footer\"><div class=\"section_wrapper clearfix\"><div class=\"column one page-pager\">\u00a0<\/div><\/div><\/div><\/div><\/div><\/div><\/div><div class=\"elementor elementor-4146 elementor-location-footer\" data-elementor-type=\"footer\" data-elementor-id=\"4146\"><section class=\"elementor-section elementor-top-section elementor-element elementor-element-f6e0299 elementor-section-boxed elementor-section-height-default elementor-section-height-default\" data-id=\"f6e0299\" data-element_type=\"section\"><div class=\"elementor-container elementor-column-gap-default\"><div class=\"elementor-column elementor-col-100 elementor-top-column elementor-element elementor-element-b77ab23\" data-id=\"b77ab23\" data-element_type=\"column\"><div class=\"elementor-widget-wrap\">\u00a0<\/div><\/div><\/div><\/section><section class=\"elementor-section elementor-top-section elementor-element elementor-element-437a6c7 elementor-section-boxed elementor-section-height-default elementor-section-height-default\" data-id=\"437a6c7\" data-element_type=\"section\"><div class=\"elementor-container elementor-column-gap-default\"><div class=\"elementor-column elementor-col-100 elementor-top-column elementor-element elementor-element-9e479c4\" data-id=\"9e479c4\" data-element_type=\"column\">\u00a0<\/div><\/div><\/section><\/div>\t\t\t\t\t\t\t\t<\/div>\n\t\t\t\t<\/div>\n\t\t\t\t\t<\/div>\n\t\t<\/div>\n\t\t\t\t\t<\/div>\n\t\t<\/section>\n\t\t\t\t<\/div>\n\t\t","protected":false},"excerpt":{"rendered":"<p>Ubicaci\u00f3n del Observatorio &#8220;En la ciudad de Malarg\u00fce se encuentra la Estaci\u00f3n Central. Cada punto rojo indica un detector de superficie. Se indican adem\u00e1s los cuatro Edificios de Fluorescencia (Los Leones, Coihueco, Los Morados y Loma Amarilla), cada uno albergando seis telescopios.&#8221; El Observatorio Pierre Auger est\u00e1 emplazado en el hemisferio sur, en los departamentos [&hellip;]<\/p>\n","protected":false},"author":6,"featured_media":0,"parent":0,"menu_order":0,"comment_status":"closed","ping_status":"closed","template":"","meta":{"footnotes":""},"class_list":["post-4927","page","type-page","status-publish","hentry"],"jetpack_sharing_enabled":true,"rttpg_featured_image_url":null,"rttpg_author":{"display_name":"Beatriz Garcia","author_link":"https:\/\/visitantes.auger.org.ar\/index.php\/author\/beatriz\/"},"rttpg_comment":0,"rttpg_category":null,"rttpg_excerpt":"Ubicaci\u00f3n del Observatorio &#8220;En la ciudad de Malarg\u00fce se encuentra la Estaci\u00f3n Central. Cada punto rojo indica un detector de superficie. Se indican adem\u00e1s los cuatro Edificios de Fluorescencia (Los Leones, Coihueco, Los Morados y Loma Amarilla), cada uno albergando seis telescopios.&#8221; El Observatorio Pierre Auger est\u00e1 emplazado en el hemisferio sur, en los departamentos&hellip;","_links":{"self":[{"href":"https:\/\/visitantes.auger.org.ar\/index.php\/wp-json\/wp\/v2\/pages\/4927","targetHints":{"allow":["GET"]}}],"collection":[{"href":"https:\/\/visitantes.auger.org.ar\/index.php\/wp-json\/wp\/v2\/pages"}],"about":[{"href":"https:\/\/visitantes.auger.org.ar\/index.php\/wp-json\/wp\/v2\/types\/page"}],"author":[{"embeddable":true,"href":"https:\/\/visitantes.auger.org.ar\/index.php\/wp-json\/wp\/v2\/users\/6"}],"replies":[{"embeddable":true,"href":"https:\/\/visitantes.auger.org.ar\/index.php\/wp-json\/wp\/v2\/comments?post=4927"}],"version-history":[{"count":7,"href":"https:\/\/visitantes.auger.org.ar\/index.php\/wp-json\/wp\/v2\/pages\/4927\/revisions"}],"predecessor-version":[{"id":7505,"href":"https:\/\/visitantes.auger.org.ar\/index.php\/wp-json\/wp\/v2\/pages\/4927\/revisions\/7505"}],"wp:attachment":[{"href":"https:\/\/visitantes.auger.org.ar\/index.php\/wp-json\/wp\/v2\/media?parent=4927"}],"curies":[{"name":"wp","href":"https:\/\/api.w.org\/{rel}","templated":true}]}}