{"id":4945,"date":"2023-07-17T22:19:12","date_gmt":"2023-07-17T22:19:12","guid":{"rendered":"https:\/\/visitantes.auger.org.ar\/?page_id=4945"},"modified":"2024-07-17T09:03:27","modified_gmt":"2024-07-17T12:03:27","slug":"por-que-el-sur-de-mendoza","status":"publish","type":"page","link":"https:\/\/visitantes.auger.org.ar\/index.php\/por-que-el-sur-de-mendoza\/","title":{"rendered":"\u00bfPOR QU\u00c9 EL SUR DE MENDOZA?"},"content":{"rendered":"\t\t<div data-elementor-type=\"wp-page\" data-elementor-id=\"4945\" class=\"elementor elementor-4945\">\n\t\t\t\t\t\t<section class=\"elementor-section elementor-top-section elementor-element elementor-element-4e390f9b elementor-section-full_width elementor-section-height-min-height elementor-section-height-default elementor-section-items-middle\" data-id=\"4e390f9b\" data-element_type=\"section\" data-e-type=\"section\" data-settings=\"{&quot;background_background&quot;:&quot;classic&quot;}\">\n\t\t\t\t\t\t\t<div class=\"elementor-background-overlay\"><\/div>\n\t\t\t\t\t\t\t<div class=\"elementor-container elementor-column-gap-default\">\n\t\t\t\t\t<div class=\"elementor-column elementor-col-100 elementor-top-column elementor-element elementor-element-2f32d2ed\" data-id=\"2f32d2ed\" data-element_type=\"column\" data-e-type=\"column\">\n\t\t\t<div class=\"elementor-widget-wrap elementor-element-populated\">\n\t\t\t\t\t\t<div class=\"elementor-element elementor-element-1befd554 elementor-widget elementor-widget-heading\" data-id=\"1befd554\" data-element_type=\"widget\" data-e-type=\"widget\" data-widget_type=\"heading.default\">\n\t\t\t\t<div class=\"elementor-widget-container\">\n\t\t\t\t\t<h2 class=\"elementor-heading-title elementor-size-default\">\u00bfPOR QU\u00c9 EL SUR DE MENDOZA?\n<\/h2>\t\t\t\t<\/div>\n\t\t\t\t<\/div>\n\t\t\t\t\t<\/div>\n\t\t<\/div>\n\t\t\t\t\t<\/div>\n\t\t<\/section>\n\t\t\t\t<section class=\"elementor-section elementor-top-section elementor-element elementor-element-e94feb7 elementor-section-boxed elementor-section-height-default elementor-section-height-default\" data-id=\"e94feb7\" data-element_type=\"section\" data-e-type=\"section\">\n\t\t\t\t\t\t<div class=\"elementor-container elementor-column-gap-default\">\n\t\t\t\t\t<div class=\"elementor-column elementor-col-100 elementor-top-column elementor-element elementor-element-b437129\" data-id=\"b437129\" data-element_type=\"column\" data-e-type=\"column\">\n\t\t\t<div class=\"elementor-widget-wrap elementor-element-populated\">\n\t\t\t\t\t\t<div class=\"elementor-element elementor-element-5030962 elementor-widget elementor-widget-text-editor\" data-id=\"5030962\" data-element_type=\"widget\" data-e-type=\"widget\" data-widget_type=\"text-editor.default\">\n\t\t\t\t<div class=\"elementor-widget-container\">\n\t\t\t\t\t\t\t\t\t<div id=\"Content\"><div class=\"content_wrapper clearfix\"><div class=\"sections_group\"><div class=\"entry-content\"><div class=\"section mcb-section \"><div class=\"section_wrapper mcb-section-inner\"><div class=\"wrap mcb-wrap one valign-top clearfix\"><div class=\"mcb-wrap-inner\"><div class=\"column mcb-column one column_column column-margin-\"><div class=\"column_attr clearfix\"><h4><strong>Alrededor Del A\u00f1o 1991 Dos Destacados F\u00edsicos, El Premio Nobel Dr. James Cronin Y El Dr. Alan Watson, Comenzaron A Concebir El Plan De Construir Un Observatorio Abarcando Una Superficie De 3000 Km<sup>2<\/sup>.<\/strong><\/h4><\/div><\/div><\/div><\/div><\/div><\/div><div class=\"section mcb-section equal-height-wrap \"><div class=\"section_wrapper mcb-section-inner\"><div class=\"wrap mcb-wrap one-second valign-middle clearfix\"><div class=\"mcb-wrap-inner\"><div class=\"column mcb-column one column_image \"><div class=\"image_frame image_item no_link scale-with-grid aligncenter no_border\"><div class=\"image_wrapper\"><img fetchpriority=\"high\" decoding=\"async\" class=\"scale-with-grid\" src=\"https:\/\/visitantes.auger.org.ar\/wp-content\/uploads\/2018\/02\/ob-pao.jpg\" alt=\"ob pao\" width=\"640\" height=\"427\" \/><\/div><p class=\"wp-caption-text\">Estaci\u00f3n central del Observatorio Pierre Auger en oto\u00f1o<\/p><\/div><\/div><\/div><\/div><div class=\"wrap mcb-wrap one-second valign-middle clearfix\"><div class=\"mcb-wrap-inner\"><div class=\"column mcb-column one column_column column-margin-\"><div class=\"column_attr clearfix\"><p class=\"big\">En los a\u00f1os 1995-1996, la Colaboraci\u00f3n Auger realiz\u00f3 una b\u00fasqueda de sitios a nivel internacional y preseleccion\u00f3 sitios en Sud\u00e1frica, Australia y Argentina. Si bien se estudiaron en detalle varios sitios en la Argentina, la selecci\u00f3n final recay\u00f3 sobre el sitio de Pampa Amarilla, en los departamentos de Malarg\u00fce y San Rafael.<\/p><p>Para esta decisi\u00f3n se tuvieron en cuenta diversos aspectos, como la existencia de una gran planicie de m\u00e1s de 3000 km<sup>2<\/sup>, con un terreno poco accidentado y accesible, una atm\u00f3sfera pura con aire limpio y poca contaminaci\u00f3n lum\u00ednica, la existencia de infraestructura local (la cercan\u00eda de la ciudad de Malarg\u00fce, existencia de caminos y de redes el\u00e9ctricas y comunicaciones, etc.). Tambi\u00e9n se tuvo muy en cuenta la existencia de grupos argentinos de investigaci\u00f3n interesados en llevar adelante el proyecto y el apoyo brindado por el gobierno nacional, provincial y municipal.<\/p><p>El sitio de Pampa Amarilla cumple adem\u00e1s con una serie de requisitos t\u00e9cnicos, como el de hallarse a una altura sobre el nivel del mar de entre 1200 y 1400 m, no presentar temperaturas muy extremas y estar ubicado a una latitud de 35\u00ba, adecuada para observar todo el hemisferio sur del cielo.<\/p><p>Actualmente el Observatorio Pierre Auger trabaja al 100% de su capacidad. Fue inaugurado oficialmente el 14 de noviembre de 2008.<\/p><\/div><\/div><\/div><\/div><\/div><\/div><\/div><\/div><\/div><\/div>\t\t\t\t\t\t\t\t<\/div>\n\t\t\t\t<\/div>\n\t\t\t\t\t<\/div>\n\t\t<\/div>\n\t\t\t\t\t<\/div>\n\t\t<\/section>\n\t\t\t\t<\/div>\n\t\t","protected":false},"excerpt":{"rendered":"<p>\u00bfPOR QU\u00c9 EL SUR DE MENDOZA? Alrededor Del A\u00f1o 1991 Dos Destacados F\u00edsicos, El Premio Nobel Dr. James Cronin Y El Dr. Alan Watson, Comenzaron A Concebir El Plan De Construir Un Observatorio Abarcando Una Superficie De 3000 Km2. Estaci\u00f3n central del Observatorio Pierre Auger en oto\u00f1o En los a\u00f1os 1995-1996, la Colaboraci\u00f3n Auger realiz\u00f3 [&hellip;]<\/p>\n","protected":false},"author":6,"featured_media":0,"parent":0,"menu_order":0,"comment_status":"closed","ping_status":"closed","template":"","meta":{"footnotes":""},"class_list":["post-4945","page","type-page","status-publish","hentry"],"jetpack_sharing_enabled":true,"rttpg_featured_image_url":null,"rttpg_author":{"display_name":"Beatriz Garcia","author_link":"https:\/\/visitantes.auger.org.ar\/index.php\/author\/beatriz\/"},"rttpg_comment":0,"rttpg_category":null,"rttpg_excerpt":"\u00bfPOR QU\u00c9 EL SUR DE MENDOZA? Alrededor Del A\u00f1o 1991 Dos Destacados F\u00edsicos, El Premio Nobel Dr. James Cronin Y El Dr. Alan Watson, Comenzaron A Concebir El Plan De Construir Un Observatorio Abarcando Una Superficie De 3000 Km2. Estaci\u00f3n central del Observatorio Pierre Auger en oto\u00f1o En los a\u00f1os 1995-1996, la Colaboraci\u00f3n Auger realiz\u00f3&hellip;","_links":{"self":[{"href":"https:\/\/visitantes.auger.org.ar\/index.php\/wp-json\/wp\/v2\/pages\/4945","targetHints":{"allow":["GET"]}}],"collection":[{"href":"https:\/\/visitantes.auger.org.ar\/index.php\/wp-json\/wp\/v2\/pages"}],"about":[{"href":"https:\/\/visitantes.auger.org.ar\/index.php\/wp-json\/wp\/v2\/types\/page"}],"author":[{"embeddable":true,"href":"https:\/\/visitantes.auger.org.ar\/index.php\/wp-json\/wp\/v2\/users\/6"}],"replies":[{"embeddable":true,"href":"https:\/\/visitantes.auger.org.ar\/index.php\/wp-json\/wp\/v2\/comments?post=4945"}],"version-history":[{"count":10,"href":"https:\/\/visitantes.auger.org.ar\/index.php\/wp-json\/wp\/v2\/pages\/4945\/revisions"}],"predecessor-version":[{"id":7517,"href":"https:\/\/visitantes.auger.org.ar\/index.php\/wp-json\/wp\/v2\/pages\/4945\/revisions\/7517"}],"wp:attachment":[{"href":"https:\/\/visitantes.auger.org.ar\/index.php\/wp-json\/wp\/v2\/media?parent=4945"}],"curies":[{"name":"wp","href":"https:\/\/api.w.org\/{rel}","templated":true}]}}

¿POR QUÉ EL SUR DE MENDOZA?

<div data-elementor-type="wp-page" data-elementor-id="4945" class="elementor elementor-4945">
						<section class="elementor-section elementor-top-section elementor-element elementor-element-4e390f9b elementor-section-full_width elementor-section-height-min-height elementor-section-height-default elementor-section-items-middle" data-id="4e390f9b" data-element_type="section" data-e-type="section" data-settings="{&quot;background_background&quot;:&quot;classic&quot;}">
							<div class="elementor-background-overlay"></div>
							<div class="elementor-container elementor-column-gap-default">
					<div class="elementor-column elementor-col-100 elementor-top-column elementor-element elementor-element-2f32d2ed" data-id="2f32d2ed" data-element_type="column" data-e-type="column">
			<div class="elementor-widget-wrap elementor-element-populated">
						<div class="elementor-element elementor-element-1befd554 elementor-widget elementor-widget-heading" data-id="1befd554" data-element_type="widget" data-e-type="widget" data-widget_type="heading.default">
				<div class="elementor-widget-container">
					<h2 class="elementor-heading-title elementor-size-default">¿POR QUÉ EL SUR DE MENDOZA?
</h2>				</div>
				</div>
					</div>
		</div>
					</div>
		</section>
				<section class="elementor-section elementor-top-section elementor-element elementor-element-e94feb7 elementor-section-boxed elementor-section-height-default elementor-section-height-default" data-id="e94feb7" data-element_type="section" data-e-type="section">
						<div class="elementor-container elementor-column-gap-default">
					<div class="elementor-column elementor-col-100 elementor-top-column elementor-element elementor-element-b437129" data-id="b437129" data-element_type="column" data-e-type="column">
			<div class="elementor-widget-wrap elementor-element-populated">
						<div class="elementor-element elementor-element-5030962 elementor-widget elementor-widget-text-editor" data-id="5030962" data-element_type="widget" data-e-type="widget" data-widget_type="text-editor.default">
				<div class="elementor-widget-container">
									<div id="Content"><div class="content_wrapper clearfix"><div class="sections_group"><div class="entry-content"><div class="section mcb-section "><div class="section_wrapper mcb-section-inner"><div class="wrap mcb-wrap one valign-top clearfix"><div class="mcb-wrap-inner"><div class="column mcb-column one column_column column-margin-"><div class="column_attr clearfix"><h4><strong>Alrededor Del Año 1991 Dos Destacados Físicos, El Premio Nobel Dr. James Cronin Y El Dr. Alan Watson, Comenzaron A Concebir El Plan De Construir Un Observatorio Abarcando Una Superficie De 3000 Km<sup>2</sup>.</strong></h4></div></div></div></div></div></div><div class="section mcb-section equal-height-wrap "><div class="section_wrapper mcb-section-inner"><div class="wrap mcb-wrap one-second valign-middle clearfix"><div class="mcb-wrap-inner"><div class="column mcb-column one column_image "><div class="image_frame image_item no_link scale-with-grid aligncenter no_border"><div class="image_wrapper"><img fetchpriority="high" decoding="async" class="scale-with-grid" src="https://visitantes.auger.org.ar/wp-content/uploads/2018/02/ob-pao.jpg" alt="ob pao" width="640" height="427" /></div><p class="wp-caption-text">Estación central del Observatorio Pierre Auger en otoño</p></div></div></div></div><div class="wrap mcb-wrap one-second valign-middle clearfix"><div class="mcb-wrap-inner"><div class="column mcb-column one column_column column-margin-"><div class="column_attr clearfix"><p class="big">En los años 1995-1996, la Colaboración Auger realizó una búsqueda de sitios a nivel internacional y preseleccionó sitios en Sudáfrica, Australia y Argentina. Si bien se estudiaron en detalle varios sitios en la Argentina, la selección final recayó sobre el sitio de Pampa Amarilla, en los departamentos de Malargüe y San Rafael.</p><p>Para esta decisión se tuvieron en cuenta diversos aspectos, como la existencia de una gran planicie de más de 3000 km<sup>2</sup>, con un terreno poco accidentado y accesible, una atmósfera pura con aire limpio y poca contaminación lumínica, la existencia de infraestructura local (la cercanía de la ciudad de Malargüe, existencia de caminos y de redes eléctricas y comunicaciones, etc.). También se tuvo muy en cuenta la existencia de grupos argentinos de investigación interesados en llevar adelante el proyecto y el apoyo brindado por el gobierno nacional, provincial y municipal.</p><p>El sitio de Pampa Amarilla cumple además con una serie de requisitos técnicos, como el de hallarse a una altura sobre el nivel del mar de entre 1200 y 1400 m, no presentar temperaturas muy extremas y estar ubicado a una latitud de 35º, adecuada para observar todo el hemisferio sur del cielo.</p><p>Actualmente el Observatorio Pierre Auger trabaja al 100% de su capacidad. Fue inaugurado oficialmente el 14 de noviembre de 2008.</p></div></div></div></div></div></div></div></div></div></div>								</div>
				</div>
					</div>
		</div>
					</div>
		</section>
				</div>

<p>¿POR QUÉ EL SUR DE MENDOZA? Alrededor Del Año 1991 Dos Destacados Físicos, El Premio Nobel Dr. James Cronin Y El Dr. Alan Watson, Comenzaron A Concebir El Plan De Construir Un Observatorio Abarcando Una Superficie De 3000 Km2. Estación central del Observatorio Pierre Auger en otoño En los años 1995-1996, la Colaboración Auger realizó [&hellip;]</p>

¿POR QUÉ EL SUR DE MENDOZA? Alrededor Del Año 1991 Dos Destacados Físicos, El Premio Nobel Dr. James Cronin Y El Dr. Alan Watson, Comenzaron A Concebir El Plan De Construir Un Observatorio Abarcando Una Superficie De 3000 Km2. Estación central del Observatorio Pierre Auger en otoño En los años 1995-1996, la Colaboración Auger realizó&hellip;
