{"id":5080,"date":"2023-07-17T22:59:51","date_gmt":"2023-07-17T22:59:51","guid":{"rendered":"https:\/\/visitantes.auger.org.ar\/?page_id=5080"},"modified":"2024-07-17T09:12:39","modified_gmt":"2024-07-17T12:12:39","slug":"ssd-scintillator-surface-detector","status":"publish","type":"page","link":"https:\/\/visitantes.auger.org.ar\/index.php\/ssd-scintillator-surface-detector\/","title":{"rendered":"SSD \u2013 Scintillator Surface Detector"},"content":{"rendered":"\t\t<div data-elementor-type=\"wp-page\" data-elementor-id=\"5080\" class=\"elementor elementor-5080\">\n\t\t\t\t\t\t<section class=\"elementor-section elementor-top-section elementor-element elementor-element-133b0f39 elementor-section-full_width elementor-section-height-min-height elementor-section-height-default elementor-section-items-middle\" data-id=\"133b0f39\" data-element_type=\"section\" data-e-type=\"section\" data-settings=\"{&quot;background_background&quot;:&quot;classic&quot;}\">\n\t\t\t\t\t\t\t<div class=\"elementor-background-overlay\"><\/div>\n\t\t\t\t\t\t\t<div class=\"elementor-container elementor-column-gap-default\">\n\t\t\t\t\t<div class=\"elementor-column elementor-col-100 elementor-top-column elementor-element elementor-element-74fa896e\" data-id=\"74fa896e\" data-element_type=\"column\" data-e-type=\"column\">\n\t\t\t<div class=\"elementor-widget-wrap elementor-element-populated\">\n\t\t\t\t\t\t<div class=\"elementor-element elementor-element-6d30492 elementor-widget elementor-widget-heading\" data-id=\"6d30492\" data-element_type=\"widget\" data-e-type=\"widget\" data-widget_type=\"heading.default\">\n\t\t\t\t<div class=\"elementor-widget-container\">\n\t\t\t\t\t<h2 class=\"elementor-heading-title elementor-size-default\">SSD \u2013 Scintillator Surface Detector\n<\/h2>\t\t\t\t<\/div>\n\t\t\t\t<\/div>\n\t\t\t\t\t<\/div>\n\t\t<\/div>\n\t\t\t\t\t<\/div>\n\t\t<\/section>\n\t\t\t\t<section class=\"elementor-section elementor-top-section elementor-element elementor-element-2341111 elementor-section-boxed elementor-section-height-default elementor-section-height-default\" data-id=\"2341111\" data-element_type=\"section\" data-e-type=\"section\">\n\t\t\t\t\t\t<div class=\"elementor-container elementor-column-gap-default\">\n\t\t\t\t\t<div class=\"elementor-column elementor-col-100 elementor-top-column elementor-element elementor-element-8f5492b\" data-id=\"8f5492b\" data-element_type=\"column\" data-e-type=\"column\">\n\t\t\t<div class=\"elementor-widget-wrap elementor-element-populated\">\n\t\t\t\t\t\t<div class=\"elementor-element elementor-element-41d9cbe elementor-widget elementor-widget-text-editor\" data-id=\"41d9cbe\" data-element_type=\"widget\" data-e-type=\"widget\" data-widget_type=\"text-editor.default\">\n\t\t\t\t<div class=\"elementor-widget-container\">\n\t\t\t\t\t\t\t\t\t<div class=\"section mcb-section \"><div class=\"section_wrapper mcb-section-inner\"><div class=\"wrap mcb-wrap one-second valign-top clearfix\"><div class=\"mcb-wrap-inner\"><div class=\"column mcb-column one column_image \"><div class=\"image_frame image_item no_link scale-with-grid aligncenter no_border\"><div class=\"image_wrapper\">\u00a0<\/div><\/div><\/div><\/div><\/div><div class=\"wrap mcb-wrap one-second valign-top clearfix\"><div class=\"mcb-wrap-inner\"><div class=\"column mcb-column one column_column column-margin-\"><div class=\"column_attr clearfix\"><h4><strong>Este Proyecto Prev\u00e9 La Instalaci\u00f3n De Nuevos Detectores De Part\u00edculas, Que Se Colocar\u00e1n Sobre Los Ya Existentes Detectores De Superficie. De Esta Manera Se Espera Mejorar El Rendimiento Del Observatorio Pierre Auger.<\/strong><\/h4><p class=\"big\">Los nuevos detectores est\u00e1n basados en centelladores pl\u00e1sticos. \u00c9stos emiten una tenue luz cuando son atravesados por radiaci\u00f3n c\u00f3smica, como la que es producida en las lluvias atmosf\u00e9ricas originadas por rayos c\u00f3smicos de alta energ\u00eda. Esta &#8220;luz de centelleo&#8221; es luego recolectada en el interior del detector por fibras \u00f3pticas, que la dirigen hacia muy sensibles fotodetectores, con los que se registran estos eventos.<\/p><\/div><\/div><div class=\"column mcb-column one column_divider \"><hr class=\"no_line\" \/><\/div><\/div><\/div><\/div><\/div><div class=\"section mcb-section \"><div class=\"section_wrapper mcb-section-inner\"><div class=\"wrap mcb-wrap one-second valign-top clearfix\"><div class=\"mcb-wrap-inner\"><div class=\"column mcb-column one column_column column-margin-\"><div class=\"column_attr clearfix\"><p class=\"big\">Cada detector de centelleo (SSD por sus siglas en ingl\u00e9s para &#8220;Detector de Centelleo en superficie&#8221;) mide unos 4 m<sup>2<\/sup>\u00a0y estar\u00e1 montado sobre cada uno de los 1660 detectores de superficie del Observatorio.<\/p><p class=\"big\">El objetivo es extender la medici\u00f3n de las lluvias c\u00f3smicas empleando un sistema de detecci\u00f3n alternativo, con distinta sensibilidad a los distintos tipos de part\u00edculas (electrones, positrones, fotones, muones). Esto permitir\u00e1 determinar la cantidad relativa de las distintas part\u00edculas en cada lluvia c\u00f3smica. Con estos datos se podr\u00e1 inferir la naturaleza del rayo c\u00f3smico primario que dio origen a la lluvia, es decir, saber si se trata de un n\u00facleo at\u00f3mico liviano (un prot\u00f3n) o un n\u00facleo m\u00e1s pesado (como por ejemplo un n\u00facleo de un \u00e1tomo de hierro).<\/p><p>De esta manera, el Observatorio Auger espera mejorar la calidad y precisi\u00f3n de sus datos, para continuar recopilando y procesando informaci\u00f3n sobre el cosmos. Despu\u00e9s de muchos a\u00f1os de preparaci\u00f3n, este es un verdadero hito para el Observatorio!<\/p><\/div><\/div><div class=\"column mcb-column one column_divider \"><hr class=\"no_line\" \/><\/div><\/div><\/div><div class=\"wrap mcb-wrap one-second valign-top clearfix\"><div class=\"mcb-wrap-inner\"><div class=\"column mcb-column one column_image \"><div class=\"image_frame image_item no_link scale-with-grid aligncenter no_border\"><div class=\"image_wrapper\">\u00a0<\/div><\/div><\/div><\/div><\/div><\/div><\/div>\t\t\t\t\t\t\t\t<\/div>\n\t\t\t\t<\/div>\n\t\t\t\t\t<\/div>\n\t\t<\/div>\n\t\t\t\t\t<\/div>\n\t\t<\/section>\n\t\t\t\t<section class=\"elementor-section elementor-top-section elementor-element elementor-element-a839dd3 elementor-section-boxed elementor-section-height-default elementor-section-height-default\" data-id=\"a839dd3\" data-element_type=\"section\" data-e-type=\"section\">\n\t\t\t\t\t\t<div class=\"elementor-container elementor-column-gap-default\">\n\t\t\t\t\t<div class=\"elementor-column elementor-col-100 elementor-top-column elementor-element elementor-element-da456c7\" data-id=\"da456c7\" data-element_type=\"column\" data-e-type=\"column\">\n\t\t\t<div class=\"elementor-widget-wrap elementor-element-populated\">\n\t\t\t\t\t\t<section class=\"elementor-section elementor-inner-section elementor-element elementor-element-9fc3c47 elementor-section-boxed elementor-section-height-default elementor-section-height-default\" data-id=\"9fc3c47\" data-element_type=\"section\" data-e-type=\"section\">\n\t\t\t\t\t\t<div class=\"elementor-container elementor-column-gap-default\">\n\t\t\t\t\t<div class=\"elementor-column elementor-col-50 elementor-inner-column elementor-element elementor-element-84c3c40\" data-id=\"84c3c40\" data-element_type=\"column\" data-e-type=\"column\">\n\t\t\t<div class=\"elementor-widget-wrap elementor-element-populated\">\n\t\t\t\t\t\t<div class=\"elementor-element elementor-element-9749b9c elementor-widget elementor-widget-image\" data-id=\"9749b9c\" data-element_type=\"widget\" data-e-type=\"widget\" data-widget_type=\"image.default\">\n\t\t\t\t<div class=\"elementor-widget-container\">\n\t\t\t\t\t\t\t\t\t\t\t\t\t\t\t<img fetchpriority=\"high\" decoding=\"async\" width=\"800\" height=\"600\" src=\"https:\/\/visitantes.auger.org.ar\/wp-content\/uploads\/2018\/05\/IMG-20170830-WA0158-1024x768.jpg\" class=\"attachment-large size-large wp-image-2928\" alt=\"\" srcset=\"https:\/\/visitantes.auger.org.ar\/wp-content\/uploads\/2018\/05\/IMG-20170830-WA0158-1024x768.jpg 1024w, https:\/\/visitantes.auger.org.ar\/wp-content\/uploads\/2018\/05\/IMG-20170830-WA0158-300x225.jpg 300w, https:\/\/visitantes.auger.org.ar\/wp-content\/uploads\/2018\/05\/IMG-20170830-WA0158-768x576.jpg 768w, https:\/\/visitantes.auger.org.ar\/wp-content\/uploads\/2018\/05\/IMG-20170830-WA0158-195x146.jpg 195w, https:\/\/visitantes.auger.org.ar\/wp-content\/uploads\/2018\/05\/IMG-20170830-WA0158-50x38.jpg 50w, https:\/\/visitantes.auger.org.ar\/wp-content\/uploads\/2018\/05\/IMG-20170830-WA0158-100x75.jpg 100w, https:\/\/visitantes.auger.org.ar\/wp-content\/uploads\/2018\/05\/IMG-20170830-WA0158.jpg 1040w\" sizes=\"(max-width: 800px) 100vw, 800px\" \/>\t\t\t\t\t\t\t\t\t\t\t\t\t\t\t<\/div>\n\t\t\t\t<\/div>\n\t\t\t\t\t<\/div>\n\t\t<\/div>\n\t\t\t\t<div class=\"elementor-column elementor-col-50 elementor-inner-column elementor-element elementor-element-696d43f\" data-id=\"696d43f\" data-element_type=\"column\" data-e-type=\"column\">\n\t\t\t<div class=\"elementor-widget-wrap elementor-element-populated\">\n\t\t\t\t\t\t<div class=\"elementor-element elementor-element-131f4ac elementor-widget elementor-widget-image\" data-id=\"131f4ac\" data-element_type=\"widget\" data-e-type=\"widget\" data-widget_type=\"image.default\">\n\t\t\t\t<div class=\"elementor-widget-container\">\n\t\t\t\t\t\t\t\t\t\t\t\t\t\t\t<img decoding=\"async\" width=\"800\" height=\"600\" src=\"https:\/\/visitantes.auger.org.ar\/wp-content\/uploads\/2018\/05\/IMG-20170830-WA0159-1024x768.jpg\" class=\"attachment-large size-large wp-image-2929\" alt=\"\" srcset=\"https:\/\/visitantes.auger.org.ar\/wp-content\/uploads\/2018\/05\/IMG-20170830-WA0159-1024x768.jpg 1024w, https:\/\/visitantes.auger.org.ar\/wp-content\/uploads\/2018\/05\/IMG-20170830-WA0159-300x225.jpg 300w, https:\/\/visitantes.auger.org.ar\/wp-content\/uploads\/2018\/05\/IMG-20170830-WA0159-768x576.jpg 768w, https:\/\/visitantes.auger.org.ar\/wp-content\/uploads\/2018\/05\/IMG-20170830-WA0159-195x146.jpg 195w, https:\/\/visitantes.auger.org.ar\/wp-content\/uploads\/2018\/05\/IMG-20170830-WA0159-50x38.jpg 50w, https:\/\/visitantes.auger.org.ar\/wp-content\/uploads\/2018\/05\/IMG-20170830-WA0159-100x75.jpg 100w, https:\/\/visitantes.auger.org.ar\/wp-content\/uploads\/2018\/05\/IMG-20170830-WA0159.jpg 1040w\" sizes=\"(max-width: 800px) 100vw, 800px\" \/>\t\t\t\t\t\t\t\t\t\t\t\t\t\t\t<\/div>\n\t\t\t\t<\/div>\n\t\t\t\t\t<\/div>\n\t\t<\/div>\n\t\t\t\t\t<\/div>\n\t\t<\/section>\n\t\t\t\t\t<\/div>\n\t\t<\/div>\n\t\t\t\t\t<\/div>\n\t\t<\/section>\n\t\t\t\t<\/div>\n\t\t","protected":false},"excerpt":{"rendered":"<p>SSD \u2013 Scintillator Surface Detector \u00a0 Este Proyecto Prev\u00e9 La Instalaci\u00f3n De Nuevos Detectores De Part\u00edculas, Que Se Colocar\u00e1n Sobre Los Ya Existentes Detectores De Superficie. De Esta Manera Se Espera Mejorar El Rendimiento Del Observatorio Pierre Auger. Los nuevos detectores est\u00e1n basados en centelladores pl\u00e1sticos. \u00c9stos emiten una tenue luz cuando son atravesados por [&hellip;]<\/p>\n","protected":false},"author":6,"featured_media":0,"parent":0,"menu_order":0,"comment_status":"closed","ping_status":"closed","template":"","meta":{"footnotes":""},"class_list":["post-5080","page","type-page","status-publish","hentry"],"jetpack_sharing_enabled":true,"rttpg_featured_image_url":null,"rttpg_author":{"display_name":"Beatriz Garcia","author_link":"https:\/\/visitantes.auger.org.ar\/index.php\/author\/beatriz\/"},"rttpg_comment":0,"rttpg_category":null,"rttpg_excerpt":"SSD \u2013 Scintillator Surface Detector \u00a0 Este Proyecto Prev\u00e9 La Instalaci\u00f3n De Nuevos Detectores De Part\u00edculas, Que Se Colocar\u00e1n Sobre Los Ya Existentes Detectores De Superficie. De Esta Manera Se Espera Mejorar El Rendimiento Del Observatorio Pierre Auger. Los nuevos detectores est\u00e1n basados en centelladores pl\u00e1sticos. \u00c9stos emiten una tenue luz cuando son atravesados por&hellip;","_links":{"self":[{"href":"https:\/\/visitantes.auger.org.ar\/index.php\/wp-json\/wp\/v2\/pages\/5080","targetHints":{"allow":["GET"]}}],"collection":[{"href":"https:\/\/visitantes.auger.org.ar\/index.php\/wp-json\/wp\/v2\/pages"}],"about":[{"href":"https:\/\/visitantes.auger.org.ar\/index.php\/wp-json\/wp\/v2\/types\/page"}],"author":[{"embeddable":true,"href":"https:\/\/visitantes.auger.org.ar\/index.php\/wp-json\/wp\/v2\/users\/6"}],"replies":[{"embeddable":true,"href":"https:\/\/visitantes.auger.org.ar\/index.php\/wp-json\/wp\/v2\/comments?post=5080"}],"version-history":[{"count":16,"href":"https:\/\/visitantes.auger.org.ar\/index.php\/wp-json\/wp\/v2\/pages\/5080\/revisions"}],"predecessor-version":[{"id":7598,"href":"https:\/\/visitantes.auger.org.ar\/index.php\/wp-json\/wp\/v2\/pages\/5080\/revisions\/7598"}],"wp:attachment":[{"href":"https:\/\/visitantes.auger.org.ar\/index.php\/wp-json\/wp\/v2\/media?parent=5080"}],"curies":[{"name":"wp","href":"https:\/\/api.w.org\/{rel}","templated":true}]}}