{"id":5161,"date":"2023-07-18T12:10:52","date_gmt":"2023-07-18T12:10:52","guid":{"rendered":"https:\/\/visitantes.auger.org.ar\/?page_id=5161"},"modified":"2024-11-20T12:42:54","modified_gmt":"2024-11-20T15:42:54","slug":"radio-deteccion","status":"publish","type":"page","link":"https:\/\/visitantes.auger.org.ar\/index.php\/radio-deteccion\/","title":{"rendered":"RADIO-DETECCI\u00d3N"},"content":{"rendered":"\t\t<div data-elementor-type=\"wp-page\" data-elementor-id=\"5161\" class=\"elementor elementor-5161\">\n\t\t\t\t\t\t<section class=\"elementor-section elementor-top-section elementor-element elementor-element-5c073918 elementor-section-full_width elementor-section-height-min-height elementor-section-height-default elementor-section-items-middle\" data-id=\"5c073918\" data-element_type=\"section\" data-e-type=\"section\" data-settings=\"{&quot;background_background&quot;:&quot;classic&quot;}\">\n\t\t\t\t\t\t\t<div class=\"elementor-background-overlay\"><\/div>\n\t\t\t\t\t\t\t<div class=\"elementor-container elementor-column-gap-default\">\n\t\t\t\t\t<div class=\"elementor-column elementor-col-100 elementor-top-column elementor-element elementor-element-693afd92\" data-id=\"693afd92\" data-element_type=\"column\" data-e-type=\"column\">\n\t\t\t<div class=\"elementor-widget-wrap elementor-element-populated\">\n\t\t\t\t\t\t<div class=\"elementor-element elementor-element-5ac777fc elementor-widget elementor-widget-heading\" data-id=\"5ac777fc\" data-element_type=\"widget\" data-e-type=\"widget\" data-widget_type=\"heading.default\">\n\t\t\t\t<div class=\"elementor-widget-container\">\n\t\t\t\t\t<h2 class=\"elementor-heading-title elementor-size-default\">RADIO-DETECCI\u00d3N\n<\/h2>\t\t\t\t<\/div>\n\t\t\t\t<\/div>\n\t\t\t\t\t<\/div>\n\t\t<\/div>\n\t\t\t\t\t<\/div>\n\t\t<\/section>\n\t\t\t\t<section class=\"elementor-section elementor-top-section elementor-element elementor-element-0c840d9 elementor-section-boxed elementor-section-height-default elementor-section-height-default\" data-id=\"0c840d9\" data-element_type=\"section\" data-e-type=\"section\">\n\t\t\t\t\t\t<div class=\"elementor-container elementor-column-gap-default\">\n\t\t\t\t\t<div class=\"elementor-column elementor-col-100 elementor-top-column elementor-element elementor-element-c1d5f77\" data-id=\"c1d5f77\" data-element_type=\"column\" data-e-type=\"column\">\n\t\t\t<div class=\"elementor-widget-wrap elementor-element-populated\">\n\t\t\t\t\t\t<div class=\"elementor-element elementor-element-df7bc8b elementor-widget elementor-widget-text-editor\" data-id=\"df7bc8b\" data-element_type=\"widget\" data-e-type=\"widget\" data-widget_type=\"text-editor.default\">\n\t\t\t\t<div class=\"elementor-widget-container\">\n\t\t\t\t\t\t\t\t\t<div class=\"section mcb-section \"><div class=\"section_wrapper mcb-section-inner\"><div class=\"wrap mcb-wrap one-second valign-top clearfix\"><div class=\"mcb-wrap-inner\"><div class=\"column mcb-column one column_image \"><div class=\"image_frame image_item no_link scale-with-grid aligncenter no_border\"><div class=\"image_wrapper\"><img fetchpriority=\"high\" decoding=\"async\" class=\"scale-with-grid\" src=\"https:\/\/visitantes.auger.org.ar\/wp-content\/uploads\/2021\/07\/WhatsApp-Image-2021-07-14-at-20.30.13.jpeg\" alt=\"radio-detection\" width=\"780\" height=\"1040\" \/><\/div><\/div><\/div><\/div><\/div><div class=\"wrap mcb-wrap one-second valign-top clearfix\"><div class=\"mcb-wrap-inner\"><div class=\"column mcb-column one column_column column-margin-\"><div class=\"column_attr clearfix\"><p class=\"big\">En las cascadas atmosf\u00e9ricas producidas por rayos c\u00f3smicos de ultra-alta energ\u00eda tambi\u00e9n se producen tenues y breves se\u00f1ales de radio (ondas electromagn\u00e9ticas en el rango de frecuencias de decenas de MHz), que se pueden detectar con un arreglo de antenas convencionales. El proyecto de detecci\u00f3n de ondas de radio consiste en la instalaci\u00f3n y operaci\u00f3n de un arreglo de unas 1600 antenas de radio, que ser\u00e1n colocadas sobre cada uno de los tanques de los detectores de superficie del Observatorio Pierre Auger. Este arreglo de antenas de radio permitir\u00e1 medir la intensidad, los tiempos, la polarizaci\u00f3n y la distribuci\u00f3n espacial de las se\u00f1ales de radio producidas por las cascadas atmosf\u00e9ricas. De esta manera se podr\u00e1 obtener informaci\u00f3n sobre la direcci\u00f3n de procedencia de los rayos c\u00f3smicos primarios, su energ\u00eda, su composici\u00f3n y los mecanismos de emisi\u00f3n de ondas electromagn\u00e9ticas en las cascadas atmosf\u00e9ricas.<\/p><p>Las antenas, junto con la electr\u00f3nica para el procesamiento de sus se\u00f1ales, estar\u00e1n activas las 24 horas del d\u00eda, al igual que los detectores de superficie del observatorio Pierre Auger.<\/p><p>Si bien esta t\u00e9cnica de detecci\u00f3n de rayos c\u00f3smicos ya ha sido propuesta hace m\u00e1s de 50 a\u00f1os, s\u00f3lo pudo ponerse en pr\u00e1ctica recientemente, debido a las dificultades t\u00e9cnicas que conlleva. Un primer prototipo, denominado AERA, utilizando 124 antenas de radio, ha sido operado en el Observatorio Pierre Auger desde hace algunos a\u00f1os. Las antenas de AERA utilizan digitalizadores de \u00faltima generaci\u00f3n, los cuales han sido capaces de registrar los primeros eventos en coincidencia con los detectores de superficie del Observatorio Auger. Los resultados obtenidos con estos prototipos demuestran la viabilidad del proyecto de radio detecci\u00f3n que se est\u00e1 instalando.<\/p><\/div><\/div><div class=\"column mcb-column one column_divider \"><hr class=\"no_line\" \/><\/div><\/div><\/div><\/div><\/div><div class=\"section mcb-section \"><div class=\"section_wrapper mcb-section-inner\"><div class=\"wrap mcb-wrap one valign-top clearfix\"><div class=\"mcb-wrap-inner\"><div class=\"column mcb-column one column_content \"><div class=\"the_content\"><div class=\"the_content_wrapper\"><div id=\"gallery-2\" class=\"gallery galleryid-103 gallery-columns-6 gallery-size-thumbnail file\"><dl class=\"gallery-item\"><dt class=\"gallery-icon landscape\"><div class=\"image_frame scale-with-grid\"><div class=\"image_wrapper\"><div class=\"mask\">\u00a0<\/div><p><a class=\"fancybox image\" href=\"https:\/\/visitantes.auger.org.ar\/wp-content\/uploads\/2018\/05\/IMGP2395.jpg\" rel=\"gallery\" aria-controls=\"fancybox-wrap\" aria-haspopup=\"dialog\"><img decoding=\"async\" class=\"attachment-thumbnail size-thumbnail alignleft\" src=\"https:\/\/visitantes.auger.org.ar\/wp-content\/uploads\/2018\/05\/IMGP2395-250x250.jpg\" sizes=\"(max-width: 250px) 100vw, 250px\" srcset=\"https:\/\/visitantes.auger.org.ar\/wp-content\/uploads\/2018\/05\/IMGP2395-250x250.jpg 250w, https:\/\/visitantes.auger.org.ar\/wp-content\/uploads\/2018\/05\/IMGP2395-85x85.jpg 85w, https:\/\/visitantes.auger.org.ar\/wp-content\/uploads\/2018\/05\/IMGP2395-80x80.jpg 80w\" alt=\"\" width=\"250\" height=\"250\" \/><\/a><\/p><\/div><\/div><\/dt><\/dl><dl class=\"gallery-item\"><dt class=\"gallery-icon landscape\"><div class=\"image_frame scale-with-grid\"><div class=\"image_wrapper\"><div class=\"mask\">\u00a0<\/div><p><a class=\"fancybox image\" href=\"https:\/\/visitantes.auger.org.ar\/wp-content\/uploads\/2018\/05\/IMGP2396.jpg\" rel=\"gallery\" aria-controls=\"fancybox-wrap\" aria-haspopup=\"dialog\"><img decoding=\"async\" class=\"attachment-thumbnail alignleft\" src=\"https:\/\/visitantes.auger.org.ar\/wp-content\/uploads\/2018\/05\/IMGP2396-250x250.jpg\" sizes=\"(max-width: 250px) 100vw, 250px\" srcset=\"https:\/\/visitantes.auger.org.ar\/wp-content\/uploads\/2018\/05\/IMGP2396-250x250.jpg 250w, https:\/\/visitantes.auger.org.ar\/wp-content\/uploads\/2018\/05\/IMGP2396-85x85.jpg 85w, https:\/\/visitantes.auger.org.ar\/wp-content\/uploads\/2018\/05\/IMGP2396-80x80.jpg 80w\" alt=\"\" width=\"250\" height=\"250\" \/><\/a><\/p><\/div><\/div><\/dt><\/dl><dl class=\"gallery-item\"><dt class=\"gallery-icon landscape\"><div class=\"image_frame scale-with-grid\"><div class=\"image_wrapper\"><div class=\"mask\">\u00a0<\/div><p><a class=\"fancybox image\" href=\"https:\/\/visitantes.auger.org.ar\/wp-content\/uploads\/2018\/05\/IMGP2411.jpg\" rel=\"gallery\" aria-controls=\"fancybox-wrap\" aria-haspopup=\"dialog\"><img loading=\"lazy\" decoding=\"async\" class=\"attachment-thumbnail size-thumbnail\" src=\"https:\/\/visitantes.auger.org.ar\/wp-content\/uploads\/2018\/05\/IMGP2411-250x250.jpg\" sizes=\"(max-width: 250px) 100vw, 250px\" srcset=\"https:\/\/visitantes.auger.org.ar\/wp-content\/uploads\/2018\/05\/IMGP2411-250x250.jpg 250w, https:\/\/visitantes.auger.org.ar\/wp-content\/uploads\/2018\/05\/IMGP2411-85x85.jpg 85w, https:\/\/visitantes.auger.org.ar\/wp-content\/uploads\/2018\/05\/IMGP2411-80x80.jpg 80w\" alt=\"\" width=\"250\" height=\"250\" \/><\/a><\/p><\/div><\/div><\/dt><\/dl><dl class=\"gallery-item\"><dt class=\"gallery-icon landscape\"><div class=\"image_frame scale-with-grid\"><div class=\"image_wrapper\"><div class=\"mask\">\u00a0<\/div><p><a class=\"fancybox image\" href=\"https:\/\/visitantes.auger.org.ar\/wp-content\/uploads\/2018\/05\/ProstAERA.jpg\" rel=\"gallery\" aria-controls=\"fancybox-wrap\" aria-haspopup=\"dialog\"><img loading=\"lazy\" decoding=\"async\" class=\"attachment-thumbnail size-thumbnail alignleft\" src=\"https:\/\/visitantes.auger.org.ar\/wp-content\/uploads\/2018\/05\/ProstAERA-250x250.jpg\" sizes=\"(max-width: 250px) 100vw, 250px\" srcset=\"https:\/\/visitantes.auger.org.ar\/wp-content\/uploads\/2018\/05\/ProstAERA-250x250.jpg 250w, https:\/\/visitantes.auger.org.ar\/wp-content\/uploads\/2018\/05\/ProstAERA-85x85.jpg 85w, https:\/\/visitantes.auger.org.ar\/wp-content\/uploads\/2018\/05\/ProstAERA-80x80.jpg 80w\" alt=\"\" width=\"250\" height=\"250\" \/><\/a><\/p><\/div><\/div><\/dt><\/dl><dl class=\"gallery-item\"><dt class=\"gallery-icon landscape\"><div class=\"image_frame scale-with-grid\"><div class=\"image_wrapper\"><div class=\"mask\">\u00a0<\/div><p><a class=\"fancybox image\" href=\"https:\/\/visitantes.auger.org.ar\/wp-content\/uploads\/2018\/05\/WhatsApp-Image-2017-08-30-at-15.40.39-1.jpg\" rel=\"gallery\" aria-controls=\"fancybox-wrap\" aria-haspopup=\"dialog\"><img loading=\"lazy\" decoding=\"async\" class=\"attachment-thumbnail alignleft\" src=\"https:\/\/visitantes.auger.org.ar\/wp-content\/uploads\/2018\/05\/WhatsApp-Image-2017-08-30-at-15.40.39-1-250x250.jpg\" sizes=\"(max-width: 250px) 100vw, 250px\" srcset=\"https:\/\/visitantes.auger.org.ar\/wp-content\/uploads\/2018\/05\/WhatsApp-Image-2017-08-30-at-15.40.39-1-250x250.jpg 250w, https:\/\/visitantes.auger.org.ar\/wp-content\/uploads\/2018\/05\/WhatsApp-Image-2017-08-30-at-15.40.39-1-85x85.jpg 85w, https:\/\/visitantes.auger.org.ar\/wp-content\/uploads\/2018\/05\/WhatsApp-Image-2017-08-30-at-15.40.39-1-80x80.jpg 80w\" alt=\"\" width=\"250\" height=\"250\" \/><\/a><\/p><\/div><\/div><\/dt><\/dl><dl class=\"gallery-item\"><dt class=\"gallery-icon landscape\"><div class=\"image_frame scale-with-grid\"><div class=\"image_wrapper\"><div class=\"mask\">\u00a0<\/div><p><a class=\"fancybox image\" href=\"https:\/\/visitantes.auger.org.ar\/wp-content\/uploads\/2018\/05\/014.jpg\" rel=\"gallery\" aria-controls=\"fancybox-wrap\" aria-haspopup=\"dialog\"><img loading=\"lazy\" decoding=\"async\" class=\"attachment-thumbnail size-thumbnail alignleft\" src=\"https:\/\/visitantes.auger.org.ar\/wp-content\/uploads\/2018\/05\/014-250x250.jpg\" sizes=\"(max-width: 250px) 100vw, 250px\" srcset=\"https:\/\/visitantes.auger.org.ar\/wp-content\/uploads\/2018\/05\/014-250x250.jpg 250w, https:\/\/visitantes.auger.org.ar\/wp-content\/uploads\/2018\/05\/014-85x85.jpg 85w, https:\/\/visitantes.auger.org.ar\/wp-content\/uploads\/2018\/05\/014-80x80.jpg 80w\" alt=\"\" width=\"250\" height=\"250\" \/><\/a><\/p><\/div><\/div><\/dt><\/dl><dl class=\"gallery-item\"><dt class=\"gallery-icon landscape\"><div class=\"image_frame scale-with-grid\"><div class=\"image_wrapper\"><div class=\"mask\">\u00a0<\/div><p><a class=\"fancybox image\" href=\"https:\/\/visitantes.auger.org.ar\/wp-content\/uploads\/2018\/05\/DSCN6735.jpg\" rel=\"gallery\" aria-controls=\"fancybox-wrap\" aria-haspopup=\"dialog\"><img loading=\"lazy\" decoding=\"async\" class=\"attachment-thumbnail size-thumbnail\" src=\"https:\/\/visitantes.auger.org.ar\/wp-content\/uploads\/2018\/05\/DSCN6735-250x250.jpg\" sizes=\"(max-width: 250px) 100vw, 250px\" srcset=\"https:\/\/visitantes.auger.org.ar\/wp-content\/uploads\/2018\/05\/DSCN6735-250x250.jpg 250w, https:\/\/visitantes.auger.org.ar\/wp-content\/uploads\/2018\/05\/DSCN6735-85x85.jpg 85w, https:\/\/visitantes.auger.org.ar\/wp-content\/uploads\/2018\/05\/DSCN6735-80x80.jpg 80w\" alt=\"\" width=\"250\" height=\"250\" \/><\/a><\/p><\/div><\/div><\/dt><\/dl><dl class=\"gallery-item\"><dt class=\"gallery-icon landscape\"><div class=\"image_frame scale-with-grid\"><div class=\"image_wrapper\"><div class=\"mask\">\u00a0<\/div><p><a class=\"fancybox image\" href=\"https:\/\/visitantes.auger.org.ar\/wp-content\/uploads\/2018\/05\/DSCN6737.jpg\" rel=\"gallery\" aria-controls=\"fancybox-wrap\" aria-haspopup=\"dialog\"><img loading=\"lazy\" decoding=\"async\" class=\"attachment-thumbnail size-thumbnail alignleft\" src=\"https:\/\/visitantes.auger.org.ar\/wp-content\/uploads\/2018\/05\/DSCN6737-250x250.jpg\" sizes=\"(max-width: 250px) 100vw, 250px\" srcset=\"https:\/\/visitantes.auger.org.ar\/wp-content\/uploads\/2018\/05\/DSCN6737-250x250.jpg 250w, https:\/\/visitantes.auger.org.ar\/wp-content\/uploads\/2018\/05\/DSCN6737-85x85.jpg 85w, https:\/\/visitantes.auger.org.ar\/wp-content\/uploads\/2018\/05\/DSCN6737-80x80.jpg 80w\" alt=\"\" width=\"250\" height=\"250\" \/><\/a><\/p><\/div><\/div><\/dt><\/dl><dl class=\"gallery-item\"><dt class=\"gallery-icon landscape\"><div class=\"image_frame scale-with-grid\"><div class=\"image_wrapper\"><div class=\"mask\">\u00a0<\/div><p><a class=\"fancybox image\" href=\"https:\/\/visitantes.auger.org.ar\/wp-content\/uploads\/2018\/05\/DSCN6943.jpg\" rel=\"gallery\" aria-controls=\"fancybox-wrap\" aria-haspopup=\"dialog\"><img loading=\"lazy\" decoding=\"async\" class=\"attachment-thumbnail size-thumbnail alignleft\" src=\"https:\/\/visitantes.auger.org.ar\/wp-content\/uploads\/2018\/05\/DSCN6943-250x250.jpg\" sizes=\"(max-width: 250px) 100vw, 250px\" srcset=\"https:\/\/visitantes.auger.org.ar\/wp-content\/uploads\/2018\/05\/DSCN6943-250x250.jpg 250w, https:\/\/visitantes.auger.org.ar\/wp-content\/uploads\/2018\/05\/DSCN6943-85x85.jpg 85w, https:\/\/visitantes.auger.org.ar\/wp-content\/uploads\/2018\/05\/DSCN6943-80x80.jpg 80w\" alt=\"\" width=\"250\" height=\"250\" \/><\/a><\/p><\/div><\/div><\/dt><\/dl><dl class=\"gallery-item\"><dt class=\"gallery-icon landscape\"><div class=\"image_frame scale-with-grid\"><div class=\"image_wrapper\"><div class=\"mask\">\u00a0<\/div><p><a class=\"fancybox image\" href=\"https:\/\/visitantes.auger.org.ar\/wp-content\/uploads\/2018\/05\/DSCN6944.jpg\" rel=\"gallery\" aria-controls=\"fancybox-wrap\" aria-haspopup=\"dialog\"><img loading=\"lazy\" decoding=\"async\" class=\"attachment-thumbnail size-thumbnail alignleft\" src=\"https:\/\/visitantes.auger.org.ar\/wp-content\/uploads\/2018\/05\/DSCN6944-250x250.jpg\" sizes=\"(max-width: 250px) 100vw, 250px\" srcset=\"https:\/\/visitantes.auger.org.ar\/wp-content\/uploads\/2018\/05\/DSCN6944-250x250.jpg 250w, https:\/\/visitantes.auger.org.ar\/wp-content\/uploads\/2018\/05\/DSCN6944-85x85.jpg 85w, https:\/\/visitantes.auger.org.ar\/wp-content\/uploads\/2018\/05\/DSCN6944-80x80.jpg 80w\" alt=\"\" width=\"250\" height=\"250\" \/><\/a><\/p><\/div><\/div><\/dt><\/dl><dl class=\"gallery-item\"><dt class=\"gallery-icon landscape\"><div class=\"image_frame scale-with-grid\"><div class=\"image_wrapper\"><div class=\"mask\">\u00a0<\/div><p><a class=\"fancybox image\" href=\"https:\/\/visitantes.auger.org.ar\/wp-content\/uploads\/2018\/05\/IMG_20170125_144806093_Trabajo_Antenas_AERA1_pajaros0.jpg\" rel=\"gallery\" aria-controls=\"fancybox-wrap\" aria-haspopup=\"dialog\"><img loading=\"lazy\" decoding=\"async\" class=\"attachment-thumbnail size-thumbnail\" src=\"https:\/\/visitantes.auger.org.ar\/wp-content\/uploads\/2018\/05\/IMG_20170125_144806093_Trabajo_Antenas_AERA1_pajaros0-250x250.jpg\" sizes=\"(max-width: 250px) 100vw, 250px\" srcset=\"https:\/\/visitantes.auger.org.ar\/wp-content\/uploads\/2018\/05\/IMG_20170125_144806093_Trabajo_Antenas_AERA1_pajaros0-250x250.jpg 250w, https:\/\/visitantes.auger.org.ar\/wp-content\/uploads\/2018\/05\/IMG_20170125_144806093_Trabajo_Antenas_AERA1_pajaros0-85x85.jpg 85w, https:\/\/visitantes.auger.org.ar\/wp-content\/uploads\/2018\/05\/IMG_20170125_144806093_Trabajo_Antenas_AERA1_pajaros0-80x80.jpg 80w\" alt=\"\" width=\"250\" height=\"250\" \/><\/a><\/p><\/div><\/div><\/dt><\/dl><dl class=\"gallery-item\"><dt class=\"gallery-icon landscape\"><div class=\"image_frame scale-with-grid\"><div class=\"image_wrapper\"><div class=\"mask\">\u00a0<\/div><p><a class=\"fancybox image\" href=\"https:\/\/visitantes.auger.org.ar\/wp-content\/uploads\/2018\/05\/IMG_20170630_124349_AERA_Detector_Mariposa.jpg\" rel=\"gallery\" aria-controls=\"fancybox-wrap\" aria-haspopup=\"dialog\"><img loading=\"lazy\" decoding=\"async\" class=\"attachment-thumbnail size-thumbnail alignleft\" src=\"https:\/\/visitantes.auger.org.ar\/wp-content\/uploads\/2018\/05\/IMG_20170630_124349_AERA_Detector_Mariposa-250x250.jpg\" sizes=\"(max-width: 250px) 100vw, 250px\" srcset=\"https:\/\/visitantes.auger.org.ar\/wp-content\/uploads\/2018\/05\/IMG_20170630_124349_AERA_Detector_Mariposa-250x250.jpg 250w, https:\/\/visitantes.auger.org.ar\/wp-content\/uploads\/2018\/05\/IMG_20170630_124349_AERA_Detector_Mariposa-85x85.jpg 85w, https:\/\/visitantes.auger.org.ar\/wp-content\/uploads\/2018\/05\/IMG_20170630_124349_AERA_Detector_Mariposa-80x80.jpg 80w\" alt=\"\" width=\"250\" height=\"250\" \/><\/a><\/p><\/div><\/div><\/dt><\/dl><\/div><\/div><\/div><\/div><\/div><\/div><\/div><\/div><p>.<\/p>\t\t\t\t\t\t\t\t<\/div>\n\t\t\t\t<\/div>\n\t\t\t\t\t<\/div>\n\t\t<\/div>\n\t\t\t\t\t<\/div>\n\t\t<\/section>\n\t\t\t\t<\/div>\n\t\t","protected":false},"excerpt":{"rendered":"<p>RADIO-DETECCI\u00d3N En las cascadas atmosf\u00e9ricas producidas por rayos c\u00f3smicos de ultra-alta energ\u00eda tambi\u00e9n se producen tenues y breves se\u00f1ales de radio (ondas electromagn\u00e9ticas en el rango de frecuencias de decenas de MHz), que se pueden detectar con un arreglo de antenas convencionales. El proyecto de detecci\u00f3n de ondas de radio consiste en la instalaci\u00f3n y [&hellip;]<\/p>\n","protected":false},"author":6,"featured_media":0,"parent":0,"menu_order":0,"comment_status":"closed","ping_status":"closed","template":"","meta":{"footnotes":""},"class_list":["post-5161","page","type-page","status-publish","hentry"],"jetpack_sharing_enabled":true,"rttpg_featured_image_url":null,"rttpg_author":{"display_name":"Beatriz Garcia","author_link":"https:\/\/visitantes.auger.org.ar\/index.php\/author\/beatriz\/"},"rttpg_comment":0,"rttpg_category":null,"rttpg_excerpt":"RADIO-DETECCI\u00d3N En las cascadas atmosf\u00e9ricas producidas por rayos c\u00f3smicos de ultra-alta energ\u00eda tambi\u00e9n se producen tenues y breves se\u00f1ales de radio (ondas electromagn\u00e9ticas en el rango de frecuencias de decenas de MHz), que se pueden detectar con un arreglo de antenas convencionales. El proyecto de detecci\u00f3n de ondas de radio consiste en la instalaci\u00f3n y&hellip;","_links":{"self":[{"href":"https:\/\/visitantes.auger.org.ar\/index.php\/wp-json\/wp\/v2\/pages\/5161","targetHints":{"allow":["GET"]}}],"collection":[{"href":"https:\/\/visitantes.auger.org.ar\/index.php\/wp-json\/wp\/v2\/pages"}],"about":[{"href":"https:\/\/visitantes.auger.org.ar\/index.php\/wp-json\/wp\/v2\/types\/page"}],"author":[{"embeddable":true,"href":"https:\/\/visitantes.auger.org.ar\/index.php\/wp-json\/wp\/v2\/users\/6"}],"replies":[{"embeddable":true,"href":"https:\/\/visitantes.auger.org.ar\/index.php\/wp-json\/wp\/v2\/comments?post=5161"}],"version-history":[{"count":10,"href":"https:\/\/visitantes.auger.org.ar\/index.php\/wp-json\/wp\/v2\/pages\/5161\/revisions"}],"predecessor-version":[{"id":8600,"href":"https:\/\/visitantes.auger.org.ar\/index.php\/wp-json\/wp\/v2\/pages\/5161\/revisions\/8600"}],"wp:attachment":[{"href":"https:\/\/visitantes.auger.org.ar\/index.php\/wp-json\/wp\/v2\/media?parent=5161"}],"curies":[{"name":"wp","href":"https:\/\/api.w.org\/{rel}","templated":true}]}}