{"id":5209,"date":"2023-07-18T12:51:56","date_gmt":"2023-07-18T12:51:56","guid":{"rendered":"https:\/\/visitantes.auger.org.ar\/?page_id=5209"},"modified":"2024-07-17T09:24:08","modified_gmt":"2024-07-17T12:24:08","slug":"descubrimientos-cientificos-destacados","status":"publish","type":"page","link":"https:\/\/visitantes.auger.org.ar\/index.php\/descubrimientos-cientificos-destacados\/","title":{"rendered":"Descubrimientos Cient\u00edficos Destacados"},"content":{"rendered":"\t\t<div data-elementor-type=\"wp-page\" data-elementor-id=\"5209\" class=\"elementor elementor-5209\">\n\t\t\t\t\t\t<section class=\"elementor-section elementor-top-section elementor-element elementor-element-6bf03f00 elementor-section-full_width elementor-section-height-min-height elementor-section-height-default elementor-section-items-middle\" data-id=\"6bf03f00\" data-element_type=\"section\" data-e-type=\"section\" data-settings=\"{&quot;background_background&quot;:&quot;classic&quot;}\">\n\t\t\t\t\t\t\t<div class=\"elementor-background-overlay\"><\/div>\n\t\t\t\t\t\t\t<div class=\"elementor-container elementor-column-gap-default\">\n\t\t\t\t\t<div class=\"elementor-column elementor-col-100 elementor-top-column elementor-element elementor-element-27dfa5c7\" data-id=\"27dfa5c7\" data-element_type=\"column\" data-e-type=\"column\">\n\t\t\t<div class=\"elementor-widget-wrap elementor-element-populated\">\n\t\t\t\t\t\t<div class=\"elementor-element elementor-element-33a6d1bb elementor-widget elementor-widget-heading\" data-id=\"33a6d1bb\" data-element_type=\"widget\" data-e-type=\"widget\" data-widget_type=\"heading.default\">\n\t\t\t\t<div class=\"elementor-widget-container\">\n\t\t\t\t\t<h2 class=\"elementor-heading-title elementor-size-default\">Descubrimientos Cient\u00edficos Destacados\n<\/h2>\t\t\t\t<\/div>\n\t\t\t\t<\/div>\n\t\t\t\t\t<\/div>\n\t\t<\/div>\n\t\t\t\t\t<\/div>\n\t\t<\/section>\n\t\t\t\t<section class=\"elementor-section elementor-top-section elementor-element elementor-element-7af5b11 elementor-section-boxed elementor-section-height-default elementor-section-height-default\" data-id=\"7af5b11\" data-element_type=\"section\" data-e-type=\"section\">\n\t\t\t\t\t\t<div class=\"elementor-container elementor-column-gap-default\">\n\t\t\t\t\t<div class=\"elementor-column elementor-col-100 elementor-top-column elementor-element elementor-element-b415f82\" data-id=\"b415f82\" data-element_type=\"column\" data-e-type=\"column\">\n\t\t\t<div class=\"elementor-widget-wrap elementor-element-populated\">\n\t\t\t\t\t\t<div class=\"elementor-element elementor-element-ab6747e elementor-widget elementor-widget-text-editor\" data-id=\"ab6747e\" data-element_type=\"widget\" data-e-type=\"widget\" data-widget_type=\"text-editor.default\">\n\t\t\t\t<div class=\"elementor-widget-container\">\n\t\t\t\t\t\t\t\t\t<div id=\"Content\"><div class=\"content_wrapper clearfix\"><div class=\"sections_group\"><div class=\"entry-content\"><div class=\"section mcb-section \"><div class=\"section_wrapper mcb-section-inner\"><div class=\"wrap mcb-wrap three-fourth valign-top clearfix\"><div class=\"mcb-wrap-inner\"><div class=\"column mcb-column one column_column column-margin-\"><div class=\"column_attr clearfix\"><h6><strong>Primera Medici\u00f3n De Las Fluctuaciones En El Contenido De Muones De Lluvias De Aire A Ultra Alta Energ\u00eda<\/strong><\/h6><p>En una publicaci\u00f3n reciente, la Colaboraci\u00f3n Pierre Auger present\u00f3 la primera medici\u00f3n de las fluctuaciones en el n\u00famero de muones en lluvias de aire a energ\u00edas ultra altas. Esta observaci\u00f3n proporciona nuevos conocimientos sobre el origen del d\u00e9ficit de muones en las simulaciones de lluvia de aire que se encontr\u00f3 en la medici\u00f3n anterior del contenido promedio de muones de las lluvias de aire de energ\u00eda ultra alta.<\/p><\/div><\/div><div class=\"column mcb-column two-third column_photo_box \"><div class=\"photo_box without-desc\"><div class=\"animate fadeInLeft\" data-anim-type=\"fadeInLeft\"><div class=\"image_frame\"><div class=\"image_wrapper\"><div class=\"mask\">\u00a0<\/div><p><a href=\"https:\/\/visitantes.auger.org.ar\/wp-content\/uploads\/2022\/12\/2021-05_muon-fluctutations3.png\"><img decoding=\"async\" class=\"scale-with-grid\" src=\"https:\/\/visitantes.auger.org.ar\/wp-content\/uploads\/2022\/12\/2021-05_muon-fluctutations3.png\" alt=\"2021-05_muon-fluctutations3\" width=\"233\" height=\"172\" \/><\/a><\/p><\/div><\/div><\/div><\/div><\/div><div class=\"column mcb-column one column_column column-margin-\"><div class=\"column_attr clearfix\"><p><strong><a href=\"https:\/\/auger.org\/news\/scientific-highlights\/273-first-measurement-of-the-fluctuations-in-the-muon-content-of-air-showers-at-ultra-high-energy\">M\u00e1s informaci\u00f3n AQU\u00cd<\/a><\/strong><br \/><strong><a href=\"https:\/\/arxiv.org\/abs\/2102.07797\">Leer el paper AQU\u00cd<\/a><\/strong><\/p><p><strong><a href=\"https:\/\/auger.org\/science\/publications\/scientific-highlights\"><i>Todos los descubrimientos del Observatorio Auger AQU\u00cd<\/i><\/a><\/strong><\/p><\/div><\/div><\/div><\/div><\/div><\/div><div class=\"section the_content no_content\">\u00a0<\/div><div class=\"section section-page-footer\"><div class=\"section_wrapper clearfix\"><div class=\"column one page-pager\">\u00a0<\/div><\/div><\/div><\/div><\/div><\/div><\/div><div class=\"elementor elementor-4146 elementor-location-footer\" data-elementor-type=\"footer\" data-elementor-id=\"4146\"><section class=\"elementor-section elementor-top-section elementor-element elementor-element-f6e0299 elementor-section-boxed elementor-section-height-default elementor-section-height-default\" data-id=\"f6e0299\" data-element_type=\"section\"><div class=\"elementor-container elementor-column-gap-default\"><div class=\"elementor-column elementor-col-100 elementor-top-column elementor-element elementor-element-b77ab23\" data-id=\"b77ab23\" data-element_type=\"column\">\u00a0<\/div><\/div><\/section><\/div>\t\t\t\t\t\t\t\t<\/div>\n\t\t\t\t<\/div>\n\t\t\t\t\t<\/div>\n\t\t<\/div>\n\t\t\t\t\t<\/div>\n\t\t<\/section>\n\t\t\t\t<\/div>\n\t\t","protected":false},"excerpt":{"rendered":"<p>Descubrimientos Cient\u00edficos Destacados Primera Medici\u00f3n De Las Fluctuaciones En El Contenido De Muones De Lluvias De Aire A Ultra Alta Energ\u00eda En una publicaci\u00f3n reciente, la Colaboraci\u00f3n Pierre Auger present\u00f3 la primera medici\u00f3n de las fluctuaciones en el n\u00famero de muones en lluvias de aire a energ\u00edas ultra altas. Esta observaci\u00f3n proporciona nuevos conocimientos sobre [&hellip;]<\/p>\n","protected":false},"author":6,"featured_media":0,"parent":0,"menu_order":0,"comment_status":"closed","ping_status":"closed","template":"","meta":{"footnotes":""},"class_list":["post-5209","page","type-page","status-publish","hentry"],"jetpack_sharing_enabled":true,"rttpg_featured_image_url":null,"rttpg_author":{"display_name":"Beatriz Garcia","author_link":"https:\/\/visitantes.auger.org.ar\/index.php\/author\/beatriz\/"},"rttpg_comment":0,"rttpg_category":null,"rttpg_excerpt":"Descubrimientos Cient\u00edficos Destacados Primera Medici\u00f3n De Las Fluctuaciones En El Contenido De Muones De Lluvias De Aire A Ultra Alta Energ\u00eda En una publicaci\u00f3n reciente, la Colaboraci\u00f3n Pierre Auger present\u00f3 la primera medici\u00f3n de las fluctuaciones en el n\u00famero de muones en lluvias de aire a energ\u00edas ultra altas. Esta observaci\u00f3n proporciona nuevos conocimientos sobre&hellip;","_links":{"self":[{"href":"https:\/\/visitantes.auger.org.ar\/index.php\/wp-json\/wp\/v2\/pages\/5209","targetHints":{"allow":["GET"]}}],"collection":[{"href":"https:\/\/visitantes.auger.org.ar\/index.php\/wp-json\/wp\/v2\/pages"}],"about":[{"href":"https:\/\/visitantes.auger.org.ar\/index.php\/wp-json\/wp\/v2\/types\/page"}],"author":[{"embeddable":true,"href":"https:\/\/visitantes.auger.org.ar\/index.php\/wp-json\/wp\/v2\/users\/6"}],"replies":[{"embeddable":true,"href":"https:\/\/visitantes.auger.org.ar\/index.php\/wp-json\/wp\/v2\/comments?post=5209"}],"version-history":[{"count":13,"href":"https:\/\/visitantes.auger.org.ar\/index.php\/wp-json\/wp\/v2\/pages\/5209\/revisions"}],"predecessor-version":[{"id":7718,"href":"https:\/\/visitantes.auger.org.ar\/index.php\/wp-json\/wp\/v2\/pages\/5209\/revisions\/7718"}],"wp:attachment":[{"href":"https:\/\/visitantes.auger.org.ar\/index.php\/wp-json\/wp\/v2\/media?parent=5209"}],"curies":[{"name":"wp","href":"https:\/\/api.w.org\/{rel}","templated":true}]}}