{"id":5963,"date":"2023-11-11T19:47:02","date_gmt":"2023-11-11T19:47:02","guid":{"rendered":"https:\/\/visitantes.auger.org.ar\/?page_id=5963"},"modified":"2024-07-17T09:14:23","modified_gmt":"2024-07-17T12:14:23","slug":"amiga-umd","status":"publish","type":"page","link":"https:\/\/visitantes.auger.org.ar\/index.php\/amiga-umd\/","title":{"rendered":"AMIGA &#8211; UMD + Infill"},"content":{"rendered":"\t\t<div data-elementor-type=\"wp-page\" data-elementor-id=\"5963\" class=\"elementor elementor-5963\">\n\t\t\t\t\t\t<section class=\"elementor-section elementor-top-section elementor-element elementor-element-53ecbb7d elementor-section-full_width elementor-section-height-min-height elementor-section-height-default elementor-section-items-middle\" data-id=\"53ecbb7d\" data-element_type=\"section\" data-e-type=\"section\" data-settings=\"{&quot;background_background&quot;:&quot;classic&quot;}\">\n\t\t\t\t\t\t\t<div class=\"elementor-background-overlay\"><\/div>\n\t\t\t\t\t\t\t<div class=\"elementor-container elementor-column-gap-default\">\n\t\t\t\t\t<div class=\"elementor-column elementor-col-100 elementor-top-column elementor-element elementor-element-bcf1d51\" data-id=\"bcf1d51\" data-element_type=\"column\" data-e-type=\"column\">\n\t\t\t<div class=\"elementor-widget-wrap elementor-element-populated\">\n\t\t\t\t\t\t<div class=\"elementor-element elementor-element-155711e4 elementor-widget elementor-widget-heading\" data-id=\"155711e4\" data-element_type=\"widget\" data-e-type=\"widget\" data-widget_type=\"heading.default\">\n\t\t\t\t<div class=\"elementor-widget-container\">\n\t\t\t\t\t<h2 class=\"elementor-heading-title elementor-size-default\">AMIGA \u2013 UMD + Infill\n<\/h2>\t\t\t\t<\/div>\n\t\t\t\t<\/div>\n\t\t\t\t\t<\/div>\n\t\t<\/div>\n\t\t\t\t\t<\/div>\n\t\t<\/section>\n\t\t\t\t<section class=\"elementor-section elementor-top-section elementor-element elementor-element-2fb06ffe elementor-section-boxed elementor-section-height-default elementor-section-height-default\" data-id=\"2fb06ffe\" data-element_type=\"section\" data-e-type=\"section\">\n\t\t\t\t\t\t<div class=\"elementor-container elementor-column-gap-default\">\n\t\t\t\t\t<div class=\"elementor-column elementor-col-100 elementor-top-column elementor-element elementor-element-2787ceaf\" data-id=\"2787ceaf\" data-element_type=\"column\" data-e-type=\"column\">\n\t\t\t<div class=\"elementor-widget-wrap elementor-element-populated\">\n\t\t\t\t\t\t<div class=\"elementor-element elementor-element-4ee5a4e2 elementor-widget elementor-widget-text-editor\" data-id=\"4ee5a4e2\" data-element_type=\"widget\" data-e-type=\"widget\" data-widget_type=\"text-editor.default\">\n\t\t\t\t<div class=\"elementor-widget-container\">\n\t\t\t\t\t\t\t\t\t\n<p>AMIGA (Auger Muon Infill for a Ground Array) es un a facilidad que incluye detectores de superficie en nuevos arreglos a 433 y 750 m de distancia entre s\u00ed (lo que se denomina \u201c<em>Infill\u201d) <\/em>y, adem\u00e1s, nuevos detectores de muones de material pl\u00e1stico centellador de 30 m<sup>2<\/sup>, los cuales se encuentran enterrados a 2,30 m de profundidad; este equipamiento permite discriminar a los muones, que son part\u00edculas altamente penetrantes. El <em>Infill<\/em> permite bajar en dos \u00f3rdenes de magnitud las energ\u00edas m\u00ednimas detectadas por el Observatorio Auger, llegando a 10<sup>16,5<\/sup> eV.<\/p>\n\n\n\n<p>Cada detector de muones de AMIGA consta de tres m\u00f3dulos de centelleo, cada uno con una superficie de 10 m<sup>2<\/sup>. Cada uno de ellos est\u00e1 compuesto por 64 barras de pl\u00e1stico centellador extruido con una secci\u00f3n transversal de 10 mm de alto, 41 mm de ancho y longitud de 4 m. Las barras tienen una capa exterior reflectante blanca de di\u00f3xido de titanio (TiO<sub>2<\/sub>) y una ranura central en su cara superior sin la capa de TiO<sub>2<\/sub>, en la que se instala una fibra \u00f3ptica con cambio en la longitud de onda. Esta nueva longitud de onda tiene un \u00e1ngulo de reflexi\u00f3n total que le impide a la luz salir de la fibra una vez dentro de ella y la luz es entonces transportada hasta un sensor \u00f3ptico de estado s\u00f3lido (\u201c<em>SiPM\u201d<\/em>) que se encuentra en uno de los extremos de las barras.<\/p>\n\n\n\n<p>Hasta noviembre de 2023, AMIGA complet\u00f3 la instalaci\u00f3n de los 73 detectores de superficie (12 a 433 m y 61 a 750 m) y ya instal\u00f3 42 detectores de muones.<\/p>\n\n\n\n<figure class=\"wp-block-image size-large\"><img fetchpriority=\"high\" decoding=\"async\" width=\"1024\" height=\"437\" src=\"https:\/\/visitantes.auger.org.ar\/wp-content\/uploads\/2023\/11\/amiga-1024x437.jpg\" alt=\"\" class=\"wp-image-5972\" srcset=\"https:\/\/visitantes.auger.org.ar\/wp-content\/uploads\/2023\/11\/amiga-1024x437.jpg 1024w, https:\/\/visitantes.auger.org.ar\/wp-content\/uploads\/2023\/11\/amiga-300x128.jpg 300w, https:\/\/visitantes.auger.org.ar\/wp-content\/uploads\/2023\/11\/amiga-768x328.jpg 768w, https:\/\/visitantes.auger.org.ar\/wp-content\/uploads\/2023\/11\/amiga.jpg 1110w\" sizes=\"(max-width: 1024px) 100vw, 1024px\" \/><\/figure>\n\t\t\t\t\t\t\t\t<\/div>\n\t\t\t\t<\/div>\n\t\t\t\t\t<\/div>\n\t\t<\/div>\n\t\t\t\t\t<\/div>\n\t\t<\/section>\n\t\t\t\t<\/div>\n\t\t","protected":false},"excerpt":{"rendered":"<p>AMIGA \u2013 UMD + Infill AMIGA (Auger Muon Infill for a Ground Array) es un a facilidad que incluye detectores de superficie en nuevos arreglos a 433 y 750 m de distancia entre s\u00ed (lo que se denomina \u201cInfill\u201d) y, adem\u00e1s, nuevos detectores de muones de material pl\u00e1stico centellador de 30 m2, los cuales se [&hellip;]<\/p>\n","protected":false},"author":6,"featured_media":0,"parent":0,"menu_order":0,"comment_status":"closed","ping_status":"closed","template":"","meta":{"footnotes":""},"class_list":["post-5963","page","type-page","status-publish","hentry"],"jetpack_sharing_enabled":true,"rttpg_featured_image_url":null,"rttpg_author":{"display_name":"Beatriz Garcia","author_link":"https:\/\/visitantes.auger.org.ar\/index.php\/author\/beatriz\/"},"rttpg_comment":0,"rttpg_category":null,"rttpg_excerpt":"AMIGA \u2013 UMD + Infill AMIGA (Auger Muon Infill for a Ground Array) es un a facilidad que incluye detectores de superficie en nuevos arreglos a 433 y 750 m de distancia entre s\u00ed (lo que se denomina \u201cInfill\u201d) y, adem\u00e1s, nuevos detectores de muones de material pl\u00e1stico centellador de 30 m2, los cuales se&hellip;","_links":{"self":[{"href":"https:\/\/visitantes.auger.org.ar\/index.php\/wp-json\/wp\/v2\/pages\/5963","targetHints":{"allow":["GET"]}}],"collection":[{"href":"https:\/\/visitantes.auger.org.ar\/index.php\/wp-json\/wp\/v2\/pages"}],"about":[{"href":"https:\/\/visitantes.auger.org.ar\/index.php\/wp-json\/wp\/v2\/types\/page"}],"author":[{"embeddable":true,"href":"https:\/\/visitantes.auger.org.ar\/index.php\/wp-json\/wp\/v2\/users\/6"}],"replies":[{"embeddable":true,"href":"https:\/\/visitantes.auger.org.ar\/index.php\/wp-json\/wp\/v2\/comments?post=5963"}],"version-history":[{"count":9,"href":"https:\/\/visitantes.auger.org.ar\/index.php\/wp-json\/wp\/v2\/pages\/5963\/revisions"}],"predecessor-version":[{"id":7610,"href":"https:\/\/visitantes.auger.org.ar\/index.php\/wp-json\/wp\/v2\/pages\/5963\/revisions\/7610"}],"wp:attachment":[{"href":"https:\/\/visitantes.auger.org.ar\/index.php\/wp-json\/wp\/v2\/media?parent=5963"}],"curies":[{"name":"wp","href":"https:\/\/api.w.org\/{rel}","templated":true}]}}