{"id":9871,"date":"2026-01-18T14:09:06","date_gmt":"2026-01-18T17:09:06","guid":{"rendered":"https:\/\/visitantes.auger.org.ar\/?page_id=9871"},"modified":"2026-02-16T21:10:52","modified_gmt":"2026-02-17T00:10:52","slug":"feria-de-ciencias-auger-2026","status":"publish","type":"page","link":"https:\/\/visitantes.auger.org.ar\/index.php\/feria-de-ciencias-auger-2026\/","title":{"rendered":"Feria de Ciencias Auger 2026"},"content":{"rendered":"\t\t<div data-elementor-type=\"wp-page\" data-elementor-id=\"9871\" class=\"elementor elementor-9871\">\n\t\t\t\t\t\t<section class=\"elementor-section elementor-top-section elementor-element elementor-element-666aa5e elementor-section-boxed elementor-section-height-default elementor-section-height-default\" data-id=\"666aa5e\" data-element_type=\"section\" data-e-type=\"section\">\n\t\t\t\t\t\t<div class=\"elementor-container elementor-column-gap-default\">\n\t\t\t\t\t<div class=\"elementor-column elementor-col-100 elementor-top-column elementor-element elementor-element-d4a532e\" data-id=\"d4a532e\" data-element_type=\"column\" data-e-type=\"column\">\n\t\t\t<div class=\"elementor-widget-wrap elementor-element-populated\">\n\t\t\t\t\t\t<div class=\"elementor-element elementor-element-12273c9 elementor-widget elementor-widget-heading\" data-id=\"12273c9\" data-element_type=\"widget\" data-e-type=\"widget\" data-widget_type=\"heading.default\">\n\t\t\t\t<div class=\"elementor-widget-container\">\n\t\t\t\t\t<h5 class=\"elementor-heading-title elementor-size-default\">\u201cUn cient\u00edfico en su laboratorio no es s\u00f3lo un t\u00e9cnico: tambi\u00e9n es un ni\u00f1o colocado ante fen\u00f3menos naturales que lo impresionan como un cuento de hadas\u201d Mar\u00eda Sklodowska-Curie<\/h5>\t\t\t\t<\/div>\n\t\t\t\t<\/div>\n\t\t\t\t<div class=\"elementor-element elementor-element-34076d4 elementor-widget elementor-widget-text-editor\" data-id=\"34076d4\" data-element_type=\"widget\" data-e-type=\"widget\" data-widget_type=\"text-editor.default\">\n\t\t\t\t<div class=\"elementor-widget-container\">\n\t\t\t\t\t\t\t\t\t<h4><span style=\"color: #008000;\"><strong>10a Feria de Ciencias de Observatorio Pierre Auger<\/strong><\/span><\/h4>\t\t\t\t\t\t\t\t<\/div>\n\t\t\t\t<\/div>\n\t\t\t\t\t<\/div>\n\t\t<\/div>\n\t\t\t\t\t<\/div>\n\t\t<\/section>\n\t\t\t\t<section class=\"elementor-section elementor-top-section elementor-element elementor-element-e7780dd elementor-section-boxed elementor-section-height-default elementor-section-height-default\" data-id=\"e7780dd\" data-element_type=\"section\" data-e-type=\"section\">\n\t\t\t\t\t\t<div class=\"elementor-container elementor-column-gap-default\">\n\t\t\t\t\t<div class=\"elementor-column elementor-col-100 elementor-top-column elementor-element elementor-element-e08abd7\" data-id=\"e08abd7\" data-element_type=\"column\" data-e-type=\"column\">\n\t\t\t<div class=\"elementor-widget-wrap elementor-element-populated\">\n\t\t\t\t\t\t<div class=\"elementor-element elementor-element-5d84092 elementor-widget elementor-widget-text-editor\" data-id=\"5d84092\" data-element_type=\"widget\" data-e-type=\"widget\" data-widget_type=\"text-editor.default\">\n\t\t\t\t<div class=\"elementor-widget-container\">\n\t\t\t\t\t\t\t\t\t<h6><strong>El Observatorio Pierre Auger abre la convocatoria a la edici\u00f3n 2026 de su Feria de Ciencias\u00a0<\/strong><\/h6>\n<p style=\"text-align: left;\"><em>Destinada a estudiantes de todo el pa\u00eds, la <\/em><em>Feria de Ciencias 2026 <\/em><em>del <\/em><a href=\"https:\/\/visitantes.auger.org.ar\/\"><em><span style=\"color: #0000ff;\">Observatorio Pierre Auger<\/span><\/em><\/a> <em>de rayos c\u00f3smicos de ultra elevada energ\u00eda, ubicado en Malarg\u00fce, Mendoza, se realizar\u00e1 en el mes de\u00a0 noviembre de 2026.<\/em><\/p>\n<p style=\"text-align: left;\">La Feria de Ciencias del Observatorio Pierre Auger tiene por fin brindar un espacio en el que los y las estudiantes puedan mostrar sus habilidades en investigaci\u00f3n y comprensi\u00f3n para lograr nuevos conocimientos mediante la ciencia. Para ello, no s\u00f3lo podr\u00e1n exponer sus trabajos desarrollados junto con sus compa\u00f1eros bajo la gu\u00eda de sus docentes, sino que tambi\u00e9n se los y las orientar\u00e1, alentando el intercambio entre expositores e investigadores del Observatorio Pierre Auger.\u00a0<\/p>\n<p style=\"text-align: left;\">La convocatoria para la presentaci\u00f3n de trabajos estar\u00e1 abierta desde el 1 de marzo hasta el <span style=\"text-decoration: underline;\"><strong>20 de septiembre de 2026.<\/strong><\/span><br \/>Los trabajos seleccionados se dar\u00e1n a conocer el <span style=\"text-decoration: underline;\"><strong>15 de octubre de 2026.<\/strong><\/span><\/p>\n<p style=\"text-align: left;\">Ser\u00e1 necesario completar la planilla de inscripci\u00f3n online antes de enviar su trabajo <span style=\"color: #0000ff;\"><a style=\"color: #0000ff;\" href=\"https:\/\/docs.google.com\/forms\/d\/e\/1FAIpQLScTaBOBUqvgz9ioF9qrtGT4HOig99qMhGhH9FvUFRWc0Xso1w\/viewform?usp=sharing&amp;ouid=111181475148683269321\">AQUI.<\/a><\/span><\/p>\n<p>\u00a0<\/p>\t\t\t\t\t\t\t\t<\/div>\n\t\t\t\t<\/div>\n\t\t\t\t<div class=\"elementor-element elementor-element-b64b3b7 elementor-widget elementor-widget-text-editor\" data-id=\"b64b3b7\" data-element_type=\"widget\" data-e-type=\"widget\" data-widget_type=\"text-editor.default\">\n\t\t\t\t<div class=\"elementor-widget-container\">\n\t\t\t\t\t\t\t\t\t<hr \/>\n<p>\u00a0 \u00a0\u00a0<\/p>\t\t\t\t\t\t\t\t<\/div>\n\t\t\t\t<\/div>\n\t\t\t\t\t<\/div>\n\t\t<\/div>\n\t\t\t\t\t<\/div>\n\t\t<\/section>\n\t\t\t\t<section class=\"elementor-section elementor-top-section elementor-element elementor-element-1992156 elementor-section-boxed elementor-section-height-default elementor-section-height-default\" data-id=\"1992156\" data-element_type=\"section\" data-e-type=\"section\">\n\t\t\t\t\t\t<div class=\"elementor-container elementor-column-gap-default\">\n\t\t\t\t\t<div class=\"elementor-column elementor-col-50 elementor-top-column elementor-element elementor-element-a6c2a0a\" data-id=\"a6c2a0a\" data-element_type=\"column\" data-e-type=\"column\">\n\t\t\t<div class=\"elementor-widget-wrap elementor-element-populated\">\n\t\t\t\t\t\t<div class=\"elementor-element elementor-element-73366ab elementor-widget elementor-widget-text-editor\" data-id=\"73366ab\" data-element_type=\"widget\" data-e-type=\"widget\" data-widget_type=\"text-editor.default\">\n\t\t\t\t<div class=\"elementor-widget-container\">\n\t\t\t\t\t\t\t\t\t<p>\u00a0<\/p><ul><li><h4><strong>Bases y Condiciones<\/strong> (<span style=\"color: #0000ff;\"><a style=\"color: #0000ff;\" href=\"https:\/\/visitantes.auger.org.ar\/wp-content\/uploads\/2026\/02\/10aFeria-Auger-BasesyCondiciones-2026.pdf\">Descargar<\/a><\/span>)<\/h4><\/li><\/ul><h4>\u00a0<\/h4><ul><li><h4><strong>Gacetilla de Prensa<\/strong> (<a href=\"https:\/\/visitantes.auger.org.ar\/wp-content\/uploads\/2026\/02\/Gacetilla-de-Prensa-10FC26.docx.pdf\"><span style=\"color: #0000ff;\">Descargar<\/span><\/a>)<\/h4><\/li><\/ul><h4>\u00a0<\/h4><ul><li><h4><strong>Formulario de Inscripci\u00f3n<\/strong> (<span style=\"color: #0000ff;\"><a style=\"color: #0000ff;\" href=\"https:\/\/docs.google.com\/forms\/d\/e\/1FAIpQLScTaBOBUqvgz9ioF9qrtGT4HOig99qMhGhH9FvUFRWc0Xso1w\/viewform?usp=sharing&amp;ouid=111181475148683269321\">Acceso<\/a><\/span>)<\/h4><\/li><\/ul><h4>\u00a0<\/h4><ul><li><h4><strong>Afiche de la Feria<\/strong> (<span style=\"color: #0000ff;\"><a style=\"color: #0000ff;\" href=\"https:\/\/visitantes.auger.org.ar\/wp-content\/uploads\/2026\/02\/AficheFeria-2026.jpg\">Descargar<\/a><\/span>)<\/h4><\/li><\/ul>\t\t\t\t\t\t\t\t<\/div>\n\t\t\t\t<\/div>\n\t\t\t\t\t<\/div>\n\t\t<\/div>\n\t\t\t\t<div class=\"elementor-column elementor-col-50 elementor-top-column elementor-element elementor-element-2f5a059\" data-id=\"2f5a059\" data-element_type=\"column\" data-e-type=\"column\">\n\t\t\t<div class=\"elementor-widget-wrap elementor-element-populated\">\n\t\t\t\t\t\t<div class=\"elementor-element elementor-element-ef1d779 elementor-widget elementor-widget-image\" data-id=\"ef1d779\" data-element_type=\"widget\" data-e-type=\"widget\" data-widget_type=\"image.default\">\n\t\t\t\t<div class=\"elementor-widget-container\">\n\t\t\t\t\t\t\t\t\t\t\t\t\t\t\t<img fetchpriority=\"high\" decoding=\"async\" width=\"768\" height=\"1054\" src=\"https:\/\/visitantes.auger.org.ar\/wp-content\/uploads\/2026\/02\/AficheFeria-2026-768x1054.jpg\" class=\"attachment-medium_large size-medium_large wp-image-9891\" alt=\"\" srcset=\"https:\/\/visitantes.auger.org.ar\/wp-content\/uploads\/2026\/02\/AficheFeria-2026-768x1054.jpg 768w, https:\/\/visitantes.auger.org.ar\/wp-content\/uploads\/2026\/02\/AficheFeria-2026-219x300.jpg 219w, https:\/\/visitantes.auger.org.ar\/wp-content\/uploads\/2026\/02\/AficheFeria-2026-746x1024.jpg 746w, https:\/\/visitantes.auger.org.ar\/wp-content\/uploads\/2026\/02\/AficheFeria-2026-1119x1536.jpg 1119w, https:\/\/visitantes.auger.org.ar\/wp-content\/uploads\/2026\/02\/AficheFeria-2026.jpg 1166w\" sizes=\"(max-width: 768px) 100vw, 768px\" \/>\t\t\t\t\t\t\t\t\t\t\t\t\t\t\t<\/div>\n\t\t\t\t<\/div>\n\t\t\t\t\t<\/div>\n\t\t<\/div>\n\t\t\t\t\t<\/div>\n\t\t<\/section>\n\t\t\t\t<section class=\"elementor-section elementor-top-section elementor-element elementor-element-5de4cd0 elementor-section-boxed elementor-section-height-default elementor-section-height-default\" data-id=\"5de4cd0\" data-element_type=\"section\" data-e-type=\"section\">\n\t\t\t\t\t\t<div class=\"elementor-container elementor-column-gap-default\">\n\t\t\t\t\t<div class=\"elementor-column elementor-col-100 elementor-top-column elementor-element elementor-element-3571a7d\" data-id=\"3571a7d\" data-element_type=\"column\" data-e-type=\"column\">\n\t\t\t<div class=\"elementor-widget-wrap\">\n\t\t\t\t\t\t\t<\/div>\n\t\t<\/div>\n\t\t\t\t\t<\/div>\n\t\t<\/section>\n\t\t\t\t<\/div>\n\t\t","protected":false},"excerpt":{"rendered":"<p>\u201cUn cient\u00edfico en su laboratorio no es s\u00f3lo un t\u00e9cnico: tambi\u00e9n es un ni\u00f1o colocado ante fen\u00f3menos naturales que lo impresionan como un cuento de hadas\u201d Mar\u00eda Sklodowska-Curie 10a Feria de Ciencias de Observatorio Pierre Auger El Observatorio Pierre Auger abre la convocatoria a la edici\u00f3n 2026 de su Feria de Ciencias\u00a0 Destinada a estudiantes [&hellip;]<\/p>\n","protected":false},"author":6,"featured_media":0,"parent":0,"menu_order":0,"comment_status":"closed","ping_status":"closed","template":"","meta":{"footnotes":""},"class_list":["post-9871","page","type-page","status-publish","hentry"],"jetpack_sharing_enabled":true,"rttpg_featured_image_url":null,"rttpg_author":{"display_name":"Beatriz Garcia","author_link":"https:\/\/visitantes.auger.org.ar\/index.php\/author\/beatriz\/"},"rttpg_comment":0,"rttpg_category":null,"rttpg_excerpt":"\u201cUn cient\u00edfico en su laboratorio no es s\u00f3lo un t\u00e9cnico: tambi\u00e9n es un ni\u00f1o colocado ante fen\u00f3menos naturales que lo impresionan como un cuento de hadas\u201d Mar\u00eda Sklodowska-Curie 10a Feria de Ciencias de Observatorio Pierre Auger El Observatorio Pierre Auger abre la convocatoria a la edici\u00f3n 2026 de su Feria de Ciencias\u00a0 Destinada a estudiantes&hellip;","_links":{"self":[{"href":"https:\/\/visitantes.auger.org.ar\/index.php\/wp-json\/wp\/v2\/pages\/9871","targetHints":{"allow":["GET"]}}],"collection":[{"href":"https:\/\/visitantes.auger.org.ar\/index.php\/wp-json\/wp\/v2\/pages"}],"about":[{"href":"https:\/\/visitantes.auger.org.ar\/index.php\/wp-json\/wp\/v2\/types\/page"}],"author":[{"embeddable":true,"href":"https:\/\/visitantes.auger.org.ar\/index.php\/wp-json\/wp\/v2\/users\/6"}],"replies":[{"embeddable":true,"href":"https:\/\/visitantes.auger.org.ar\/index.php\/wp-json\/wp\/v2\/comments?post=9871"}],"version-history":[{"count":14,"href":"https:\/\/visitantes.auger.org.ar\/index.php\/wp-json\/wp\/v2\/pages\/9871\/revisions"}],"predecessor-version":[{"id":9918,"href":"https:\/\/visitantes.auger.org.ar\/index.php\/wp-json\/wp\/v2\/pages\/9871\/revisions\/9918"}],"wp:attachment":[{"href":"https:\/\/visitantes.auger.org.ar\/index.php\/wp-json\/wp\/v2\/media?parent=9871"}],"curies":[{"name":"wp","href":"https:\/\/api.w.org\/{rel}","templated":true}]}}